{"id":133,"date":"2025-12-10T07:35:50","date_gmt":"2025-12-10T10:35:50","guid":{"rendered":"https:\/\/uenf.br\/cbb\/cooex\/?page_id=133"},"modified":"2026-01-09T11:26:04","modified_gmt":"2026-01-09T14:26:04","slug":"alfabetizacao-letramento-e-despertar-cientifico","status":"publish","type":"page","link":"https:\/\/uenf.br\/cbb\/cooex\/projetos\/alfabetizacao-letramento-e-despertar-cientifico\/","title":{"rendered":"Alfabetiza\u00e7\u00e3o, letramento e despertar cient\u00edfico"},"content":{"rendered":"<p>COORDENADORA: ANA ELIZA ZERAIK<\/p>\n<p>&nbsp;<\/p>\n<p style=\"margin: 0cm;text-align: justify;line-height: 150%\">Este projeto de extens\u00e3o envolve a\u00e7\u00f5es voltadas aos processos de alfabetiza\u00e7\u00e3o e letramento de crian\u00e7as e adolescentes de 6 a 14 anos residentes em comunidades socialmente vulner\u00e1veis de Campos dos Goytacazes-RJ (Parque Imperial, Donana e Goitacazes). O projeto, em parceria com a ONG Obra Social Santa Bernadette de Soubirous, consiste em aulas tr\u00eas vezes por semana, de portugu\u00eas, matem\u00e1tica e ci\u00eancias, para cerca de 40 alunos. As aulas s\u00e3o ministradas nas sedes da Par\u00f3quia Nossa Senhora de Lourdes em turmas de 4 a 8 alunos, divididas de acordo com o conhecimento de cada aluno, buscando desta forma atender as necessidades individuais de cada crian\u00e7a. Al\u00e9m disso, buscamos despertar o interesse dos alunos pela ci\u00eancia por meio de aulas pr\u00e1ticas simples, utilizando materiais do cotidiano para explorar conceitos de forma l\u00fadica. A proposta \u00e9 estimular a curiosidade cient\u00edfica e fortalecer o incentivo \u00e0 continuidade dos estudos, incluindo a aproxima\u00e7\u00e3o com o ensino superior. Al\u00e9m das atividades educativas, os alunos t\u00eam acesso a uma refei\u00e7\u00e3o ap\u00f3s as aulas e cerca de 30 fam\u00edlias recebem cestas b\u00e1sicas, condicionadas \u00e0 perman\u00eancia das crian\u00e7as no projeto. A equipe \u00e9 composta por bolsistas, alunos de gradua\u00e7\u00e3o e p\u00f3s-gradua\u00e7\u00e3o, professores da UENF e da comunidade. Com a continuidade do projeto, espera-se favorecer o desenvolvimento das habilidades de leitura, escrita, interpreta\u00e7\u00e3o e pensamento cient\u00edfico dos participantes, ao mesmo tempo em que se promove a inclus\u00e3o social e se ampliam suas perspectivas de futuro.<\/p>\n<div id=\"attachment_150\" style=\"width: 235px\" class=\"wp-caption alignnone\"><img loading=\"lazy\" decoding=\"async\" aria-describedby=\"caption-attachment-150\" class=\"size-medium wp-image-150\" src=\"http:\/\/uenf.br\/cbb\/cooex\/files\/2025\/12\/Imagem2-225x300.jpg\" alt=\"\" width=\"225\" height=\"300\" srcset=\"https:\/\/uenf.br\/cbb\/cooex\/files\/2025\/12\/Imagem2-225x300.jpg 225w, https:\/\/uenf.br\/cbb\/cooex\/files\/2025\/12\/Imagem2.jpg 268w\" sizes=\"auto, (max-width: 225px) 100vw, 225px\" \/><p id=\"caption-attachment-150\" class=\"wp-caption-text\">Crian\u00e7a sendo atendida no projeto.<\/p><\/div>\n","protected":false},"excerpt":{"rendered":"<p>COORDENADORA: ANA ELIZA ZERAIK &nbsp; Este projeto de extens\u00e3o envolve a\u00e7\u00f5es voltadas aos processos de alfabetiza\u00e7\u00e3o e letramento de crian\u00e7as&#8230;<\/p>\n","protected":false},"author":33,"featured_media":0,"parent":105,"menu_order":0,"comment_status":"closed","ping_status":"closed","template":"","meta":{"footnotes":""},"class_list":["post-133","page","type-page","status-publish","hentry"],"_links":{"self":[{"href":"https:\/\/uenf.br\/cbb\/cooex\/wp-json\/wp\/v2\/pages\/133","targetHints":{"allow":["GET"]}}],"collection":[{"href":"https:\/\/uenf.br\/cbb\/cooex\/wp-json\/wp\/v2\/pages"}],"about":[{"href":"https:\/\/uenf.br\/cbb\/cooex\/wp-json\/wp\/v2\/types\/page"}],"author":[{"embeddable":true,"href":"https:\/\/uenf.br\/cbb\/cooex\/wp-json\/wp\/v2\/users\/33"}],"replies":[{"embeddable":true,"href":"https:\/\/uenf.br\/cbb\/cooex\/wp-json\/wp\/v2\/comments?post=133"}],"version-history":[{"count":0,"href":"https:\/\/uenf.br\/cbb\/cooex\/wp-json\/wp\/v2\/pages\/133\/revisions"}],"up":[{"embeddable":true,"href":"https:\/\/uenf.br\/cbb\/cooex\/wp-json\/wp\/v2\/pages\/105"}],"wp:attachment":[{"href":"https:\/\/uenf.br\/cbb\/cooex\/wp-json\/wp\/v2\/media?parent=133"}],"curies":[{"name":"wp","href":"https:\/\/api.w.org\/{rel}","templated":true}]}}