{"id":29,"date":"2025-09-15T09:38:34","date_gmt":"2025-09-15T12:38:34","guid":{"rendered":"https:\/\/uenf.br\/cbb\/eletrofisiologia-bioeletrogenese\/?page_id=29"},"modified":"2025-09-17T17:33:24","modified_gmt":"2025-09-17T20:33:24","slug":"comite-gestor","status":"publish","type":"page","link":"https:\/\/uenf.br\/cbb\/eletrofisiologia-bioeletrogenese\/comite-gestor\/","title":{"rendered":"Comit\u00ea Gestor"},"content":{"rendered":"<p><strong>Membros do Comit\u00ea Gestor da Plataforma Multiusu\u00e1ria de Eletrofisiologia e Bioeletrog\u00eanese Experimental (PMEBE)<\/strong><\/p>\n<ul>\n<li><strong>Prof. Dr. Ant\u00f4nio Jesus Dorighetto Cogo<\/strong> (Coordenador) &#8211; Laborat\u00f3rio de Biologia Celular e Tecidual (LBCT), Centro de Bioci\u00eancias e Biotecnologia (CBB), UENF. Com experi\u00eancia no estudo de mecanismos moleculares, bioqu\u00edmicos e eletrofisiol\u00f3gicos que orquestram a morfog\u00eanese de c\u00e9lulas f\u00fangicas e vegetais.<\/li>\n<\/ul>\n<ul>\n<li><strong>Prof. Dr. Arnoldo Rocha Fa\u00e7anha<\/strong> (Membro interno) &#8211; Laborat\u00f3rio de Biologia Celular e Tecidual (LBCT), Centro de Bioci\u00eancias e Biotecnologia (CBB), UENF. Especialista em energ\u00e9tica e sinaliza\u00e7\u00e3o celular, por meio do estudo das bombas i\u00f4nicas como sistemas transdutores de energia nas intera\u00e7\u00f5es celulares e farmacol\u00f3gicas em sistemas vegetais, f\u00fangicos e animais.<\/li>\n<\/ul>\n<ul>\n<li><strong>Profa. Dra. Maria Teresa Portes<\/strong> (Membro externo) &#8211; Departamento de Bot\u00e2nica, Instituto de Bioci\u00eancias (IB), USP. Especialista em fisiologia e bioqu\u00edmica de plantas com vasta experi\u00eancia no uso de t\u00e9cnicas eletrofisiol\u00f3gicas durante a reprodu\u00e7\u00e3o e desenvolvimento vegetal.<\/li>\n<\/ul>\n","protected":false},"excerpt":{"rendered":"<p>Membros do Comit\u00ea Gestor da Plataforma Multiusu\u00e1ria de Eletrofisiologia e Bioeletrog\u00eanese Experimental (PMEBE) Prof. Dr. Ant\u00f4nio Jesus Dorighetto Cogo (Coordenador)&#8230;<\/p>\n","protected":false},"author":32,"featured_media":0,"parent":0,"menu_order":20,"comment_status":"closed","ping_status":"closed","template":"","meta":{"footnotes":""},"class_list":["post-29","page","type-page","status-publish","hentry"],"_links":{"self":[{"href":"https:\/\/uenf.br\/cbb\/eletrofisiologia-bioeletrogenese\/wp-json\/wp\/v2\/pages\/29","targetHints":{"allow":["GET"]}}],"collection":[{"href":"https:\/\/uenf.br\/cbb\/eletrofisiologia-bioeletrogenese\/wp-json\/wp\/v2\/pages"}],"about":[{"href":"https:\/\/uenf.br\/cbb\/eletrofisiologia-bioeletrogenese\/wp-json\/wp\/v2\/types\/page"}],"author":[{"embeddable":true,"href":"https:\/\/uenf.br\/cbb\/eletrofisiologia-bioeletrogenese\/wp-json\/wp\/v2\/users\/32"}],"replies":[{"embeddable":true,"href":"https:\/\/uenf.br\/cbb\/eletrofisiologia-bioeletrogenese\/wp-json\/wp\/v2\/comments?post=29"}],"version-history":[{"count":0,"href":"https:\/\/uenf.br\/cbb\/eletrofisiologia-bioeletrogenese\/wp-json\/wp\/v2\/pages\/29\/revisions"}],"wp:attachment":[{"href":"https:\/\/uenf.br\/cbb\/eletrofisiologia-bioeletrogenese\/wp-json\/wp\/v2\/media?parent=29"}],"curies":[{"name":"wp","href":"https:\/\/api.w.org\/{rel}","templated":true}]}}