{"id":122,"date":"2014-11-07T20:08:06","date_gmt":"2014-11-07T20:08:06","guid":{"rendered":"http:\/\/uenf.br\/cbb\/herbario\/?page_id=122"},"modified":"2025-09-12T13:48:27","modified_gmt":"2025-09-12T13:48:27","slug":"trabalhos-em-congressos","status":"publish","type":"page","link":"https:\/\/uenf.br\/cbb\/herbario\/publicacoes\/trabalhos-em-congressos\/","title":{"rendered":"Trabalhos em Congressos"},"content":{"rendered":"<p>1. T\u00edtulo do Banner: &#8220;COLE\u00c7\u00d5ES BOT\u00c2NICAS DA FLORA DA FLORESTA ESTACIONAL SEMIDECIDUAL DO NORTE\/NOROESTE FLUMINENSE ASSOCIADA AO HERB\u00c1RIO UENF&#8221;.<br \/>\nAutores (as): Daniela Maia da Rocha\u00b9*; Mariana Alves Faitanin\u00b9; Tatiane Pereira de Souza\u00b2; Maura da Cunha\u00b3; Marcelo Trindade Nascimento.<br \/>\nOrientador(a):\u00a0Dr. Marcelo Trindade Nascimento<br \/>\nApresentado: 66\u00ba Congresso Nacional de Bot\u00e2nica &#8211; Santos, SP.<\/p>\n<p><a href=\"https:\/\/uenf.br\/cbb\/herbario\/files\/2014\/11\/banner-CNBOT-2015-Dani-pdf.pdf\">Download<\/a><\/p>\n<p>2. T\u00edtulo do Banner: &#8220;RECUPERA\u00c7\u00c3O DA MATA CILIAR SOB INTERFER\u00caNCIA ANTR\u00d3PICA NO NORTE DO ESTADO DO RIO DE JANEIRO, BRASIL&#8221;.<br \/>\nAutores (as): Faitanin, M.A.\u00b9*; Nascimento, A.A.\u00b2; Souza, T.P.\u00b3 &amp; Nascimento, M.T.,<br \/>\nOrientador(a):\u00a0Dr. Marcelo Trindade Nascimento<br \/>\nApresentado: 66\u00ba Congresso Nacional de Bot\u00e2nica &#8211; Santos, SP.<\/p>\n<p><a href=\"https:\/\/uenf.br\/cbb\/herbario\/files\/2014\/11\/Banner-CNBOT-2015-MARIANA-RIO-RURAL.pdf\">Download<\/a><\/p>\n<p>&nbsp;<\/p>\n<p>3. T\u00edtulo do Banner: &#8220;HERB\u00c1RIO UENF ITINERANTE: UMA FORMA L\u00daDICA PARA ENSINAR BOT\u00c2NICA&#8221;.<\/p>\n<p>Autores(as): Belan, M.V.; Faitanin, M.A.; da Rocha, D.M.; da Rocha, Y.M.; da Silva, L.A. &amp; Nascimento, M.T.<\/p>\n<p>Orientador(a): Dr. Marcelo Trindade Nascimento<\/p>\n<p>Apresentado: 67\u00ba Congresso Nacional de Bot\u00e2nica &#8211; Vit\u00f3ria, ES.<\/p>\n<p><a href=\"https:\/\/uenf.br\/cbb\/herbario\/files\/2014\/09\/CNBOT-2016-E-P\u00d4STER-Maryana-Belan.pdf\">Download<\/a><\/p>\n<p>&nbsp;<\/p>\n<p>4. T\u00edtulo do Banner: &#8220;COLE\u00c7\u00d5ES BOT\u00c2NICAS REFERENTE AO M\u00d3DULO GUAXINDIBA\/RJ DO PPBIO\u00a0 NO HERB\u00c1RIO DO CENTRO DE BIOCI\u00caNCIAS E BIOTECNOLOGIA DA UENF&#8221;.<\/p>\n<p>Autores(as): dos Reis, B.N.; Faitanin, M.A. &amp; Nascimento, M.T.<\/p>\n<p>Orientador(a): Dr. Marcelo Trindade Nascimento<\/p>\n<p>Apresentado: 67\u00ba Congresso Nacional de Bot\u00e2nica &#8211; Vit\u00f3ria, ES.<\/p>\n<p><a href=\"https:\/\/uenf.br\/cbb\/herbario\/files\/2014\/09\/CNBOT-2016-E-P\u00d4STER-PPBIO.pdf\">Download<\/a><\/p>\n<p>&nbsp;<\/p>\n<p>5. T\u00edtulo do Banner: &#8220;INFORMATIZA\u00c7\u00c3O E DISPONIBILIZA\u00c7\u00c3O DOS DADOS DA COLE\u00c7\u00c3O DO HERB\u00c1RIO DO CENTRO DE BIOCI\u00caNCIAS E BIOTECNOLOGIA DA UNIVERSIDADE ESTADUAL DO NORTE FLUMINENSE&#8221;.<\/p>\n<p>Autores(as): dos Reis, B.N.; Faitanin, M.A.; da Rocha, D.M.; da Rocha, Y.M.; Viana, M.B. &amp; Nascimento, M.T.<\/p>\n<p>Orientador(a): Dr. Marcelo Trindade Nascimento<\/p>\n<p>Apresentado: 67\u00ba Congresso Nacional de Bot\u00e2nica &#8211; Vit\u00f3ria, ES.<\/p>\n<p><a href=\"https:\/\/uenf.br\/cbb\/herbario\/files\/2014\/09\/CNBOT-2016-E-P\u00d4STER-REFLORA.pdf\">Download<\/a><\/p>\n<p>&nbsp;<\/p>\n<p>6. T\u00edtulo do Banner: &#8220;VARIA\u00c7\u00c3O TEMPORAL DA COMPOSI\u00c7\u00c3O FLOR\u00cdSTICA E ESTRUTURAL EM FRAGMENTOS DE FLORESTA ESTACIONAL SEMIDECIDUAL DA MATA ATL\u00c2NTICA&#8221;.<\/p>\n<p>Autores(as): Broggio, I.S.; Faitanin, M.A.; Abreu, K.M.P.; Nascimento, M.T.; Villela, D.M.<\/p>\n<p>Orientador(a): Dra. Dora Maria Villela<\/p>\n<p>Apresentado: 68\u00ba Congresso Nacional de Bot\u00e2nica &#8211; Rio de Janeiro, RJ.<\/p>\n<p><a href=\"https:\/\/uenf.br\/cbb\/herbario\/files\/2017\/08\/IGOR_BROGGIO_23606.pdf\">Download<\/a><\/p>\n<p>&nbsp;<\/p>\n<p>7. T\u00edtulo do Banner: \u201cHERB\u00c1RIO UENF COMO FERRAMENTA PARA ENSINO DA BOT\u00c2NICA\u201d.<\/p>\n<p>Autores(as): Vieira, Y.M.R.; Reis, M.P.; Carvalho, W.S.G.; Viana, M.B.; Nascimento, M.T.<\/p>\n<p>Orientador(a): Dr. Marcelo Trindade Nascimento<\/p>\n<p>Apresentado: XIII Congresso Nacional de Ecologia \u2013 Vi\u00e7osa, MG.<\/p>\n<p><a href=\"https:\/\/uenf.br\/cbb\/herbario\/files\/2017\/10\/HERB\u00c1RIO-UENF-COMO-FERRAMENTA-PARA-ENSINO-DA-BOT\u00c2NICA-YASMIM-MAIA-DA-ROCHA-VIEIRA.pdf\">Download<\/a><\/p>\n<p>&nbsp;<\/p>\n<p>8- T\u00edtulo do Banner: &#8221; Efeito das mudan\u00e7as clim\u00e1ticas na Adequabilidade Ambiental de Esp\u00e9cies Arb\u00f3reas em Florestas Estacionais Semideciduais do Sudeste Brasileiro&#8221;.<\/p>\n<p>Autores: Jos\u00e9-Silva, Leandro. Nascimento, Marcelo.<\/p>\n<p>Apresentado: 75\u00ba Congresso Nacional de Bot\u00e2nica<\/p>\n<p><a href=\"https:\/\/uenf.br\/cbb\/herbario\/files\/2025\/09\/Resumo_Final_75_CNB_Silva-Nascimento_corrigido.pdf\">Resumo_Final_75_CNB_Silva &amp; Nascimento_corrigido\u00a0<\/a><\/p>\n<p><a href=\"https:\/\/uenf.br\/cbb\/herbario\/files\/2025\/09\/Banner_LEANDRO_cnbot.pdf\">Banner_LEANDRO_cnbot<\/a><\/p>\n<p>&nbsp;<\/p>\n<p>&nbsp;<\/p>\n","protected":false},"excerpt":{"rendered":"<p>1. T\u00edtulo do Banner: &#8220;COLE\u00c7\u00d5ES BOT\u00c2NICAS DA FLORA DA FLORESTA ESTACIONAL SEMIDECIDUAL DO NORTE\/NOROESTE FLUMINENSE ASSOCIADA AO HERB\u00c1RIO UENF&#8221;. Autores&#8230;<\/p>\n","protected":false},"author":14,"featured_media":0,"parent":18,"menu_order":3,"comment_status":"closed","ping_status":"open","template":"","meta":{"footnotes":""},"class_list":["post-122","page","type-page","status-publish","hentry"],"_links":{"self":[{"href":"https:\/\/uenf.br\/cbb\/herbario\/wp-json\/wp\/v2\/pages\/122","targetHints":{"allow":["GET"]}}],"collection":[{"href":"https:\/\/uenf.br\/cbb\/herbario\/wp-json\/wp\/v2\/pages"}],"about":[{"href":"https:\/\/uenf.br\/cbb\/herbario\/wp-json\/wp\/v2\/types\/page"}],"author":[{"embeddable":true,"href":"https:\/\/uenf.br\/cbb\/herbario\/wp-json\/wp\/v2\/users\/14"}],"replies":[{"embeddable":true,"href":"https:\/\/uenf.br\/cbb\/herbario\/wp-json\/wp\/v2\/comments?post=122"}],"version-history":[{"count":0,"href":"https:\/\/uenf.br\/cbb\/herbario\/wp-json\/wp\/v2\/pages\/122\/revisions"}],"up":[{"embeddable":true,"href":"https:\/\/uenf.br\/cbb\/herbario\/wp-json\/wp\/v2\/pages\/18"}],"wp:attachment":[{"href":"https:\/\/uenf.br\/cbb\/herbario\/wp-json\/wp\/v2\/media?parent=122"}],"curies":[{"name":"wp","href":"https:\/\/api.w.org\/{rel}","templated":true}]}}