{"id":15,"date":"2014-09-26T14:24:58","date_gmt":"2014-09-26T14:24:58","guid":{"rendered":"http:\/\/uenf.br\/cbb\/herbario\/?page_id=15"},"modified":"2015-11-13T17:03:56","modified_gmt":"2015-11-13T17:03:56","slug":"historico","status":"publish","type":"page","link":"https:\/\/uenf.br\/cbb\/herbario\/historico\/","title":{"rendered":"Hist\u00f3rico"},"content":{"rendered":"<p style=\"text-align: justify\">\u00a0 \u00a0Para a cria\u00e7\u00e3o do Herb\u00e1rio foram incorporadas as cole\u00e7\u00f5es bot\u00e2nicas do Laborat\u00f3rio de Ci\u00eancias Ambientais cerca de 1800 exemplares registrados. Esta cole\u00e7\u00e3o possui representantes de Faner\u00f3gamos e Cript\u00f3gamos de v\u00e1rias \u00e1reas do Norte Fluminense. Entre as cole\u00e7\u00f5es mais representativas est\u00e3o as de Silva &amp; Nascimento (Esta\u00e7\u00e3o Ecol\u00f3gica Estadual de Guaxindiba (EEEG), Mata do Carv\u00e3o), Moreno &amp; Nascimento (Imb\u00e9), Assump\u00e7\u00e3o &amp; Nascimento (Iquipari \/ RJ), Gaglianone et al. (Iquipari e Mata do Carv\u00e3o) e de Braga et al. (Bom Jesus, Mergulh\u00e3o e REBIO Uni\u00e3o\/RJ). Atualmente, os estudos continuam nestas \u00e1reas e outras foram incorporadas como as matas de baixada de Bom Jesus (Campos dos Goytacazes) e do Funil (S\u00e3o Francisco de Itabapoana). O herb\u00e1rio, tamb\u00e9m, recebe exsicatas de pesquisadores de outros Laborat\u00f3rios da UENF e mesmo de outras institui\u00e7\u00f5es nacionais.<\/p>\n<p style=\"text-align: justify\">\n<p style=\"text-align: justify\"><strong>OBJETIVOS<\/strong><\/p>\n<p style=\"text-align: justify\">Geral<\/p>\n<ul style=\"text-align: justify\">\n<li>Implementar e informatizar o acervo da cole\u00e7\u00e3o bot\u00e2nica do Herb\u00e1rio e Xiloteca da Universidade Estadual do Norte Fluminense, al\u00e9m de proporcionar aos alunos e profissionais das diferentes \u00e1reas da ci\u00eancia uma cole\u00e7\u00e3o de refer\u00eancia para a flora Norte Fluminense, bem como fomentar os estudos ligados \u00e0 taxonomia, \u00e0 anatomia e \u00e0 ecologia vegetal.<\/li>\n<\/ul>\n<p style=\"text-align: justify\">Espec\u00edfico:<\/p>\n<ul>\n<li style=\"text-align: justify\">Promover ,em curto prazo, o avan\u00e7o no levantamento e conhecimento da flora Norte Fluminense;<\/li>\n<li style=\"text-align: justify\">Promover o avan\u00e7o no levantamento e conhecimento sobre a flora da Floresta Atl\u00e2ntica do estado do Rio de Janeiro;<\/li>\n<li style=\"text-align: justify\">Aprimorar metodologias para estudos da anatomia de madeira;<\/li>\n<li style=\"text-align: justify\">Fomentar o aproveitamento racional de madeiras desta regi\u00e3o fitogeogr\u00e1fica;<\/li>\n<li style=\"text-align: justify\">Fomentar a forma\u00e7\u00e3o e o aprimoramento de recursos humanos na \u00e1rea da bot\u00e2nica.<\/li>\n<\/ul>\n","protected":false},"excerpt":{"rendered":"<p>\u00a0 \u00a0Para a cria\u00e7\u00e3o do Herb\u00e1rio foram incorporadas as cole\u00e7\u00f5es bot\u00e2nicas do Laborat\u00f3rio de Ci\u00eancias Ambientais cerca de 1800 exemplares&#8230;<\/p>\n","protected":false},"author":14,"featured_media":0,"parent":0,"menu_order":5,"comment_status":"closed","ping_status":"open","template":"","meta":{"footnotes":""},"class_list":["post-15","page","type-page","status-publish","hentry"],"_links":{"self":[{"href":"https:\/\/uenf.br\/cbb\/herbario\/wp-json\/wp\/v2\/pages\/15","targetHints":{"allow":["GET"]}}],"collection":[{"href":"https:\/\/uenf.br\/cbb\/herbario\/wp-json\/wp\/v2\/pages"}],"about":[{"href":"https:\/\/uenf.br\/cbb\/herbario\/wp-json\/wp\/v2\/types\/page"}],"author":[{"embeddable":true,"href":"https:\/\/uenf.br\/cbb\/herbario\/wp-json\/wp\/v2\/users\/14"}],"replies":[{"embeddable":true,"href":"https:\/\/uenf.br\/cbb\/herbario\/wp-json\/wp\/v2\/comments?post=15"}],"version-history":[{"count":0,"href":"https:\/\/uenf.br\/cbb\/herbario\/wp-json\/wp\/v2\/pages\/15\/revisions"}],"wp:attachment":[{"href":"https:\/\/uenf.br\/cbb\/herbario\/wp-json\/wp\/v2\/media?parent=15"}],"curies":[{"name":"wp","href":"https:\/\/api.w.org\/{rel}","templated":true}]}}