{"id":1787,"date":"2023-07-27T12:53:11","date_gmt":"2023-07-27T12:53:11","guid":{"rendered":"https:\/\/uenf.br\/cbb\/herbario\/?page_id=1787"},"modified":"2023-07-27T13:50:09","modified_gmt":"2023-07-27T13:50:09","slug":"equipe-do-huenf-participou-do-evento-iv-simrerj-na-puc-rio-de-11-a-14-de-julho-de-2023-nas-atividades-de-mini-curso-sig-como-ferramenta-para-restauracao-mini-curso-viveiros-para-constituicao","status":"publish","type":"page","link":"https:\/\/uenf.br\/cbb\/herbario\/informativo-uenf\/equipe-do-huenf-participou-do-evento-iv-simrerj-na-puc-rio-de-11-a-14-de-julho-de-2023-nas-atividades-de-mini-curso-sig-como-ferramenta-para-restauracao-mini-curso-viveiros-para-constituicao\/","title":{"rendered":"IV Simp\u00f3sio de Restaura\u00e7\u00e3o Ecol\u00f3gica do Estado do Rio de Janeiro."},"content":{"rendered":"<p>Equipe do HUENF\u00a0participou do evento IV SIMRERJ\u00a0na PUC-Rio de 11 a 14 de Julho de 2023 nas atividades de:<br \/>\nMini-Curso &#8211; SIG como ferramenta para restaura\u00e7\u00e3o .<br \/>\nMini-Curso &#8211; Viveiros para constitui\u00e7\u00e3o de florestas biologicamente vi\u00e1veis.<br \/>\nApresenta\u00e7\u00e3o de Trabalhos das Bolsistas de Inicia\u00e7\u00e3o Cient\u00edfica \u00a0Beatriz Salles , Doutorandas Bianca Nunes do Reis e Mariana Alves Faitanin.<\/p>\n<p><img loading=\"lazy\" decoding=\"async\" class=\"alignnone size-medium wp-image-1781\" src=\"https:\/\/uenf.br\/cbb\/herbario\/files\/2023\/07\/IMG-20230714-WA0020-413x550.jpg\" alt=\"\" width=\"413\" height=\"550\" srcset=\"https:\/\/uenf.br\/cbb\/herbario\/files\/2023\/07\/IMG-20230714-WA0020-413x550.jpg 413w, https:\/\/uenf.br\/cbb\/herbario\/files\/2023\/07\/IMG-20230714-WA0020-600x800.jpg 600w, https:\/\/uenf.br\/cbb\/herbario\/files\/2023\/07\/IMG-20230714-WA0020.jpg 960w\" sizes=\"auto, (max-width: 413px) 100vw, 413px\" \/><img loading=\"lazy\" decoding=\"async\" class=\"alignnone size-medium wp-image-1782\" src=\"https:\/\/uenf.br\/cbb\/herbario\/files\/2023\/07\/IMG-20230714-WA0022-413x550.jpg\" alt=\"\" width=\"413\" height=\"550\" srcset=\"https:\/\/uenf.br\/cbb\/herbario\/files\/2023\/07\/IMG-20230714-WA0022-413x550.jpg 413w, https:\/\/uenf.br\/cbb\/herbario\/files\/2023\/07\/IMG-20230714-WA0022-600x800.jpg 600w, https:\/\/uenf.br\/cbb\/herbario\/files\/2023\/07\/IMG-20230714-WA0022.jpg 768w\" sizes=\"auto, (max-width: 413px) 100vw, 413px\" \/><img loading=\"lazy\" decoding=\"async\" class=\"alignnone size-medium wp-image-1783\" src=\"https:\/\/uenf.br\/cbb\/herbario\/files\/2023\/07\/IMG-20230714-WA0030-413x550.jpg\" alt=\"\" width=\"413\" height=\"550\" srcset=\"https:\/\/uenf.br\/cbb\/herbario\/files\/2023\/07\/IMG-20230714-WA0030-413x550.jpg 413w, https:\/\/uenf.br\/cbb\/herbario\/files\/2023\/07\/IMG-20230714-WA0030-600x800.jpg 600w, https:\/\/uenf.br\/cbb\/herbario\/files\/2023\/07\/IMG-20230714-WA0030.jpg 768w\" sizes=\"auto, (max-width: 413px) 100vw, 413px\" \/><\/p>\n","protected":false},"excerpt":{"rendered":"<p>Equipe do HUENF\u00a0participou do evento IV SIMRERJ\u00a0na PUC-Rio de 11 a 14 de Julho de 2023 nas atividades de: Mini-Curso&#8230;<\/p>\n","protected":false},"author":14,"featured_media":0,"parent":24,"menu_order":4,"comment_status":"closed","ping_status":"closed","template":"","meta":{"footnotes":""},"class_list":["post-1787","page","type-page","status-publish","hentry"],"_links":{"self":[{"href":"https:\/\/uenf.br\/cbb\/herbario\/wp-json\/wp\/v2\/pages\/1787","targetHints":{"allow":["GET"]}}],"collection":[{"href":"https:\/\/uenf.br\/cbb\/herbario\/wp-json\/wp\/v2\/pages"}],"about":[{"href":"https:\/\/uenf.br\/cbb\/herbario\/wp-json\/wp\/v2\/types\/page"}],"author":[{"embeddable":true,"href":"https:\/\/uenf.br\/cbb\/herbario\/wp-json\/wp\/v2\/users\/14"}],"replies":[{"embeddable":true,"href":"https:\/\/uenf.br\/cbb\/herbario\/wp-json\/wp\/v2\/comments?post=1787"}],"version-history":[{"count":0,"href":"https:\/\/uenf.br\/cbb\/herbario\/wp-json\/wp\/v2\/pages\/1787\/revisions"}],"up":[{"embeddable":true,"href":"https:\/\/uenf.br\/cbb\/herbario\/wp-json\/wp\/v2\/pages\/24"}],"wp:attachment":[{"href":"https:\/\/uenf.br\/cbb\/herbario\/wp-json\/wp\/v2\/media?parent=1787"}],"curies":[{"name":"wp","href":"https:\/\/api.w.org\/{rel}","templated":true}]}}