{"id":2,"date":"2014-09-08T14:16:31","date_gmt":"2014-09-08T14:16:31","guid":{"rendered":"http:\/\/uenf.br\/cbb\/herbario\/?page_id=2"},"modified":"2025-09-08T14:27:07","modified_gmt":"2025-09-08T14:27:07","slug":"apresentacao","status":"publish","type":"page","link":"https:\/\/uenf.br\/cbb\/herbario\/","title":{"rendered":"Apresenta\u00e7\u00e3o"},"content":{"rendered":"<p><img loading=\"lazy\" decoding=\"async\" class=\"wp-image-1519 alignleft\" src=\"https:\/\/uenf.br\/cbb\/herbario\/files\/2021\/11\/20211110_091959-550x537.jpg\" alt=\"\" width=\"327\" height=\"319\" srcset=\"https:\/\/uenf.br\/cbb\/herbario\/files\/2021\/11\/20211110_091959-550x537.jpg 550w, https:\/\/uenf.br\/cbb\/herbario\/files\/2021\/11\/20211110_091959-800x781.jpg 800w, https:\/\/uenf.br\/cbb\/herbario\/files\/2021\/11\/20211110_091959-50x50.jpg 50w, https:\/\/uenf.br\/cbb\/herbario\/files\/2021\/11\/20211110_091959.jpg 1078w\" sizes=\"auto, (max-width: 327px) 100vw, 327px\" \/><\/p>\n<p>&nbsp;<\/p>\n<p>&nbsp;<\/p>\n<p>&nbsp;<\/p>\n<p>O Herb\u00e1rio do Centro de Bioci\u00eancias e Biotecnologia (HUENF) foi criado no dia 03\/06\/2005 pelo Conselho do <a title=\"Link para o site do CBB\" href=\"http:\/\/www.uenf.br\/cbb\" target=\"_blank\" rel=\"noopener noreferrer\" data-saferedirecturl=\"https:\/\/www.google.com\/url?q=http:\/\/www.uenf.br\/cbb&amp;source=gmail&amp;ust=1636559952447000&amp;usg=AOvVaw1CHKCD0PgzuF1NquV6-rvr\">Centro de Bioci\u00eancias e Biotecnologia<\/a> (CBB), ocupando uma sala nas depend\u00eancias do referido Centro. Esse Herb\u00e1rio \u00e9 um importante banco de informa\u00e7\u00f5es, sendo o \u00fanico na regi\u00e3o, carente de estudos flor\u00edsticos. Com isso podemos unir for\u00e7as para o levantamento e conhecimento da flora do Rio de Janeiro junto a Rede Fluminense de Herb\u00e1rios (RFH).<\/p>\n<p>&nbsp;<\/p>\n<p>&nbsp;<\/p>\n<p>&nbsp;<\/p>\n<p>&nbsp;<\/p>\n<p>&nbsp;<\/p>\n<p><a href=\"https:\/\/uenf.br\/cbb\/herbario\/files\/2014\/09\/Exsicata.jpg\"><img loading=\"lazy\" decoding=\"async\" class=\"size-medium wp-image-130 alignright\" src=\"https:\/\/uenf.br\/cbb\/herbario\/files\/2014\/09\/Exsicata-300x225.jpg\" alt=\"Exsicata\" width=\"300\" height=\"225\" srcset=\"https:\/\/uenf.br\/cbb\/herbario\/files\/2014\/09\/Exsicata-300x225.jpg 300w, https:\/\/uenf.br\/cbb\/herbario\/files\/2014\/09\/Exsicata-1024x768.jpg 1024w, https:\/\/uenf.br\/cbb\/herbario\/files\/2014\/09\/Exsicata-150x112.jpg 150w, https:\/\/uenf.br\/cbb\/herbario\/files\/2014\/09\/Exsicata-400x300.jpg 400w, https:\/\/uenf.br\/cbb\/herbario\/files\/2014\/09\/Exsicata.jpg 1600w\" sizes=\"auto, (max-width: 300px) 100vw, 300px\" \/><\/a><\/p>\n<p>&nbsp;<\/p>\n<p>O Herb\u00e1rio UENF \u00e9 formado por cole\u00e7\u00f5es oriundas das diferentes fisionomias ocorrentes no diversificado e quase desconhecido mosaico que \u00e9 a regi\u00e3o Norte Fluminense. Este acervo bot\u00e2nico-cient\u00edfico constitui um importante banco de informa\u00e7\u00f5es, sendo o \u00fanico na regi\u00e3o. O seu valor cient\u00edfico \u00e9 inestim\u00e1vel, visto ser base para qualquer trabalho na \u00e1rea da bot\u00e2nica, ecologia vegetal e de agroecologia<\/p>\n<p>&nbsp;<\/p>\n<p>&nbsp;<\/p>\n<p>&nbsp;<\/p>\n<p>&nbsp;<\/p>\n<p>&nbsp;<\/p>\n<h4><\/h4>\n<h4><\/h4>\n<h4 style=\"text-align: center;\">&#8212;&#8212;&#8212;&#8212;&#8212;&#8212;&#8212;&#8212;&#8212;&#8212;&#8212;&#8212;&#8212;&#8212;&#8212;&#8212;&#8212;&#8212;&#8212;&#8212;&#8212;&#8212;&#8212;&#8212;&#8212;&#8212;&#8212;&#8212;&#8212;&#8212;&#8212;&#8212;&#8212;&#8212;&#8212;&#8212;&#8212;&#8211;<\/h4>\n<h4 style=\"text-align: center;\"><span style=\"color: #003300;\"><strong>Deseja receber uma visita do Herb\u00e1rio em sua escola? <\/strong><\/span><\/h4>\n<h4 style=\"text-align: center;\"><span style=\"color: #003300;\"><strong>Deseja visitar o Herb\u00e1rio? <\/strong><\/span><\/h4>\n<h4 style=\"text-align: center;\"><a href=\"https:\/\/uenf.br\/cbb\/herbario\/contato\/\"><span style=\"color: #003300;\"><strong>Clique aqui e saiba como!<\/strong><\/span><\/a><\/h4>\n<h4 style=\"text-align: center;\"><strong>Aproveite e visite nossa p\u00e1gina no Facebook:<\/strong><\/h4>\n<p style=\"text-align: center;\"><a href=\"https:\/\/www.facebook.com\/herbariouenf\/\"><img loading=\"lazy\" decoding=\"async\" class=\"wp-image-789\" src=\"https:\/\/uenf.br\/cbb\/herbario\/files\/2014\/09\/fb-art.png\" alt=\"\" width=\"36\" height=\"36\" \/><\/a><\/p>\n<p>\u00a0 \u00a0 \u00a0 \u00a0 \u00a0 \u00a0 \u00a0 \u00a0 \u00a0 \u00a0 \u00a0 \u00a0 \u00a0 \u00a0 \u00a0 \u00a0 \u00a0 \u00a0 \u00a0 \u00a0 \u00a0 \u00a0 \u00a0 \u00a0 \u00a0 \u00a0 \u00a0 \u00a0 \u00a0 \u00a0 \u00a0 \u00a0 \u00a0 \u00a0 \u00a0 \u00a0 \u00a0 \u00a0 \u00a0 \u00a0 \u00a0 \u00a0 \u00a0 \u00a0<strong>Nossa p\u00e1gina no Instagram:<\/strong><\/p>\n<p style=\"text-align: center;\"><a href=\"https:\/\/www.instagram.com\/herbariohuenf\/\"><img loading=\"lazy\" decoding=\"async\" class=\"alignnone wp-image-1521 aligncenter\" src=\"https:\/\/uenf.br\/cbb\/herbario\/files\/2021\/11\/insta-550x544.jpg\" alt=\"\" width=\"47\" height=\"46\" srcset=\"https:\/\/uenf.br\/cbb\/herbario\/files\/2021\/11\/insta-550x544.jpg 550w, https:\/\/uenf.br\/cbb\/herbario\/files\/2021\/11\/insta-150x150.jpg 150w, https:\/\/uenf.br\/cbb\/herbario\/files\/2021\/11\/insta-50x50.jpg 50w, https:\/\/uenf.br\/cbb\/herbario\/files\/2021\/11\/insta.jpg 692w\" sizes=\"auto, (max-width: 47px) 100vw, 47px\" \/><\/a><\/p>\n<p>\u00a0 \u00a0 \u00a0 \u00a0 \u00a0 \u00a0 \u00a0 \u00a0 \u00a0 \u00a0 \u00a0 \u00a0 \u00a0 \u00a0 \u00a0 \u00a0 \u00a0 \u00a0 \u00a0 \u00a0 \u00a0 \u00a0 \u00a0 \u00a0 \u00a0 \u00a0 \u00a0 \u00a0 \u00a0 \u00a0 \u00a0 \u00a0 \u00a0 \u00a0 \u00a0 \u00a0 \u00a0 \u00a0 \u00a0 \u00a0 \u00a0 \u00a0 \u00a0 \u00a0 <strong>Nosso canal no Youtube:<\/strong><a href=\"https:\/\/www.youtube.com\/channel\/UCcxpUE77bIdLpb2_PQuDBeQ\"><img loading=\"lazy\" decoding=\"async\" class=\"aligncenter\" src=\"https:\/\/uenf.br\/cbb\/herbario\/files\/2021\/11\/ytube-550x228.jpg\" alt=\"\" width=\"104\" height=\"43\" \/><\/a><\/p>\n<p>&nbsp;<\/p>\n<p><img loading=\"lazy\" decoding=\"async\" class=\"alignnone size-medium wp-image-2162\" src=\"https:\/\/uenf.br\/cbb\/herbario\/files\/2025\/05\/Aniversario-Herbario-HUENF-1-440x550.png\" alt=\"\" width=\"440\" height=\"550\" srcset=\"https:\/\/uenf.br\/cbb\/herbario\/files\/2025\/05\/Aniversario-Herbario-HUENF-1-440x550.png 440w, https:\/\/uenf.br\/cbb\/herbario\/files\/2025\/05\/Aniversario-Herbario-HUENF-1-640x800.png 640w, https:\/\/uenf.br\/cbb\/herbario\/files\/2025\/05\/Aniversario-Herbario-HUENF-1.png 1080w\" sizes=\"auto, (max-width: 440px) 100vw, 440px\" \/><\/p>\n<p>&nbsp;<\/p>\n<p><a href=\"https:\/\/forms.gle\/bVy5mEiebfKpZAgD9\">https:\/\/forms.gle\/bVy5mEiebfKpZAgD9<\/a><\/p>\n<p>&nbsp;<\/p>\n<p>&nbsp;<\/p>\n<p>&nbsp;<\/p>\n","protected":false},"excerpt":{"rendered":"<p>&nbsp; &nbsp; &nbsp; O Herb\u00e1rio do Centro de Bioci\u00eancias e Biotecnologia (HUENF) foi criado no dia 03\/06\/2005 pelo Conselho do&#8230;<\/p>\n","protected":false},"author":14,"featured_media":0,"parent":0,"menu_order":1,"comment_status":"closed","ping_status":"closed","template":"","meta":{"footnotes":""},"class_list":["post-2","page","type-page","status-publish","hentry"],"_links":{"self":[{"href":"https:\/\/uenf.br\/cbb\/herbario\/wp-json\/wp\/v2\/pages\/2","targetHints":{"allow":["GET"]}}],"collection":[{"href":"https:\/\/uenf.br\/cbb\/herbario\/wp-json\/wp\/v2\/pages"}],"about":[{"href":"https:\/\/uenf.br\/cbb\/herbario\/wp-json\/wp\/v2\/types\/page"}],"author":[{"embeddable":true,"href":"https:\/\/uenf.br\/cbb\/herbario\/wp-json\/wp\/v2\/users\/14"}],"replies":[{"embeddable":true,"href":"https:\/\/uenf.br\/cbb\/herbario\/wp-json\/wp\/v2\/comments?post=2"}],"version-history":[{"count":0,"href":"https:\/\/uenf.br\/cbb\/herbario\/wp-json\/wp\/v2\/pages\/2\/revisions"}],"wp:attachment":[{"href":"https:\/\/uenf.br\/cbb\/herbario\/wp-json\/wp\/v2\/media?parent=2"}],"curies":[{"name":"wp","href":"https:\/\/api.w.org\/{rel}","templated":true}]}}