{"id":2148,"date":"2024-12-18T15:25:29","date_gmt":"2024-12-18T15:25:29","guid":{"rendered":"https:\/\/uenf.br\/cbb\/herbario\/?page_id=2148"},"modified":"2025-09-12T13:56:54","modified_gmt":"2025-09-12T13:56:54","slug":"resumo-do-projeto-de-extensao","status":"publish","type":"page","link":"https:\/\/uenf.br\/cbb\/herbario\/publicacoes\/resumo-do-projeto-de-extensao\/","title":{"rendered":"Resumos dos Projetos de Extens\u00e3o"},"content":{"rendered":"<p>Resumo do Projeto de Extens\u00e3o do HUENF\u00a0intitulado \u201cO Herb\u00e1rio Uenf como Espa\u00e7o N\u00e3o Formal Para o Ensino da Biodiversidade da Flora do Norte\/ Noroeste Fluminense\u201d , publicado na revista de Extens\u00e3o UENF referente a\u00a0VII Mostra de Extens\u00e3o IFF-UENF-UFF.<\/p>\n<p><a href=\"http:\/\/media.wix.com\/ugd\/caa1ed_bcfeeed267b04574a917de92f4974ee7.pdf\">Clique aqui e confira.<\/a><\/p>\n<p>Resumo do Projeto Cole\u00e7\u00f5es<\/p>\n<p>T\u00edtulo do Projeto: Cole\u00e7\u00e3o de Plantas do Herb\u00e1rio HUENF e seu papel na<br \/>\nconserva\u00e7\u00e3o da biodiversidade<\/p>\n<p><a href=\"https:\/\/uenf.br\/cbb\/herbario\/files\/2025\/09\/Resumo_Projeto_Colecoes_Plantas.pdf\">Resumo_Projeto_Cole\u00e7\u00f5es_Plantas<\/a><\/p>\n<p>&nbsp;<\/p>\n<p>Resumo do Projeto HUENF- Ensino<\/p>\n<p>T\u00edtulo do Projeto: O Herb\u00e1rio UENF Como Espa\u00e7o N\u00e3o Formal Para o Ensino da<br \/>\nBiodiversidade da Flora do Norte e Noroeste Fluminense<\/p>\n<p><a href=\"https:\/\/uenf.br\/cbb\/herbario\/files\/2025\/09\/Resumo_Projeto_HUEN_Ensino.pdf\">Resumo_Projeto_HUEN_Ensino<\/a><\/p>\n","protected":false},"excerpt":{"rendered":"<p>Resumo do Projeto de Extens\u00e3o do HUENF\u00a0intitulado \u201cO Herb\u00e1rio Uenf como Espa\u00e7o N\u00e3o Formal Para o Ensino da Biodiversidade da&#8230;<\/p>\n","protected":false},"author":14,"featured_media":0,"parent":18,"menu_order":101,"comment_status":"closed","ping_status":"closed","template":"","meta":{"footnotes":""},"class_list":["post-2148","page","type-page","status-publish","hentry"],"_links":{"self":[{"href":"https:\/\/uenf.br\/cbb\/herbario\/wp-json\/wp\/v2\/pages\/2148","targetHints":{"allow":["GET"]}}],"collection":[{"href":"https:\/\/uenf.br\/cbb\/herbario\/wp-json\/wp\/v2\/pages"}],"about":[{"href":"https:\/\/uenf.br\/cbb\/herbario\/wp-json\/wp\/v2\/types\/page"}],"author":[{"embeddable":true,"href":"https:\/\/uenf.br\/cbb\/herbario\/wp-json\/wp\/v2\/users\/14"}],"replies":[{"embeddable":true,"href":"https:\/\/uenf.br\/cbb\/herbario\/wp-json\/wp\/v2\/comments?post=2148"}],"version-history":[{"count":0,"href":"https:\/\/uenf.br\/cbb\/herbario\/wp-json\/wp\/v2\/pages\/2148\/revisions"}],"up":[{"embeddable":true,"href":"https:\/\/uenf.br\/cbb\/herbario\/wp-json\/wp\/v2\/pages\/18"}],"wp:attachment":[{"href":"https:\/\/uenf.br\/cbb\/herbario\/wp-json\/wp\/v2\/media?parent=2148"}],"curies":[{"name":"wp","href":"https:\/\/api.w.org\/{rel}","templated":true}]}}