{"id":22,"date":"2014-09-26T14:33:01","date_gmt":"2014-09-26T14:33:01","guid":{"rendered":"http:\/\/uenf.br\/cbb\/herbario\/?page_id=22"},"modified":"2021-09-14T19:09:23","modified_gmt":"2021-09-14T19:09:23","slug":"publicacoes-internas","status":"publish","type":"page","link":"https:\/\/uenf.br\/cbb\/herbario\/publicacoes\/publicacoes-internas\/","title":{"rendered":"Teses, Disserta\u00e7\u00f5es e Monografias"},"content":{"rendered":"<p><strong>Teses<\/strong><\/p>\n<p style=\"padding-left: 30px\">1. T\u00edtulo da tese: A vegeta\u00e7\u00e3o na Reserva Biol\u00f3gica Uni\u00e3o e os efeitos de borda na Mata Atl\u00e2ntica fragmentada.<br \/>\nAutor(a):\u00a0Pablo Jos\u00e9 Francisco Pena Rodrigues<br \/>\nOrientador(a):\u00a0Dr. Marcelo Trindade Nascimento<br \/>\nData da defesa: 16\/02\/2004<\/p>\n<p style=\"padding-left: 30px\">2. T\u00edtulo da tese: <a href=\"http:\/\/www.uenf.br\/Uenf\/Downloads\/pgecologia_5718_1378836141.pdf\">Biologia floral e poliniza\u00e7\u00e3o de Passifloraceae nativas e cultivadas na regi\u00e3o Norte Fluminense-RJ.<\/a><br \/>\nAutor(a): Cristine Rodrigues Benevides<br \/>\nOrientador(a): Prof. Dra. Maria Cristina Gaglianone<br \/>\nData da defesa: 16\/05\/2006<\/p>\n<p style=\"padding-left: 30px\">3. T\u00edtulo da tese:<a href=\"https:\/\/uenf.br\/cbb\/herbario\/files\/2014\/09\/TESE_Karla-Pedra.pdf\">\u00a0Estrutura, flor\u00edstica e diversidade de fragmentos de Floresta Estacional Semidecidual no Norte-Noroeste Fluminense<\/a><br \/>\nAutor(a): Karla Maria Pedra De Abreu<br \/>\nOrientador(a): Dr. Marcelo Trindade Nascimento<br \/>\nCo-orientador: Prof. Dr. Claudio Belmonte de Athayde Bohrer<br \/>\nData da defesa: 27\/08\/2013<\/p>\n<p>&nbsp;<\/p>\n<p><strong>Disserta\u00e7\u00f5es<\/strong><\/p>\n<p style=\"padding-left: 30px\">1. T\u00edtulo da disserta\u00e7\u00e3o: Caracteriza\u00e7\u00e3o Estrutural, Fision\u00f4mica e Flor\u00edstica da Vegeta\u00e7\u00e3o de Restinga do Complexo Lagunar Grussa\u00ed\/Iquipari, S\u00e3o Jo\u00e3o da Barra, RJ.<br \/>\nAutor(a): Jorge Assump\u00e7\u00e3o<br \/>\nOrientador(a):\u00a0Prof. Dr. Marcelo Trindade Nascimento<br \/>\nData da defesa: 1998<\/p>\n<p style=\"padding-left: 30px\">2. T\u00edtulo da disserta\u00e7\u00e3o: <a href=\"http:\/\/rodriguesia.jbrj.gov.br\/FASCICULOS\/rodrig60_3\/009-07.pdf\">Efeitos da fragmenta\u00e7\u00e3o florestal na flor\u00edstica e estrutura da Mata Atl\u00e2ntica submontana da regi\u00e3o de Imba\u00fa, munic\u00edpio de Silva Jardim, RJ.<\/a><br \/>\nAutor(a): Fabr\u00edcio Alvim Carvalho<br \/>\nOrientador(a): Dr. Marcelo Trindade Nascimento<br \/>\nData da defesa: 17\/02\/2005<\/p>\n<p style=\"padding-left: 30px\">3. T\u00edtulo da disserta\u00e7\u00e3o: <a href=\"https:\/\/uenf.br\/cbb\/herbario\/files\/2014\/09\/Vin\u00edcius-Evaristo.pdf\">Din\u00e2mica da comunidade e das principais popula\u00e7\u00f5es arbustivo-arb\u00f3reas de Mata Atl\u00e2ntica em plantios abandonados de eucalipto (Corymbia citriodora (Hook.) K.D.Hill &amp; L.A.S.Johnson)<\/a>.<\/p>\n<p style=\"padding-left: 30px\">Autor(a): Vinicios Troncone Evaristo<br \/>\nOrientador(a): Dr. Marcelo Trindade Nascimento<br \/>\nData da defesa: 25\/02\/2008<\/p>\n<p style=\"padding-left: 30px\">4. T\u00edtulo da disserta\u00e7\u00e3o: <a href=\"https:\/\/uenf.br\/cbb\/herbario\/files\/2014\/09\/Mauricio-Lima-Dan1.pdf\">Estrutura e rela\u00e7\u00f5es flor\u00edsticas da comunidade arb\u00f3rea de fragmentos de floresta estacional semidecidual na Bacia Hidrogr\u00e1fica do Rio S\u00e3o Domingos, S\u00e3o Jos\u00e9 de Ub\u00e1, Rio de Janeiro<\/a>.<br \/>\nAutor(a): Maur\u00edcio Lima Dan<br \/>\nOrientador(a): Prof. Dr. Marcelo Trindade Nascimento<br \/>\nData da defesa: 23\/07\/2009<\/p>\n<p style=\"padding-left: 30px\">5. T\u00edtulo da disserta\u00e7\u00e3o:\u00a0<a href=\"https:\/\/uenf.br\/cbb\/herbario\/files\/2014\/09\/Marcela-Mastela.pdf\">Regenera\u00e7\u00e3o natural de esp\u00e9cies arb\u00f3reas em fragmentos de Mata Atl\u00e2ntica na APA da bacia do rio S\u00e3o Jo\u00e3o, RJ<\/a>.<br \/>\nAutor(a):\u00a0Marcela Mastella Fraga Agrizzi Cansi<br \/>\nOrientador(a):\u00a0Prof. Dr. Marcelo Trindade Nascimento<br \/>\nData da defesa: 29\/06\/2007<\/p>\n<p style=\"padding-left: 30px\">6. T\u00edtulo da disserta\u00e7\u00e3o:\u00a0<a href=\"https:\/\/uenf.br\/cbb\/herbario\/files\/2014\/09\/Euzimar.pdf\">Plantio de mudas e semeadura direta de esp\u00e9cies nativas da Mata Atl\u00e2ntica em plantio de eucalipto abandonado na Reserva Biol\u00f3gica Uni\u00e3o, Rio das Ostras, RJ<\/a>.<br \/>\nAutor(a):\u00a0Euzimar Gomes da Silva<br \/>\nOrientador(a):\u00a0Prof. Dr. Marcelo Trindade Nascimento<br \/>\nData da defesa: 05\/2011<\/p>\n<p style=\"padding-left: 30px\">\u00a07. T\u00edtulo da disserta\u00e7\u00e3o: <a href=\"https:\/\/uenf.br\/cbb\/herbario\/files\/2021\/08\/dissertacao_Nilson_Berriel_PPGERN.pdf\">Din\u00e2mica da comunidade arb\u00f3rea de uma floresta estacional semidecidual de tabuleiro do Norte Fluminense no per\u00edodo de 1996 a 2019.\u00a0\u00a0\u00a0<\/a><br \/>\nAutor: Nilson Berriel Neves Neto<br \/>\nOrientador: Marcelo Trindade Nascimento<br \/>\nData da defesa: 19\/02\/2021<\/p>\n<p style=\"padding-left: 30px\">\u00a0<strong>\u00a0<\/strong><\/p>\n<p><strong>Monografias<\/strong><\/p>\n<p style=\"padding-left: 30px\">\u00a01. T\u00edtulo da monografia: <a href=\"https:\/\/uenf.br\/cbb\/herbario\/files\/2014\/09\/Monografia-Tatiane-Pereira-de-Souza.pdf\">Leguminosas arb\u00f3reas em um fragmento de Floresta Estacional Semidecidual na bacia hidrogr\u00e1fica do rio S\u00e3o Domingos, S\u00e3o Jos\u00e9 de Ub\u00e1, Noroeste Fluminense<\/a>.<br \/>\nAutor(a): Tatiane Pereira de Souza<br \/>\nOrientador(a): Prof. Dr. Marcelo Trindade Nascimento<br \/>\nData da defesa: 10\/02\/2009<\/p>\n<p style=\"padding-left: 30px\">2. T\u00edtulo da monografia: <a href=\"https:\/\/uenf.br\/cbb\/herbario\/files\/2014\/09\/Levantamento-flor\u00edstico-de-um-remanescente-florestal-de-Mata-Atl\u00e2ntica-no-maci\u00e7o-do-Itaoca-Campos-dos-Goytacazes-RJ.pdf\">Levantamento flor\u00edstico de um remanescente florestal de Mata Atl\u00e2ntica no maci\u00e7o do Itaoca, Campos dos Goytacazes, RJ<\/a>.<br \/>\nAutor(a): Luana Paula Mauad<br \/>\nOrientador(a): Prof. Dr. Marcelo Trindade Nascimento<br \/>\nCo-orientador: Dr. Jo\u00e3o Marcelo Alvarenga Braga<br \/>\nData da defesa: 12\/2010<\/p>\n<p style=\"padding-left: 30px\">3. T\u00edtulo da monografia: <a href=\"https:\/\/uenf.br\/cbb\/herbario\/files\/2014\/09\/Monografia_Marcelo_Paix\u00e3o_Reis_Bacharelado_Biologia.pdf\">Estrutura e composi\u00e7\u00e3o flor\u00edstica em dois corredores florestais na APA do rio S\u00e3o Jo\u00e3o, RJ, ap\u00f3s 14 anos da implanta\u00e7\u00e3o<\/a>.<br \/>\nAutor(a): Marcelo Paix\u00e3o Reis<br \/>\nOrientador(a): Prof. Dr. Marcelo Trindade Nascimento<br \/>\nData da defesa: 08\/2012<\/p>\n<p style=\"padding-left: 30px\">4. T\u00edtulo da monografia: <a href=\"https:\/\/uenf.br\/cbb\/herbario\/files\/2014\/09\/Monografia_Mariana_Faitanin.pdf\">An\u00e1lise da restaura\u00e7\u00e3o vegetal em um corredor florestal implantado na APA do rio S\u00e3o Jo\u00e3o -Fazenda Dourada, Casimiro de Abreu &#8211; RJ<\/a>.<br \/>\nAutor(a): Mariana Alves Faitanin<br \/>\nOrientador(a): Prof. Dr. Marcelo Trindade Nascimento<br \/>\nData da defesa: 21\/11\/2012<\/p>\n<p style=\"padding-left: 30px\">5. T\u00edtulo da monografia: <a href=\"https:\/\/uenf.br\/cbb\/herbario\/files\/2014\/09\/Avalia\u00e7\u00e3o-do-estabelecimento-de-mudas-e-da-regenera\u00e7\u00e3o-natural-em-um-corredor-florestal-na-bacia-hidrogr\u00e1fica-do-Rio-S\u00e3o-Jo\u00e3o-RJ..pdf\">Avalia\u00e7\u00e3o do estabelecimento de mudas e da regenera\u00e7\u00e3o natural em um corredor florestal na bacia hidrogr\u00e1fica do Rio S\u00e3o Jo\u00e3o, RJ.<\/a><br \/>\nAutor(a): Morgana Folly Cruz<br \/>\nOrientador(a): Prof. Dr. Marcelo Trindade Nascimento<br \/>\nData da defesa: 21\/11\/2012<\/p>\n<p style=\"padding-left: 30px\">6. T\u00edtulo da monografia: <a href=\"https:\/\/uenf.br\/cbb\/herbario\/files\/2014\/09\/Avalia\u00e7\u00e3o-do-estabelecimento-de-mudas-nativas-em-\u00e1reas-de-restaura\u00e7\u00e3o-ecol\u00f3gicas-na-RPPN-Caruara-Restinga-do-Complexo-Lagunar-Grussa\u00ed-Iquipari-RJ.pdf\">Avalia\u00e7\u00e3o do estabelecimento de mudas nativas em \u00e1reas de restaura\u00e7\u00e3o ecol\u00f3gicas na RPPN Caruara &#8211; Restinga do Complexo Lagunar Grussa\u00ed-Iquipari, RJ<\/a>.<br \/>\nAutor(a): Glauce Daniele Ferreira Da Silva<br \/>\nOrientador(a): Prof. Dr. Marcelo Trindade Nascimento<br \/>\nData da defesa: 22\/11\/2012<\/p>\n<p style=\"padding-left: 30px\">7- T\u00edtulo da monografia: <a href=\"https:\/\/uenf.br\/cbb\/herbario\/files\/2021\/08\/Monografia-Fernanda-Del-Penho-da-Rocha-Lopes-Versao-Final-Corrigida.pdf\">Monitoramento da vegeta\u00e7\u00e3o de \u00e1reas de restaura\u00e7\u00e3o ecol\u00f3gica de mata ciliar em S\u00e3o Francisco do Itabapoana, RJ.\u00a0\u00a0<\/a><br \/>\nAutor(a): Fernanda Del Penho da Rocha Lopes<br \/>\nOrientador: Marcelo Trindade Nascimento<br \/>\nCo-orientadora: Aline Alves Nascimento<br \/>\nData da defesa: 06\/07\/2021<\/p>\n<p>&nbsp;<\/p>\n<p>&nbsp;<\/p>\n<p>&nbsp;<\/p>\n","protected":false},"excerpt":{"rendered":"<p>Teses 1. T\u00edtulo da tese: A vegeta\u00e7\u00e3o na Reserva Biol\u00f3gica Uni\u00e3o e os efeitos de borda na Mata Atl\u00e2ntica fragmentada&#8230;.<\/p>\n","protected":false},"author":14,"featured_media":0,"parent":18,"menu_order":2,"comment_status":"closed","ping_status":"open","template":"","meta":{"footnotes":""},"class_list":["post-22","page","type-page","status-publish","hentry"],"_links":{"self":[{"href":"https:\/\/uenf.br\/cbb\/herbario\/wp-json\/wp\/v2\/pages\/22","targetHints":{"allow":["GET"]}}],"collection":[{"href":"https:\/\/uenf.br\/cbb\/herbario\/wp-json\/wp\/v2\/pages"}],"about":[{"href":"https:\/\/uenf.br\/cbb\/herbario\/wp-json\/wp\/v2\/types\/page"}],"author":[{"embeddable":true,"href":"https:\/\/uenf.br\/cbb\/herbario\/wp-json\/wp\/v2\/users\/14"}],"replies":[{"embeddable":true,"href":"https:\/\/uenf.br\/cbb\/herbario\/wp-json\/wp\/v2\/comments?post=22"}],"version-history":[{"count":0,"href":"https:\/\/uenf.br\/cbb\/herbario\/wp-json\/wp\/v2\/pages\/22\/revisions"}],"up":[{"embeddable":true,"href":"https:\/\/uenf.br\/cbb\/herbario\/wp-json\/wp\/v2\/pages\/18"}],"wp:attachment":[{"href":"https:\/\/uenf.br\/cbb\/herbario\/wp-json\/wp\/v2\/media?parent=22"}],"curies":[{"name":"wp","href":"https:\/\/api.w.org\/{rel}","templated":true}]}}