{"id":2476,"date":"2026-04-01T13:17:19","date_gmt":"2026-04-01T13:17:19","guid":{"rendered":"https:\/\/uenf.br\/cbb\/herbario\/?page_id=2476"},"modified":"2026-04-15T18:27:22","modified_gmt":"2026-04-15T18:27:22","slug":"feira-de-ciencias","status":"publish","type":"page","link":"https:\/\/uenf.br\/cbb\/herbario\/feira-de-ciencias\/","title":{"rendered":"Feira de Ci\u00eancias"},"content":{"rendered":"<p>A Feira do Pal\u00e1cio da Cultura, realizada em 15\/04\/2026, reuniu crian\u00e7as e adolescentes em uma manh\u00e3 de aprendizado e troca de conhecimentos, com a participa\u00e7\u00e3o de Karolaine Gomes e Juliana Madeira.<\/p>\n<p><img loading=\"lazy\" decoding=\"async\" class=\"alignnone size-medium wp-image-2492\" src=\"https:\/\/uenf.br\/cbb\/herbario\/files\/2026\/04\/IMG-20260415-WA0043-413x550.jpg\" alt=\"\" width=\"413\" height=\"550\" \/><img loading=\"lazy\" decoding=\"async\" class=\"alignnone size-medium wp-image-2495\" src=\"https:\/\/uenf.br\/cbb\/herbario\/files\/2026\/04\/IMG-20260415-WA0041-413x550.jpg\" alt=\"\" width=\"413\" height=\"550\" srcset=\"https:\/\/uenf.br\/cbb\/herbario\/files\/2026\/04\/IMG-20260415-WA0041-413x550.jpg 413w, https:\/\/uenf.br\/cbb\/herbario\/files\/2026\/04\/IMG-20260415-WA0041-600x800.jpg 600w, https:\/\/uenf.br\/cbb\/herbario\/files\/2026\/04\/IMG-20260415-WA0041-1152x1536.jpg 1152w, https:\/\/uenf.br\/cbb\/herbario\/files\/2026\/04\/IMG-20260415-WA0041-1536x2048.jpg 1536w, https:\/\/uenf.br\/cbb\/herbario\/files\/2026\/04\/IMG-20260415-WA0041-1200x1600.jpg 1200w, https:\/\/uenf.br\/cbb\/herbario\/files\/2026\/04\/IMG-20260415-WA0041-768x1024.jpg 768w, https:\/\/uenf.br\/cbb\/herbario\/files\/2026\/04\/IMG-20260415-WA0041-320x427.jpg 320w, https:\/\/uenf.br\/cbb\/herbario\/files\/2026\/04\/IMG-20260415-WA0041-scaled.jpg 1920w\" sizes=\"auto, (max-width: 413px) 100vw, 413px\" \/><img loading=\"lazy\" decoding=\"async\" class=\"alignnone size-medium wp-image-2496\" src=\"https:\/\/uenf.br\/cbb\/herbario\/files\/2026\/04\/IMG-20260415-WA0035-413x550.jpg\" alt=\"\" width=\"413\" height=\"550\" srcset=\"https:\/\/uenf.br\/cbb\/herbario\/files\/2026\/04\/IMG-20260415-WA0035-413x550.jpg 413w, https:\/\/uenf.br\/cbb\/herbario\/files\/2026\/04\/IMG-20260415-WA0035-600x800.jpg 600w, https:\/\/uenf.br\/cbb\/herbario\/files\/2026\/04\/IMG-20260415-WA0035-1152x1536.jpg 1152w, https:\/\/uenf.br\/cbb\/herbario\/files\/2026\/04\/IMG-20260415-WA0035-1536x2048.jpg 1536w, https:\/\/uenf.br\/cbb\/herbario\/files\/2026\/04\/IMG-20260415-WA0035-1200x1600.jpg 1200w, https:\/\/uenf.br\/cbb\/herbario\/files\/2026\/04\/IMG-20260415-WA0035-768x1024.jpg 768w, https:\/\/uenf.br\/cbb\/herbario\/files\/2026\/04\/IMG-20260415-WA0035-320x427.jpg 320w, https:\/\/uenf.br\/cbb\/herbario\/files\/2026\/04\/IMG-20260415-WA0035-scaled.jpg 1920w\" sizes=\"auto, (max-width: 413px) 100vw, 413px\" \/><img loading=\"lazy\" decoding=\"async\" class=\"alignnone size-medium wp-image-2497\" src=\"https:\/\/uenf.br\/cbb\/herbario\/files\/2026\/04\/20260415_102237-scaled-e1776276888549-413x550.jpg\" alt=\"\" width=\"413\" height=\"550\" srcset=\"https:\/\/uenf.br\/cbb\/herbario\/files\/2026\/04\/20260415_102237-scaled-e1776276888549-413x550.jpg 413w, https:\/\/uenf.br\/cbb\/herbario\/files\/2026\/04\/20260415_102237-scaled-e1776276888549-600x800.jpg 600w, https:\/\/uenf.br\/cbb\/herbario\/files\/2026\/04\/20260415_102237-scaled-e1776276888549-1152x1536.jpg 1152w, https:\/\/uenf.br\/cbb\/herbario\/files\/2026\/04\/20260415_102237-scaled-e1776276888549-1536x2048.jpg 1536w, https:\/\/uenf.br\/cbb\/herbario\/files\/2026\/04\/20260415_102237-scaled-e1776276888549-1200x1600.jpg 1200w, https:\/\/uenf.br\/cbb\/herbario\/files\/2026\/04\/20260415_102237-scaled-e1776276888549-768x1024.jpg 768w, https:\/\/uenf.br\/cbb\/herbario\/files\/2026\/04\/20260415_102237-scaled-e1776276888549-320x427.jpg 320w, https:\/\/uenf.br\/cbb\/herbario\/files\/2026\/04\/20260415_102237-scaled-e1776276888549.jpg 1920w\" sizes=\"auto, (max-width: 413px) 100vw, 413px\" \/><img loading=\"lazy\" decoding=\"async\" class=\"alignnone size-medium wp-image-2498\" src=\"https:\/\/uenf.br\/cbb\/herbario\/files\/2026\/04\/20260415_092639-scaled-e1776277484265-413x550.jpg\" alt=\"\" width=\"413\" height=\"550\" srcset=\"https:\/\/uenf.br\/cbb\/herbario\/files\/2026\/04\/20260415_092639-scaled-e1776277484265-413x550.jpg 413w, https:\/\/uenf.br\/cbb\/herbario\/files\/2026\/04\/20260415_092639-scaled-e1776277484265-600x800.jpg 600w, https:\/\/uenf.br\/cbb\/herbario\/files\/2026\/04\/20260415_092639-scaled-e1776277484265-1152x1536.jpg 1152w, https:\/\/uenf.br\/cbb\/herbario\/files\/2026\/04\/20260415_092639-scaled-e1776277484265-1536x2048.jpg 1536w, https:\/\/uenf.br\/cbb\/herbario\/files\/2026\/04\/20260415_092639-scaled-e1776277484265-1200x1600.jpg 1200w, https:\/\/uenf.br\/cbb\/herbario\/files\/2026\/04\/20260415_092639-scaled-e1776277484265-768x1024.jpg 768w, https:\/\/uenf.br\/cbb\/herbario\/files\/2026\/04\/20260415_092639-scaled-e1776277484265-320x427.jpg 320w, https:\/\/uenf.br\/cbb\/herbario\/files\/2026\/04\/20260415_092639-scaled-e1776277484265.jpg 1920w\" sizes=\"auto, (max-width: 413px) 100vw, 413px\" \/><img loading=\"lazy\" decoding=\"async\" class=\"alignnone size-medium wp-image-2503\" src=\"https:\/\/uenf.br\/cbb\/herbario\/files\/2026\/04\/IMG-20260415-WA0044-1-413x550.jpg\" alt=\"\" width=\"413\" height=\"550\" srcset=\"https:\/\/uenf.br\/cbb\/herbario\/files\/2026\/04\/IMG-20260415-WA0044-1-413x550.jpg 413w, https:\/\/uenf.br\/cbb\/herbario\/files\/2026\/04\/IMG-20260415-WA0044-1-600x800.jpg 600w, https:\/\/uenf.br\/cbb\/herbario\/files\/2026\/04\/IMG-20260415-WA0044-1-1152x1536.jpg 1152w, https:\/\/uenf.br\/cbb\/herbario\/files\/2026\/04\/IMG-20260415-WA0044-1-1536x2048.jpg 1536w, https:\/\/uenf.br\/cbb\/herbario\/files\/2026\/04\/IMG-20260415-WA0044-1-1200x1600.jpg 1200w, https:\/\/uenf.br\/cbb\/herbario\/files\/2026\/04\/IMG-20260415-WA0044-1-768x1024.jpg 768w, https:\/\/uenf.br\/cbb\/herbario\/files\/2026\/04\/IMG-20260415-WA0044-1-320x427.jpg 320w, https:\/\/uenf.br\/cbb\/herbario\/files\/2026\/04\/IMG-20260415-WA0044-1-scaled.jpg 1920w\" sizes=\"auto, (max-width: 413px) 100vw, 413px\" \/><\/p>\n","protected":false},"excerpt":{"rendered":"<p>A Feira do Pal\u00e1cio da Cultura, realizada em 15\/04\/2026, reuniu crian\u00e7as e adolescentes em uma manh\u00e3 de aprendizado e troca&#8230;<\/p>\n","protected":false},"author":14,"featured_media":0,"parent":0,"menu_order":8,"comment_status":"closed","ping_status":"closed","template":"","meta":{"footnotes":""},"class_list":["post-2476","page","type-page","status-publish","hentry"],"_links":{"self":[{"href":"https:\/\/uenf.br\/cbb\/herbario\/wp-json\/wp\/v2\/pages\/2476","targetHints":{"allow":["GET"]}}],"collection":[{"href":"https:\/\/uenf.br\/cbb\/herbario\/wp-json\/wp\/v2\/pages"}],"about":[{"href":"https:\/\/uenf.br\/cbb\/herbario\/wp-json\/wp\/v2\/types\/page"}],"author":[{"embeddable":true,"href":"https:\/\/uenf.br\/cbb\/herbario\/wp-json\/wp\/v2\/users\/14"}],"replies":[{"embeddable":true,"href":"https:\/\/uenf.br\/cbb\/herbario\/wp-json\/wp\/v2\/comments?post=2476"}],"version-history":[{"count":0,"href":"https:\/\/uenf.br\/cbb\/herbario\/wp-json\/wp\/v2\/pages\/2476\/revisions"}],"wp:attachment":[{"href":"https:\/\/uenf.br\/cbb\/herbario\/wp-json\/wp\/v2\/media?parent=2476"}],"curies":[{"name":"wp","href":"https:\/\/api.w.org\/{rel}","templated":true}]}}

Feira de Ciências

<p>A Feira do Palácio da Cultura, realizada em 15/04/2026, reuniu crianças e adolescentes em uma manhã de aprendizado e troca de conhecimentos, com a participação de Karolaine Gomes e Juliana Madeira.</p>
<p><img loading="lazy" decoding="async" class="alignnone size-medium wp-image-2492" src="https://uenf.br/cbb/herbario/files/2026/04/IMG-20260415-WA0043-413x550.jpg" alt="" width="413" height="550" /><img loading="lazy" decoding="async" class="alignnone size-medium wp-image-2495" src="https://uenf.br/cbb/herbario/files/2026/04/IMG-20260415-WA0041-413x550.jpg" alt="" width="413" height="550" srcset="https://uenf.br/cbb/herbario/files/2026/04/IMG-20260415-WA0041-413x550.jpg 413w, https://uenf.br/cbb/herbario/files/2026/04/IMG-20260415-WA0041-600x800.jpg 600w, https://uenf.br/cbb/herbario/files/2026/04/IMG-20260415-WA0041-1152x1536.jpg 1152w, https://uenf.br/cbb/herbario/files/2026/04/IMG-20260415-WA0041-1536x2048.jpg 1536w, https://uenf.br/cbb/herbario/files/2026/04/IMG-20260415-WA0041-1200x1600.jpg 1200w, https://uenf.br/cbb/herbario/files/2026/04/IMG-20260415-WA0041-768x1024.jpg 768w, https://uenf.br/cbb/herbario/files/2026/04/IMG-20260415-WA0041-320x427.jpg 320w, https://uenf.br/cbb/herbario/files/2026/04/IMG-20260415-WA0041-scaled.jpg 1920w" sizes="auto, (max-width: 413px) 100vw, 413px" /><img loading="lazy" decoding="async" class="alignnone size-medium wp-image-2496" src="https://uenf.br/cbb/herbario/files/2026/04/IMG-20260415-WA0035-413x550.jpg" alt="" width="413" height="550" srcset="https://uenf.br/cbb/herbario/files/2026/04/IMG-20260415-WA0035-413x550.jpg 413w, https://uenf.br/cbb/herbario/files/2026/04/IMG-20260415-WA0035-600x800.jpg 600w, https://uenf.br/cbb/herbario/files/2026/04/IMG-20260415-WA0035-1152x1536.jpg 1152w, https://uenf.br/cbb/herbario/files/2026/04/IMG-20260415-WA0035-1536x2048.jpg 1536w, https://uenf.br/cbb/herbario/files/2026/04/IMG-20260415-WA0035-1200x1600.jpg 1200w, https://uenf.br/cbb/herbario/files/2026/04/IMG-20260415-WA0035-768x1024.jpg 768w, https://uenf.br/cbb/herbario/files/2026/04/IMG-20260415-WA0035-320x427.jpg 320w, https://uenf.br/cbb/herbario/files/2026/04/IMG-20260415-WA0035-scaled.jpg 1920w" sizes="auto, (max-width: 413px) 100vw, 413px" /><img loading="lazy" decoding="async" class="alignnone size-medium wp-image-2497" src="https://uenf.br/cbb/herbario/files/2026/04/20260415_102237-scaled-e1776276888549-413x550.jpg" alt="" width="413" height="550" srcset="https://uenf.br/cbb/herbario/files/2026/04/20260415_102237-scaled-e1776276888549-413x550.jpg 413w, https://uenf.br/cbb/herbario/files/2026/04/20260415_102237-scaled-e1776276888549-600x800.jpg 600w, https://uenf.br/cbb/herbario/files/2026/04/20260415_102237-scaled-e1776276888549-1152x1536.jpg 1152w, https://uenf.br/cbb/herbario/files/2026/04/20260415_102237-scaled-e1776276888549-1536x2048.jpg 1536w, https://uenf.br/cbb/herbario/files/2026/04/20260415_102237-scaled-e1776276888549-1200x1600.jpg 1200w, https://uenf.br/cbb/herbario/files/2026/04/20260415_102237-scaled-e1776276888549-768x1024.jpg 768w, https://uenf.br/cbb/herbario/files/2026/04/20260415_102237-scaled-e1776276888549-320x427.jpg 320w, https://uenf.br/cbb/herbario/files/2026/04/20260415_102237-scaled-e1776276888549.jpg 1920w" sizes="auto, (max-width: 413px) 100vw, 413px" /><img loading="lazy" decoding="async" class="alignnone size-medium wp-image-2498" src="https://uenf.br/cbb/herbario/files/2026/04/20260415_092639-scaled-e1776277484265-413x550.jpg" alt="" width="413" height="550" srcset="https://uenf.br/cbb/herbario/files/2026/04/20260415_092639-scaled-e1776277484265-413x550.jpg 413w, https://uenf.br/cbb/herbario/files/2026/04/20260415_092639-scaled-e1776277484265-600x800.jpg 600w, https://uenf.br/cbb/herbario/files/2026/04/20260415_092639-scaled-e1776277484265-1152x1536.jpg 1152w, https://uenf.br/cbb/herbario/files/2026/04/20260415_092639-scaled-e1776277484265-1536x2048.jpg 1536w, https://uenf.br/cbb/herbario/files/2026/04/20260415_092639-scaled-e1776277484265-1200x1600.jpg 1200w, https://uenf.br/cbb/herbario/files/2026/04/20260415_092639-scaled-e1776277484265-768x1024.jpg 768w, https://uenf.br/cbb/herbario/files/2026/04/20260415_092639-scaled-e1776277484265-320x427.jpg 320w, https://uenf.br/cbb/herbario/files/2026/04/20260415_092639-scaled-e1776277484265.jpg 1920w" sizes="auto, (max-width: 413px) 100vw, 413px" /><img loading="lazy" decoding="async" class="alignnone size-medium wp-image-2503" src="https://uenf.br/cbb/herbario/files/2026/04/IMG-20260415-WA0044-1-413x550.jpg" alt="" width="413" height="550" srcset="https://uenf.br/cbb/herbario/files/2026/04/IMG-20260415-WA0044-1-413x550.jpg 413w, https://uenf.br/cbb/herbario/files/2026/04/IMG-20260415-WA0044-1-600x800.jpg 600w, https://uenf.br/cbb/herbario/files/2026/04/IMG-20260415-WA0044-1-1152x1536.jpg 1152w, https://uenf.br/cbb/herbario/files/2026/04/IMG-20260415-WA0044-1-1536x2048.jpg 1536w, https://uenf.br/cbb/herbario/files/2026/04/IMG-20260415-WA0044-1-1200x1600.jpg 1200w, https://uenf.br/cbb/herbario/files/2026/04/IMG-20260415-WA0044-1-768x1024.jpg 768w, https://uenf.br/cbb/herbario/files/2026/04/IMG-20260415-WA0044-1-320x427.jpg 320w, https://uenf.br/cbb/herbario/files/2026/04/IMG-20260415-WA0044-1-scaled.jpg 1920w" sizes="auto, (max-width: 413px) 100vw, 413px" /></p>

<p>A Feira do Palácio da Cultura, realizada em 15/04/2026, reuniu crianças e adolescentes em uma manhã de aprendizado e troca&#8230;</p>
