{"id":384,"date":"2015-11-12T16:28:20","date_gmt":"2015-11-12T16:28:20","guid":{"rendered":"http:\/\/uenf.br\/cbb\/herbario\/?page_id=384"},"modified":"2025-12-01T17:39:43","modified_gmt":"2025-12-01T17:39:43","slug":"congresso-nacional-de-botanica","status":"publish","type":"page","link":"https:\/\/uenf.br\/cbb\/herbario\/congresso-nacional-de-botanica\/","title":{"rendered":"Atividades do herb\u00e1rio"},"content":{"rendered":"<p style=\"text-align: left\">\u00a0 <strong>\u00a0Para obter informa\u00e7\u00f5es mais detalhadas sobre o treinamento em Herb\u00e1rio, consulte o link abaixo:<\/strong><\/p>\n<p style=\"text-align: left\"><a href=\"https:\/\/uenf.br\/cbb\/herbario\/files\/2025\/12\/2025-12-01_Treinamento_em_Herbrio_.pdf\">2025-12-01_Treinamento_em_Herb\u00e1rio_<\/a><\/p>\n<p>&nbsp;<\/p>\n<p style=\"text-align: left\">\u00a0 \u00a0 \u00a0 \u00a0 \u00a0O Herb\u00e1rio possui catalogadas em seu acervo v\u00e1rias amostras de plantas regionais, que s\u00e3o alvo de estudo de pesquisadores da UENF e tamb\u00e9m de outras institui\u00e7\u00f5es. O objetivo do setor \u00e9 arquivar amostras de plantas caracter\u00edsticas das Regi\u00f5es Norte e Noroeste Fluminense, facilitando o estudo de alunos da gradua\u00e7\u00e3o e p\u00f3s-gradua\u00e7\u00e3o. \u00c9 tamb\u00e9m um espa\u00e7o n\u00e3o formal para o ensino da bot\u00e2nica para as s\u00e9ries de ensino fundamental e m\u00e9dio.<\/p>\n<p style=\"text-align: left\">\u00a0 \u00a0 \u00a0 \u00a0 \u00a0As plantas s\u00e3o catalogadas atrav\u00e9s do processo de Herboriza\u00e7\u00e3o. O processo consiste em secagem das plantas (em uma m\u00e9dia de 48 a 72 horas) em estufa, descontamina\u00e7\u00e3o do material, montagem (costura em cartolina) e registro atrav\u00e9s da ficha de identifica\u00e7\u00e3o que cont\u00e9m o nome da planta, local e data de coleta e nome do coletor. O trabalho \u00e9 desenvolvido por alunos, pesquisadores e doadores. Mais informa\u00e7\u00f5es podem ser obtidas atrav\u00e9s do telefone 2739-7271 ou na p\u00e1gina do Herb\u00e1rio.<\/p>\n<p><a href=\"https:\/\/uenf.br\/cbb\/herbario\/files\/2014\/09\/received_947419585332848.jpeg\"><img loading=\"lazy\" decoding=\"async\" class=\"wp-image-455 aligncenter\" src=\"https:\/\/uenf.br\/cbb\/herbario\/files\/2014\/09\/received_947419585332848.jpeg\" alt=\"received_947419585332848\" width=\"521\" height=\"348\" \/><\/a><\/p>\n<h6 style=\"text-align: center\">Identifica\u00e7\u00e3o de material bot\u00e2nico<\/h6>\n<p><a href=\"https:\/\/uenf.br\/cbb\/herbario\/files\/2014\/09\/essa-2.jpeg\"><img loading=\"lazy\" decoding=\"async\" class=\" wp-image-415 aligncenter\" src=\"https:\/\/uenf.br\/cbb\/herbario\/files\/2014\/09\/essa-2.jpeg\" alt=\"essa 2\" width=\"517\" height=\"345\" \/><\/a><\/p>\n<h6 style=\"text-align: center\">Registro de material em\u00a0livro<\/h6>\n<p><a href=\"https:\/\/uenf.br\/cbb\/herbario\/files\/2014\/09\/essa.jpeg\"><img loading=\"lazy\" decoding=\"async\" class=\" wp-image-414 aligncenter\" src=\"https:\/\/uenf.br\/cbb\/herbario\/files\/2014\/09\/essa.jpeg\" alt=\"essa\" width=\"518\" height=\"345\" \/><\/a><\/p>\n<h6 style=\"text-align: center\">Registro de material no banco de dados Brahms<\/h6>\n<p><a href=\"https:\/\/uenf.br\/cbb\/herbario\/files\/2014\/09\/received_947417535333053.jpeg\"><img loading=\"lazy\" decoding=\"async\" class=\" wp-image-408 aligncenter\" src=\"https:\/\/uenf.br\/cbb\/herbario\/files\/2014\/09\/received_947417535333053.jpeg\" alt=\"received_947417535333053\" width=\"515\" height=\"344\" \/><\/a><\/p>\n<h6 style=\"text-align: center\">Incorporando material no acervo<\/h6>\n<p>&nbsp;<\/p>\n","protected":false},"excerpt":{"rendered":"<p>\u00a0 \u00a0Para obter informa\u00e7\u00f5es mais detalhadas sobre o treinamento em Herb\u00e1rio, consulte o link abaixo: 2025-12-01_Treinamento_em_Herb\u00e1rio_ &nbsp; \u00a0 \u00a0 \u00a0&#8230;<\/p>\n","protected":false},"author":14,"featured_media":0,"parent":0,"menu_order":7,"comment_status":"closed","ping_status":"closed","template":"","meta":{"footnotes":""},"class_list":["post-384","page","type-page","status-publish","hentry"],"_links":{"self":[{"href":"https:\/\/uenf.br\/cbb\/herbario\/wp-json\/wp\/v2\/pages\/384","targetHints":{"allow":["GET"]}}],"collection":[{"href":"https:\/\/uenf.br\/cbb\/herbario\/wp-json\/wp\/v2\/pages"}],"about":[{"href":"https:\/\/uenf.br\/cbb\/herbario\/wp-json\/wp\/v2\/types\/page"}],"author":[{"embeddable":true,"href":"https:\/\/uenf.br\/cbb\/herbario\/wp-json\/wp\/v2\/users\/14"}],"replies":[{"embeddable":true,"href":"https:\/\/uenf.br\/cbb\/herbario\/wp-json\/wp\/v2\/comments?post=384"}],"version-history":[{"count":0,"href":"https:\/\/uenf.br\/cbb\/herbario\/wp-json\/wp\/v2\/pages\/384\/revisions"}],"wp:attachment":[{"href":"https:\/\/uenf.br\/cbb\/herbario\/wp-json\/wp\/v2\/media?parent=384"}],"curies":[{"name":"wp","href":"https:\/\/api.w.org\/{rel}","templated":true}]}}