{"id":41,"date":"2014-09-26T19:50:42","date_gmt":"2014-09-26T19:50:42","guid":{"rendered":"http:\/\/uenf.br\/cbb\/herbario\/?page_id=41"},"modified":"2015-11-13T17:01:41","modified_gmt":"2015-11-13T17:01:41","slug":"planta-simbolo","status":"publish","type":"page","link":"https:\/\/uenf.br\/cbb\/herbario\/apresentacao\/planta-simbolo\/","title":{"rendered":"Planta s\u00edmbolo"},"content":{"rendered":"<p style=\"text-align: justify\"><a href=\"https:\/\/uenf.br\/cbb\/herbario\/files\/2014\/09\/Planta-simbolo.jpg\"><img loading=\"lazy\" decoding=\"async\" class=\"alignleft size-medium wp-image-42\" src=\"https:\/\/uenf.br\/cbb\/herbario\/files\/2014\/09\/Planta-simbolo-241x300.jpg\" alt=\"Planta simbolo\" width=\"241\" height=\"300\" srcset=\"https:\/\/uenf.br\/cbb\/herbario\/files\/2014\/09\/Planta-simbolo-241x300.jpg 241w, https:\/\/uenf.br\/cbb\/herbario\/files\/2014\/09\/Planta-simbolo-120x150.jpg 120w, https:\/\/uenf.br\/cbb\/herbario\/files\/2014\/09\/Planta-simbolo-400x497.jpg 400w, https:\/\/uenf.br\/cbb\/herbario\/files\/2014\/09\/Planta-simbolo.jpg 526w\" sizes=\"auto, (max-width: 241px) 100vw, 241px\" \/><\/a>\u00a0 A planta s\u00edmbolo do nosso Herb\u00e1rio, este ano, \u00e9 a <em>Begonia ibitiocensis<\/em> E. L. Jacques &amp; Mamede, sp. nov. (Begoniaceae). Esta esp\u00e9cie tem porte herb\u00e1ceo, \u00e9 end\u00eamica do Estado do Rio de Janeiro, ocorrendo principalmente nas \u00e1reas de Mata Atl\u00e2ntica com afloramentos rochosos na Regi\u00e3o de Ibitioca, Campos dos Goytacazes e florescendo e frutificando em outubro. Esta esp\u00e9cie, descrita em 2004, est\u00e1 amea\u00e7ada de extin\u00e7\u00e3o devido \u00e0 destrui\u00e7\u00e3o de seu habitat natural.<\/p>\n","protected":false},"excerpt":{"rendered":"<p>\u00a0 A planta s\u00edmbolo do nosso Herb\u00e1rio, este ano, \u00e9 a Begonia ibitiocensis E. L. Jacques &amp; Mamede, sp. nov&#8230;.<\/p>\n","protected":false},"author":14,"featured_media":0,"parent":2,"menu_order":2,"comment_status":"closed","ping_status":"open","template":"","meta":{"footnotes":""},"class_list":["post-41","page","type-page","status-publish","hentry"],"_links":{"self":[{"href":"https:\/\/uenf.br\/cbb\/herbario\/wp-json\/wp\/v2\/pages\/41","targetHints":{"allow":["GET"]}}],"collection":[{"href":"https:\/\/uenf.br\/cbb\/herbario\/wp-json\/wp\/v2\/pages"}],"about":[{"href":"https:\/\/uenf.br\/cbb\/herbario\/wp-json\/wp\/v2\/types\/page"}],"author":[{"embeddable":true,"href":"https:\/\/uenf.br\/cbb\/herbario\/wp-json\/wp\/v2\/users\/14"}],"replies":[{"embeddable":true,"href":"https:\/\/uenf.br\/cbb\/herbario\/wp-json\/wp\/v2\/comments?post=41"}],"version-history":[{"count":0,"href":"https:\/\/uenf.br\/cbb\/herbario\/wp-json\/wp\/v2\/pages\/41\/revisions"}],"up":[{"embeddable":true,"href":"https:\/\/uenf.br\/cbb\/herbario\/wp-json\/wp\/v2\/pages\/2"}],"wp:attachment":[{"href":"https:\/\/uenf.br\/cbb\/herbario\/wp-json\/wp\/v2\/media?parent=41"}],"curies":[{"name":"wp","href":"https:\/\/api.w.org\/{rel}","templated":true}]}}