{"id":640,"date":"2016-11-17T11:36:50","date_gmt":"2016-11-17T11:36:50","guid":{"rendered":"http:\/\/uenf.br\/cbb\/herbario\/?page_id=640"},"modified":"2023-05-30T14:36:46","modified_gmt":"2023-05-30T14:36:46","slug":"640-2","status":"publish","type":"page","link":"https:\/\/uenf.br\/cbb\/herbario\/informativo-uenf\/640-2\/","title":{"rendered":"Congresso Nacional de Bot\u00e2nica 2016"},"content":{"rendered":"<p>67\u00b0 Congresso Nacional de Bot\u00e2nica, realizado de 25 a 30 de setembro de 2016, na cidade de Vit\u00f3ria, Esp\u00edrito Santo, Brasil.\u00a0O tema do evento foi:\u00a0\u201cConectando diversidades, revelando o desconhecido\u201d.<\/p>\n<p>Foram\u00a0apresentados resumos com os seguintes temas : \u201cHERB\u00c1RIO UENF ITINERANTE: UMA FORMA L\u00daDICA PARA ENSINAR BOT\u00c2NICA\u201d, \u201cCOLE\u00c7\u00d5ES BOT\u00c2NICAS REFERENTE AO M\u00d3DULO GUAXINDIBA\/RJ DO PPBIO\u00a0 NO HERB\u00c1RIO DO CENTRO DE BIOCI\u00caNCIAS E BIOTECNOLOGIA DA UENF\u201d e \u201cINFORMATIZA\u00c7\u00c3O E DISPONIBILIZA\u00c7\u00c3O DOS DADOS DA COLE\u00c7\u00c3O DO HERB\u00c1RIO DO CENTRO DE BIOCI\u00caNCIAS E BIOTECNOLOGIA DA UNIVERSIDADE ESTADUAL DO NORTE FLUMINENSE\u201d.<\/p>\n<p>&nbsp;<\/p>\n<p><img loading=\"lazy\" decoding=\"async\" class=\"aligncenter wp-image-617\" src=\"https:\/\/uenf.br\/cbb\/herbario\/files\/2016\/09\/PhotoGrid_14750956639431.jpg\" alt=\"photogrid_14750956639431\" width=\"500\" height=\"500\" \/><\/p>\n","protected":false},"excerpt":{"rendered":"<p>67\u00b0 Congresso Nacional de Bot\u00e2nica, realizado de 25 a 30 de setembro de 2016, na cidade de Vit\u00f3ria, Esp\u00edrito Santo,&#8230;<\/p>\n","protected":false},"author":14,"featured_media":0,"parent":24,"menu_order":20,"comment_status":"closed","ping_status":"closed","template":"","meta":{"footnotes":""},"class_list":["post-640","page","type-page","status-publish","hentry"],"_links":{"self":[{"href":"https:\/\/uenf.br\/cbb\/herbario\/wp-json\/wp\/v2\/pages\/640","targetHints":{"allow":["GET"]}}],"collection":[{"href":"https:\/\/uenf.br\/cbb\/herbario\/wp-json\/wp\/v2\/pages"}],"about":[{"href":"https:\/\/uenf.br\/cbb\/herbario\/wp-json\/wp\/v2\/types\/page"}],"author":[{"embeddable":true,"href":"https:\/\/uenf.br\/cbb\/herbario\/wp-json\/wp\/v2\/users\/14"}],"replies":[{"embeddable":true,"href":"https:\/\/uenf.br\/cbb\/herbario\/wp-json\/wp\/v2\/comments?post=640"}],"version-history":[{"count":0,"href":"https:\/\/uenf.br\/cbb\/herbario\/wp-json\/wp\/v2\/pages\/640\/revisions"}],"up":[{"embeddable":true,"href":"https:\/\/uenf.br\/cbb\/herbario\/wp-json\/wp\/v2\/pages\/24"}],"wp:attachment":[{"href":"https:\/\/uenf.br\/cbb\/herbario\/wp-json\/wp\/v2\/media?parent=640"}],"curies":[{"name":"wp","href":"https:\/\/api.w.org\/{rel}","templated":true}]}}