{"id":841,"date":"2018-08-31T19:29:06","date_gmt":"2018-08-31T19:29:06","guid":{"rendered":"http:\/\/uenf.br\/cbb\/herbario\/?page_id=841"},"modified":"2023-05-30T14:34:24","modified_gmt":"2023-05-30T14:34:24","slug":"encontro-de-projetos-de-extensao-do-cbb","status":"publish","type":"page","link":"https:\/\/uenf.br\/cbb\/herbario\/informativo-uenf\/encontro-de-projetos-de-extensao-do-cbb\/","title":{"rendered":"Encontro de projetos de Extens\u00e3o do CBB"},"content":{"rendered":"<p>As bolsistas de Extens\u00e3o do HUENF, Maryana Belan e Yasmim Maia, apresentaram ontem os principais resultados para 2017-2018 do projeto &#8220;O Herb\u00e1rio UENF como espa\u00e7o n\u00e3o formal para o ensino da biodiversidade do Norte Fluminense&#8221; em evento no CBB\/UENF.<\/p>\n<h6><a href=\"https:\/\/www.facebook.com\/herbariouenf\/\">Saiba mais<\/a><\/h6>\n<p><img loading=\"lazy\" decoding=\"async\" class=\"aligncenter wp-image-822\" src=\"https:\/\/uenf.br\/cbb\/herbario\/files\/2018\/08\/40390801_697475760587007_7805991958265987072_n.jpg\" alt=\"\" width=\"472\" height=\"354\" \/><\/p>\n<p><img loading=\"lazy\" decoding=\"async\" class=\"aligncenter wp-image-825\" src=\"https:\/\/uenf.br\/cbb\/herbario\/files\/2018\/08\/40397785_697475787253671_4034103257457491968_n.jpg\" alt=\"\" width=\"474\" height=\"267\" \/><\/p>\n<p><img loading=\"lazy\" decoding=\"async\" class=\"aligncenter wp-image-828\" src=\"https:\/\/uenf.br\/cbb\/herbario\/files\/2018\/08\/40515528_697475733920343_3756417421154451456_n.jpg\" alt=\"\" width=\"473\" height=\"355\" \/><\/p>\n","protected":false},"excerpt":{"rendered":"<p>As bolsistas de Extens\u00e3o do HUENF, Maryana Belan e Yasmim Maia, apresentaram ontem os principais resultados para 2017-2018 do projeto&#8230;<\/p>\n","protected":false},"author":14,"featured_media":0,"parent":24,"menu_order":40,"comment_status":"closed","ping_status":"closed","template":"","meta":{"footnotes":""},"class_list":["post-841","page","type-page","status-publish","hentry"],"_links":{"self":[{"href":"https:\/\/uenf.br\/cbb\/herbario\/wp-json\/wp\/v2\/pages\/841","targetHints":{"allow":["GET"]}}],"collection":[{"href":"https:\/\/uenf.br\/cbb\/herbario\/wp-json\/wp\/v2\/pages"}],"about":[{"href":"https:\/\/uenf.br\/cbb\/herbario\/wp-json\/wp\/v2\/types\/page"}],"author":[{"embeddable":true,"href":"https:\/\/uenf.br\/cbb\/herbario\/wp-json\/wp\/v2\/users\/14"}],"replies":[{"embeddable":true,"href":"https:\/\/uenf.br\/cbb\/herbario\/wp-json\/wp\/v2\/comments?post=841"}],"version-history":[{"count":0,"href":"https:\/\/uenf.br\/cbb\/herbario\/wp-json\/wp\/v2\/pages\/841\/revisions"}],"up":[{"embeddable":true,"href":"https:\/\/uenf.br\/cbb\/herbario\/wp-json\/wp\/v2\/pages\/24"}],"wp:attachment":[{"href":"https:\/\/uenf.br\/cbb\/herbario\/wp-json\/wp\/v2\/media?parent=841"}],"curies":[{"name":"wp","href":"https:\/\/api.w.org\/{rel}","templated":true}]}}