{"id":515,"date":"2025-07-23T14:03:29","date_gmt":"2025-07-23T17:03:29","guid":{"rendered":"https:\/\/uenf.br\/cbb\/lbct\/?page_id=515"},"modified":"2025-07-23T17:26:44","modified_gmt":"2025-07-23T20:26:44","slug":"pos-graduacao","status":"publish","type":"page","link":"https:\/\/uenf.br\/cbb\/lbct\/disciplinas-oferecidas\/pos-graduacao\/","title":{"rendered":"P\u00f3s-Gradua\u00e7\u00e3o"},"content":{"rendered":"<p><strong><u>PROGRAMA DE P\u00d3S-GRADUA\u00c7\u00c3O EM BIOCI\u00caNCIAS E BIOTECNOLOGIA<\/u><\/strong><\/p>\n<p>LBC 2701 &#8211; Microscopia \u00f3ptica<\/p>\n<p>LBC 2702 &#8211; Microscopia confocal<\/p>\n<p>LBC 2705 &#8211; Microscopia Eletr\u00f4nica de Varredura<\/p>\n<p>LBC 2706 &#8211; Biologia Celular I<\/p>\n<p>LBC 2707 &#8211; Semin\u00e1rios em Biologia Celular \u2013 sa\u00fade<\/p>\n<p>LBC 2718 &#8211; T\u00f3picos Especiais em Anatomia Vegetal<\/p>\n<p>LBC 2720 &#8211; Bases estruturais e bioqu\u00edmicas da resposta de plantas a estresses bi\u00f3ticos e abi\u00f3ticos<\/p>\n<p>LBC 2727 &#8211; Epistemologia aplicada a bioci\u00eancias I<\/p>\n<p>LBC 2728 &#8211; Epistemologia aplicada a bioci\u00eancias II<\/p>\n<p>LBC 2730 &#8211; Metodologia da ci\u00eancia<\/p>\n<p>LBC 2731 &#8211; Fisiologia e bioqu\u00edmica do desenvolvimento vegetal<\/p>\n<p>LBC 2733 &#8211; C\u00e9lulas-tronco e terapias celulares em doen\u00e7as do Sistema Nervoso Central<\/p>\n<p>LBC 2739 &#8211; Toxicologia Celular<\/p>\n<p>LBC 2740 &#8211; Imunofenotipagem e an\u00e1lise de morte celular atrav\u00e9s de\u00a0citometria de fluxo<\/p>\n<p>LBC 2741 &#8211; Neuroci\u00eancias B\u00e1sica<\/p>\n<p>LBC 2742 &#8211; Fundamentos em Medicina de Precis\u00e3o<\/p>\n<p>LBC 2745 &#8211; Semin\u00e1rios em Biologia Celular \u2013 Biologia Vegetal e Ecossist\u00eamica<\/p>\n<p>LBC 2746 &#8211; Sequenciamento de Sanger<\/p>\n<p>LBC 2447 &#8211; Oncologia Celular e Molecular<\/p>\n<p>&nbsp;<\/p>\n<p><strong><u>PROGRAMA DE P\u00d3S-GRADUA\u00c7\u00c3O EM ECOLOGIA E RECURSOS NATURAIS<\/u><\/strong><\/p>\n<p>LBC 2738 &#8211; Anatomia Ecol\u00f3gica Vegetal<\/p>\n<p>&nbsp;<\/p>\n<p><strong><u>PROGRAMA DE P\u00d3S-GRADUA\u00c7\u00c3O EM BIOTECNOLOGIA VEGETAL<\/u><\/strong><\/p>\n<p>LBC 2731 &#8211; Fisiologia e Bioqu\u00edmica do Desenvolvimento Vegetal<\/p>\n<p>LBC 2737 &#8211; Fundamentos em Biologia Celular Vegetal<\/p>\n<p>LBC 2743 &#8211; An\u00e1lise Funcional de Dados Transcriptomicos e Prote\u00f4micos<\/p>\n","protected":false},"excerpt":{"rendered":"<p>PROGRAMA DE P\u00d3S-GRADUA\u00c7\u00c3O EM BIOCI\u00caNCIAS E BIOTECNOLOGIA LBC 2701 &#8211; Microscopia \u00f3ptica LBC 2702 &#8211; Microscopia confocal LBC 2705 &#8211;&#8230;<\/p>\n","protected":false},"author":3,"featured_media":0,"parent":490,"menu_order":3,"comment_status":"closed","ping_status":"closed","template":"","meta":{"footnotes":""},"class_list":["post-515","page","type-page","status-publish","hentry"],"_links":{"self":[{"href":"https:\/\/uenf.br\/cbb\/lbct\/wp-json\/wp\/v2\/pages\/515","targetHints":{"allow":["GET"]}}],"collection":[{"href":"https:\/\/uenf.br\/cbb\/lbct\/wp-json\/wp\/v2\/pages"}],"about":[{"href":"https:\/\/uenf.br\/cbb\/lbct\/wp-json\/wp\/v2\/types\/page"}],"author":[{"embeddable":true,"href":"https:\/\/uenf.br\/cbb\/lbct\/wp-json\/wp\/v2\/users\/3"}],"replies":[{"embeddable":true,"href":"https:\/\/uenf.br\/cbb\/lbct\/wp-json\/wp\/v2\/comments?post=515"}],"version-history":[{"count":0,"href":"https:\/\/uenf.br\/cbb\/lbct\/wp-json\/wp\/v2\/pages\/515\/revisions"}],"up":[{"embeddable":true,"href":"https:\/\/uenf.br\/cbb\/lbct\/wp-json\/wp\/v2\/pages\/490"}],"wp:attachment":[{"href":"https:\/\/uenf.br\/cbb\/lbct\/wp-json\/wp\/v2\/media?parent=515"}],"curies":[{"name":"wp","href":"https:\/\/api.w.org\/{rel}","templated":true}]}}