{"id":571,"date":"2025-09-09T18:17:21","date_gmt":"2025-09-09T21:17:21","guid":{"rendered":"https:\/\/uenf.br\/cbb\/lbct\/?page_id=571"},"modified":"2025-09-09T22:07:37","modified_gmt":"2025-09-10T01:07:37","slug":"regimento-interno","status":"publish","type":"page","link":"https:\/\/uenf.br\/cbb\/lbct\/plataforma-de-equipamentos-multiusuarios-de-microscopia-e-microanalise-prof-ulysses-lins\/regimento-interno\/","title":{"rendered":"Comit\u00ea Gestor"},"content":{"rendered":"<p style=\"text-align: center\"><strong>Membros do Comit\u00ea Gestor da Plataforma Multiusu\u00e1rios de Equipamentos \u2013 LBCT\/UENF<\/strong><\/p>\n<ul>\n<li>Profa. Dra. Maura Da Cunha \u2013 Laborat\u00f3rio de Biologia Celular e Tecidual (LBCT), Centro de Bioci\u00eancias e Biotecnologia (CBB), UENF<\/li>\n<li>Prof. Dr. Fabio Lopes Olivares \u2013 Laborat\u00f3rio de Biologia Celular e Tecidual (LBCT), Centro de Bioci\u00eancias e Biotecnologia (CBB), UENF<\/li>\n<li>Profa. Dra. Valdirene Moreira Gomes \u2013 Laborat\u00f3rio de Fisiologia e Bioqu\u00edmica de Micro-organismos (LFBM), Centro de Bioci\u00eancias e Biotecnologia (CBB), UENF<\/li>\n<li>Profa. Dra. Claudia Franca Barros \u2013 Instituto de Pesquisas Jardim Bot\u00e2nico do Rio de Janeiro (IPJBRJ)<\/li>\n<\/ul>\n","protected":false},"excerpt":{"rendered":"<p>Membros do Comit\u00ea Gestor da Plataforma Multiusu\u00e1rios de Equipamentos \u2013 LBCT\/UENF Profa. Dra. Maura Da Cunha \u2013 Laborat\u00f3rio de Biologia&#8230;<\/p>\n","protected":false},"author":3,"featured_media":0,"parent":566,"menu_order":3,"comment_status":"closed","ping_status":"closed","template":"","meta":{"footnotes":""},"class_list":["post-571","page","type-page","status-publish","hentry"],"_links":{"self":[{"href":"https:\/\/uenf.br\/cbb\/lbct\/wp-json\/wp\/v2\/pages\/571","targetHints":{"allow":["GET"]}}],"collection":[{"href":"https:\/\/uenf.br\/cbb\/lbct\/wp-json\/wp\/v2\/pages"}],"about":[{"href":"https:\/\/uenf.br\/cbb\/lbct\/wp-json\/wp\/v2\/types\/page"}],"author":[{"embeddable":true,"href":"https:\/\/uenf.br\/cbb\/lbct\/wp-json\/wp\/v2\/users\/3"}],"replies":[{"embeddable":true,"href":"https:\/\/uenf.br\/cbb\/lbct\/wp-json\/wp\/v2\/comments?post=571"}],"version-history":[{"count":0,"href":"https:\/\/uenf.br\/cbb\/lbct\/wp-json\/wp\/v2\/pages\/571\/revisions"}],"up":[{"embeddable":true,"href":"https:\/\/uenf.br\/cbb\/lbct\/wp-json\/wp\/v2\/pages\/566"}],"wp:attachment":[{"href":"https:\/\/uenf.br\/cbb\/lbct\/wp-json\/wp\/v2\/media?parent=571"}],"curies":[{"name":"wp","href":"https:\/\/api.w.org\/{rel}","templated":true}]}}