{"id":6,"date":"2010-09-23T08:41:40","date_gmt":"2010-09-23T11:41:40","guid":{"rendered":"http:\/\/uenf.br\/cbb\/lbct\/"},"modified":"2025-07-23T12:37:02","modified_gmt":"2025-07-23T15:37:02","slug":"apresentacao","status":"publish","type":"page","link":"https:\/\/uenf.br\/cbb\/lbct\/","title":{"rendered":"Apresenta\u00e7\u00e3o"},"content":{"rendered":"<p style=\"text-align: justify\">\u00a0 \u00a0 \u00a0 \u00a0 <img loading=\"lazy\" decoding=\"async\" class=\"aligncenter wp-image-476 size-medium\" src=\"https:\/\/uenf.br\/cbb\/lbct\/files\/2025\/07\/logo-300x115.jpg\" alt=\"\" width=\"300\" height=\"115\" \/><\/p>\n<p style=\"text-align: justify\">O Laborat\u00f3rio de Biologia Celular e Tecidual (LBCT) atua no ensino na gradua\u00e7\u00e3o e p\u00f3s-gradua\u00e7\u00e3o, e na pesquisa voltados a v\u00e1rias \u00e1reas em sistemas modelos animais e vegetais, cujos projetos de pesquisas s\u00e3o liderados por 12 professores Associados e 1 professor Titular, com financiamentos de v\u00e1rias institui\u00e7\u00f5es de fomento nacionais e internacionais, com estabelecimento de muitas colabora\u00e7\u00f5es no pa\u00eds e no exterior.\u00a0A gera\u00e7\u00e3o de conhecimento cientifico \u00e9 uma das premissas deste grupo de pesquisa.<\/p>\n<p style=\"text-align: justify\">A \u00a0diversidade de modelos do grupo de pesquisa conflui para a gera\u00e7\u00e3o de conhecimentos em biologia celular e tecidual animal e vegetal, complementado por abordagens bioqu\u00edmicas e moleculares. Os diversos processos de intera\u00e7\u00e3o celular s\u00e3o focos de estudo, onde as principais abordagens s\u00e3o:<\/p>\n<p style=\"text-align: justify\">1) Anatomia e ultraestrutura vegetal visando compreender aspectos morfofisiol\u00f3gicos em plantas de interesse conservacionista e econ\u00f4mico, enfocando as fam\u00edlias Arecaceae, Myrtaceae e Rubiaceae;<\/p>\n<p style=\"text-align: justify\">2) A biologia celular das intera\u00e7\u00f5es ben\u00e9ficas e patog\u00eanicas entre nemat\u00f3ides e microrganismos com vegetais de interesse agr\u00edcola, principalmente cana-de-a\u00e7\u00facar, fruteiras tropicais e palmeiras;<\/p>\n<p style=\"text-align: justify\">3) A biologia celular e fisiologia do desenvolvimento vegetal visando compreender o papel de mol\u00e9culas sinalizadoras e horm\u00f4nios vegetais como moduladores do desenvolvimento e diferencia\u00e7\u00e3o em processos morfogen\u00e9ticos in vitro;<\/p>\n<p style=\"text-align: justify\">4) O estudo estrutural e bioqu\u00edmico de parasitas de interesse m\u00e9dico e veterin\u00e1rio com hospedeiros invertebrados e vertebrados, enfocando abordagens in vitro e in vivo, permite gerar subs\u00eddios \u00e0 compreens\u00e3o desta intera\u00e7\u00e3o;<\/p>\n<p style=\"text-align: justify\">5) O controle biol\u00f3gico destes parasitas e o emprego f\u00e1rmacos antiparasit\u00e1rios e antitumorais s\u00e3o estrat\u00e9gias analisadas morfol\u00f3gica e bioquimicamente;<\/p>\n<p style=\"text-align: justify\">6) Fatores bi\u00f3ticos e abi\u00f3ticos usualmente geram respostas morfol\u00f3gicas e bioqu\u00edmicas cuja an\u00e1lise pode gerar dados para a compreens\u00e3o destes mecanismos de estresse;<\/p>\n<p style=\"text-align: justify\">7) A biologia celular do processo de matura\u00e7\u00e3o esperm\u00e1tica e dos fatores que influenciam na fertilidade potencial de um reprodutor vertebrado contribui para a compreens\u00e3o da biologia da reprodu\u00e7\u00e3o;<\/p>\n<p style=\"text-align: justify\">8) O emprego do perfil imunol\u00f3gico no manejo integrado nutricional e sanit\u00e1rio na avicultura; e,<\/p>\n<p style=\"text-align: justify\">9) A diferencia\u00e7\u00e3o de res\u00edduos de disparo de arma de fogo de res\u00edduos de origem ocupacional por microscopia anal\u00edtica visando a per\u00edcia criminal.<\/p>\n<p style=\"text-align: justify\">\n","protected":false},"excerpt":{"rendered":"<p>\u00a0 \u00a0 \u00a0 \u00a0 O Laborat\u00f3rio de Biologia Celular e Tecidual (LBCT) atua no ensino na gradua\u00e7\u00e3o e p\u00f3s-gradua\u00e7\u00e3o, e&#8230;<\/p>\n","protected":false},"author":3,"featured_media":0,"parent":0,"menu_order":0,"comment_status":"closed","ping_status":"open","template":"","meta":{"footnotes":""},"class_list":["post-6","page","type-page","status-publish","hentry"],"_links":{"self":[{"href":"https:\/\/uenf.br\/cbb\/lbct\/wp-json\/wp\/v2\/pages\/6","targetHints":{"allow":["GET"]}}],"collection":[{"href":"https:\/\/uenf.br\/cbb\/lbct\/wp-json\/wp\/v2\/pages"}],"about":[{"href":"https:\/\/uenf.br\/cbb\/lbct\/wp-json\/wp\/v2\/types\/page"}],"author":[{"embeddable":true,"href":"https:\/\/uenf.br\/cbb\/lbct\/wp-json\/wp\/v2\/users\/3"}],"replies":[{"embeddable":true,"href":"https:\/\/uenf.br\/cbb\/lbct\/wp-json\/wp\/v2\/comments?post=6"}],"version-history":[{"count":0,"href":"https:\/\/uenf.br\/cbb\/lbct\/wp-json\/wp\/v2\/pages\/6\/revisions"}],"wp:attachment":[{"href":"https:\/\/uenf.br\/cbb\/lbct\/wp-json\/wp\/v2\/media?parent=6"}],"curies":[{"name":"wp","href":"https:\/\/api.w.org\/{rel}","templated":true}]}}