{"id":16,"date":"2013-12-17T18:51:04","date_gmt":"2013-12-17T18:51:04","guid":{"rendered":"http:\/\/uenf.br\/cbb\/lbt\/?page_id=16"},"modified":"2025-05-13T21:17:27","modified_gmt":"2025-05-13T21:17:27","slug":"linhas-de-pesquisa","status":"publish","type":"page","link":"https:\/\/uenf.br\/cbb\/lbt\/linhas-de-pesquisa\/","title":{"rendered":"Linhas de pesquisa"},"content":{"rendered":"<p align=\"left\"><strong>As diversas linhas de Pesquisa do LBT englobam:<\/strong><\/p>\n<p><strong style=\"font-family: times, serif\">\u00a0<\/strong><\/p>\n<p>&nbsp;<\/p>\n<ul>\n<li>Engenharia de plantas transg\u00eanicas resistentes a estresses abi\u00f3tico e bi\u00f3tico.<\/li>\n<li>Identifica\u00e7\u00e3o e produ\u00e7\u00e3o de compostos potencialmente medicinais.<\/li>\n<li>Desenvolvimento de vacinas anti-mosquito.<\/li>\n<li>Desenvolvimento de plantas transg\u00eanicas resistentes a pat\u00f3genos e insetos.<\/li>\n<li>Desenvolvimento de processos de produ\u00e7\u00e3o de imunoter\u00e1picos e imunoprofil\u00e1ticos em sistemas heter\u00f3logos.<\/li>\n<\/ul>\n<p>&nbsp;<\/p>\n<p>&nbsp;<\/p>\n<p>&nbsp;<\/p>\n<p>&nbsp;<\/p>\n<p>&nbsp;<\/p>\n","protected":false},"excerpt":{"rendered":"<p>As diversas linhas de Pesquisa do LBT englobam: \u00a0 &nbsp; Engenharia de plantas transg\u00eanicas resistentes a estresses abi\u00f3tico e bi\u00f3tico&#8230;.<\/p>\n","protected":false},"author":12,"featured_media":0,"parent":0,"menu_order":2,"comment_status":"open","ping_status":"open","template":"","meta":{"footnotes":""},"class_list":["post-16","page","type-page","status-publish","hentry"],"_links":{"self":[{"href":"https:\/\/uenf.br\/cbb\/lbt\/wp-json\/wp\/v2\/pages\/16","targetHints":{"allow":["GET"]}}],"collection":[{"href":"https:\/\/uenf.br\/cbb\/lbt\/wp-json\/wp\/v2\/pages"}],"about":[{"href":"https:\/\/uenf.br\/cbb\/lbt\/wp-json\/wp\/v2\/types\/page"}],"author":[{"embeddable":true,"href":"https:\/\/uenf.br\/cbb\/lbt\/wp-json\/wp\/v2\/users\/12"}],"replies":[{"embeddable":true,"href":"https:\/\/uenf.br\/cbb\/lbt\/wp-json\/wp\/v2\/comments?post=16"}],"version-history":[{"count":0,"href":"https:\/\/uenf.br\/cbb\/lbt\/wp-json\/wp\/v2\/pages\/16\/revisions"}],"wp:attachment":[{"href":"https:\/\/uenf.br\/cbb\/lbt\/wp-json\/wp\/v2\/media?parent=16"}],"curies":[{"name":"wp","href":"https:\/\/api.w.org\/{rel}","templated":true}]}}