{"id":2,"date":"2013-03-14T20:06:58","date_gmt":"2013-03-14T20:06:58","guid":{"rendered":"http:\/\/uenf.br\/cbb\/lbt\/?page_id=2"},"modified":"2019-10-15T14:51:16","modified_gmt":"2019-10-15T14:51:16","slug":"pagina-exemplo","status":"publish","type":"page","link":"https:\/\/uenf.br\/cbb\/lbt\/","title":{"rendered":"Apresenta\u00e7\u00e3o"},"content":{"rendered":"<div id=\"attachment_12\" style=\"width: 195px\" class=\"wp-caption alignleft\"><img loading=\"lazy\" decoding=\"async\" aria-describedby=\"caption-attachment-12\" class=\"size-full wp-image-12\" style=\"margin-right: 10px\" src=\"https:\/\/uenf.br\/cbb\/lbt\/files\/2013\/03\/LBT_651_1141996256.jpg\" alt=\"Apresenta\u00e7\u00e3o\" width=\"185\" height=\"252\" srcset=\"https:\/\/uenf.br\/cbb\/lbt\/files\/2013\/03\/LBT_651_1141996256.jpg 185w, https:\/\/uenf.br\/cbb\/lbt\/files\/2013\/03\/LBT_651_1141996256-110x150.jpg 110w\" sizes=\"auto, (max-width: 185px) 100vw, 185px\" \/><p id=\"caption-attachment-12\" class=\"wp-caption-text\">Fotos: Scott Bauer e Jack Dykinga (ARS\/USDA)<\/p><\/div>\n<p>O <strong>Laborat\u00f3rio de Biotecnologia<\/strong> (LBT) participa deste processo de inova\u00e7\u00e3o tecnol\u00f3gica atrav\u00e9s de pesquisa e ensino de alta qualidade, almejando beneficiar a popula\u00e7\u00e3o da Regi\u00e3o Norte Fluminense, do Estado do Rio de Janeiro, e do pa\u00eds. Os projetos de pesquisa do LBT s\u00e3o liderados pelos seus 10 professores doutores, com financiamento de v\u00e1rias organiza\u00e7\u00f5es nacionais e internacionais, onde muitas colabora\u00e7\u00f5es no pa\u00eds e no exterior foram estabelecidas.<\/p>\n<p>Estimular a pensar \u00e9 um dos principais objetivos de forma\u00e7\u00e3o de nossos alunos. O LBT fornece ao estudante conhecimento e treinamento, atrav\u00e9s de disciplinas de gradua\u00e7\u00e3o (bacharelado e licenciatura) e p\u00f3s-gradua\u00e7\u00e3o (mestrado e doutorado), em v\u00e1rias \u00e1reas de Biotecnologia (industrial, vegetal, animal e de microrganismos) e Gen\u00e9tica (gen\u00e9tica cl\u00e1ssica e molecular, biologia molecular e engenharia gen\u00e9tica), al\u00e9m de Biosseguran\u00e7a e Bio\u00e9tica. O LBT \u00e9 respons\u00e1vel pela modalidade <i>Biotecnologia<\/i> do Curso de bacharelado em Ci\u00eancias Biol\u00f3gicas, e pela \u00e1rea de concentra\u00e7\u00e3o <i>Biologia Molecular e Biotecnologia<\/i> do Programa de P\u00f3s-Gradua\u00e7\u00e3o em Bioci\u00eancias e Biotecnologia (mestrado e doutorado). Os alunos do Laborat\u00f3rio participam de Projetos de Pesquisa de impacto e assim aprendem a pr\u00e1tica de pesquisa. Apresenta\u00e7\u00f5es em semin\u00e1rios do Laborat\u00f3rio, assim como em Congressos nacionais e internacionais, fornecem aos alunos a possibilidade de defender seus trabalhos frente a audi\u00eancias cr\u00edticas. A conclus\u00e3o e defesa de monografias de bacharelado, teses de mestrado ou doutorado, s\u00e3o eventos marcantes na vida do laborat\u00f3rio.<\/p>\n","protected":false},"excerpt":{"rendered":"<p>O Laborat\u00f3rio de Biotecnologia (LBT) participa deste processo de inova\u00e7\u00e3o tecnol\u00f3gica atrav\u00e9s de pesquisa e ensino de alta qualidade, almejando&#8230;<\/p>\n","protected":false},"author":9,"featured_media":0,"parent":0,"menu_order":1,"comment_status":"open","ping_status":"open","template":"","meta":{"footnotes":""},"class_list":["post-2","page","type-page","status-publish","hentry"],"_links":{"self":[{"href":"https:\/\/uenf.br\/cbb\/lbt\/wp-json\/wp\/v2\/pages\/2","targetHints":{"allow":["GET"]}}],"collection":[{"href":"https:\/\/uenf.br\/cbb\/lbt\/wp-json\/wp\/v2\/pages"}],"about":[{"href":"https:\/\/uenf.br\/cbb\/lbt\/wp-json\/wp\/v2\/types\/page"}],"author":[{"embeddable":true,"href":"https:\/\/uenf.br\/cbb\/lbt\/wp-json\/wp\/v2\/users\/9"}],"replies":[{"embeddable":true,"href":"https:\/\/uenf.br\/cbb\/lbt\/wp-json\/wp\/v2\/comments?post=2"}],"version-history":[{"count":0,"href":"https:\/\/uenf.br\/cbb\/lbt\/wp-json\/wp\/v2\/pages\/2\/revisions"}],"wp:attachment":[{"href":"https:\/\/uenf.br\/cbb\/lbt\/wp-json\/wp\/v2\/media?parent=2"}],"curies":[{"name":"wp","href":"https:\/\/api.w.org\/{rel}","templated":true}]}}