{"id":46,"date":"2013-12-18T16:58:05","date_gmt":"2013-12-18T16:58:05","guid":{"rendered":"http:\/\/uenf.br\/cbb\/lbt\/?page_id=46"},"modified":"2013-12-19T13:27:04","modified_gmt":"2013-12-19T13:27:04","slug":"teses-de-doutorado","status":"publish","type":"page","link":"https:\/\/uenf.br\/cbb\/lbt\/teses-de-doutorado\/","title":{"rendered":"Teses de doutorado"},"content":{"rendered":"<p><strong>9.<br \/>\nT\u00edtulo: Isolamento e identifica\u00e7\u00e3o de micro-organismos associados ao trato intestinal de\u00a0<em>Aedes aegypti<\/em>\u00a0e estudos preliminares sobre seu papel na fisiologia do inseto<br \/>\n<\/strong>Autora: Desiely Silva Gusm\u00e3o<br \/>\nOrientador: Dr. Francisco Jos\u00e9 Alves Lemos<br \/>\nData da defesa: 10\/10\/2007<\/p>\n<p><strong>8.<br \/>\nT\u00edtulo: Clonagem molecular e localiza\u00e7\u00e3o intracelular da aleno \u00f3xido sintase em plantas de maracuj\u00e1 (<em>Passiflora edulis sims flavicarpa flavicarpa<\/em>).<br \/>\n<\/strong>Autor: C\u00e9sar Lu\u00eds Siqueira J\u00fanior<br \/>\nOrientadora: Dra. T\u00e2nia Jacinto Freitas da silva<br \/>\nData da defesa: 21\/09\/2007<\/p>\n<p><strong>7.<br \/>\nT\u00edtulo: Efeitos da salinidade sobre a efici\u00eancia fotoqu\u00edmica em cana-de-a\u00e7\u00facar e an\u00e1lise parcial dos genes nucleares dos complexos fotoqu\u00edmicos.<br \/>\n<\/strong>Autor: R\u00e9gis Borges<br \/>\nOrientador: Dr. Gon\u00e7alo Apolin\u00e1rio de Souza Filho<br \/>\nData de defesa:17\/09\/2004<\/p>\n<p><strong>6.<br \/>\nT\u00edtulo:\u00a0<span style=\"font-family: Arial\">Obten\u00e7\u00e3o e produ\u00e7\u00e3o de part\u00edculas virais quim\u00e9ricas do v\u00edrus do Mosaico do Feij\u00e3o-de-Corda que expressam epitopos das proteinas GP63, LACK e LDP23 de\u00a0<em>Leishmania chagasi<\/em>.<\/span><br \/>\n<\/strong>Autora:\u00a0<span style=\"font-family: Arial\">Josane Mittmann<\/span><br \/>\nOrientador: Dr. Enrique Medina-Acosta<br \/>\nData de defesa: 25\/08\/2004<\/p>\n<p><strong>5.<br \/>\nT\u00edtulo: PREVEN\u00c7\u00c3O E TRATAMENTO DAS INFEC\u00c7\u00d5ES CAUSADAS POR\u00a0<i>Staphylococcus aureus<\/i>\u00a0E<i>Candida albicans<\/i>\u00a0COM PEPT\u00cdDEOS QUORUM-SENSORIAIS.<\/strong><br \/>\nAutora: Patr\u00edcia Damasceno Ribeiro<br \/>\nOrientador: Dr. Enrique Medina-Acosta<br \/>\nData de defesa: 18\/09\/2003<\/p>\n<p><b>4.<br \/>\nT\u00edtulo: PESQUISA DE ANTICORPOS CONTRA DETERMINANTES DE VIRUL\u00caNCIA DA\u00a0<i>Escherichia coli<\/i>ENTEROPATOG\u00caNICA EM COLOSTROS, SOROS E FEZES DE LACTENTES HUMANOS.<\/b><br \/>\nTese de Doutorado em Medicina (Doen\u00e7as Infecciosas e Parasit\u00e1rias) &#8211; UFRJ<br \/>\nAutora: Regina C\u00e9lia de Souza Campos Fernandes<br \/>\nOrientador: Dr. Enrique Medina-Acosta<br \/>\nCo-Orientadora: Dra. Susiie Andries Nogueira<br \/>\nData de defesa: 18\/09\/2002<\/p>\n<p><b>3.<br \/>\nT\u00edtulo: EXPRESS\u00c3O DE ANT\u00cdGENOS DE\u00a0<i>Escherichia coli<\/i>\u00a0ENTEROPATOG\u00caNICA (EPEC) EM SISTEMAS HETER\u00d3LOGOS<\/b>.<br \/>\nAutor: Victor Martin Quintana Flores<br \/>\nOrientador: Dr. Enrique Medina-Acosta<br \/>\nData de defesa: 17\/12\/2001<\/p>\n<p><b>2.<br \/>\nT\u00edtulo: O QUORUM SENSING DOS MECANISMOS DE EXPRESS\u00c3O DE ENTEROTOXINAS DE<i>Staphylococcus aureus<\/i>\u00a0COMO FOCO DE TERAPIAS ALTERNATIVAS PARA MASTITE BOVINA.<\/b><br \/>\nTese de Doutorado em Bioci\u00eancias e Biotecnologia (UENF\/CBB\/LBR)<br \/>\nAutor: Olney Vieira da Motta<br \/>\nOrientador: Dr. Wilmar Dias da Silva<br \/>\nCo-Orientador: Dr. Enrique Medina-Acosta<br \/>\nData de defesa: 14\/12\/2001<\/p>\n<p><b>1.<br \/>\nT\u00edtulo: RESPOSTA AO ESTRESSE AMBIENTAL EM PLANTAS DE ARROZ (<i>Oryza sativa<\/i>\u00a0L.): ATIVA\u00c7\u00c3O DO GENE SALT E DO SISTEMA DE FOSFORILA\u00c7\u00c3O DE PROTE\u00cdNAS<\/b>.<br \/>\nAutor: Gon\u00e7alo Apolin\u00e1rio de Souza Filho<br \/>\nOrientadora: Dra. Ana Beatriz Garcia<br \/>\nData de defesa: 1998<\/p>\n","protected":false},"excerpt":{"rendered":"<p>9. T\u00edtulo: Isolamento e identifica\u00e7\u00e3o de micro-organismos associados ao trato intestinal de\u00a0Aedes aegypti\u00a0e estudos preliminares sobre seu papel na fisiologia&#8230;<\/p>\n","protected":false},"author":12,"featured_media":0,"parent":0,"menu_order":6,"comment_status":"open","ping_status":"open","template":"","meta":{"footnotes":""},"class_list":["post-46","page","type-page","status-publish","hentry"],"_links":{"self":[{"href":"https:\/\/uenf.br\/cbb\/lbt\/wp-json\/wp\/v2\/pages\/46","targetHints":{"allow":["GET"]}}],"collection":[{"href":"https:\/\/uenf.br\/cbb\/lbt\/wp-json\/wp\/v2\/pages"}],"about":[{"href":"https:\/\/uenf.br\/cbb\/lbt\/wp-json\/wp\/v2\/types\/page"}],"author":[{"embeddable":true,"href":"https:\/\/uenf.br\/cbb\/lbt\/wp-json\/wp\/v2\/users\/12"}],"replies":[{"embeddable":true,"href":"https:\/\/uenf.br\/cbb\/lbt\/wp-json\/wp\/v2\/comments?post=46"}],"version-history":[{"count":0,"href":"https:\/\/uenf.br\/cbb\/lbt\/wp-json\/wp\/v2\/pages\/46\/revisions"}],"wp:attachment":[{"href":"https:\/\/uenf.br\/cbb\/lbt\/wp-json\/wp\/v2\/media?parent=46"}],"curies":[{"name":"wp","href":"https:\/\/api.w.org\/{rel}","templated":true}]}}