{"id":50,"date":"2013-12-18T17:10:25","date_gmt":"2013-12-18T17:10:25","guid":{"rendered":"http:\/\/uenf.br\/cbb\/lbt\/?page_id=50"},"modified":"2013-12-19T13:28:14","modified_gmt":"2013-12-19T13:28:14","slug":"monografias-do-bacharelado","status":"publish","type":"page","link":"https:\/\/uenf.br\/cbb\/lbt\/monografias-do-bacharelado\/","title":{"rendered":"Monografias Bacharelado"},"content":{"rendered":"<p><span style=\"font-family: Arial;font-size: small\">42.<br \/>\n<strong>T\u00edtulo: Verifica\u00e7\u00e3o da presen\u00e7a de cianobact\u00e9rias produtoras de cianotoxinas em Lagoas do Estado do Rio de Janeiro.<\/strong><br \/>\nAutora: Erika Fraga de Souza<br \/>\nOrientador: Dra. Denise\u00a0Saraiva Dagnino<br \/>\nData da defesa: 14\/03\/06<br \/>\n<strong>Resumo:<br \/>\n<\/strong>A freq\u00fc\u00eancia com que as flora\u00e7\u00f5es de cianobact\u00e9rias t\u00eam ocorrido est\u00e1 aumentando em todo mundo principalmente devido \u00e0 a\u00e7\u00e3o antr\u00f3pica. A prolifera\u00e7\u00e3o de cianobact\u00e9rias produtoras de toxina em corpos d\u2019\u00e1gua compromete a qualidade d\u2019\u00e1gua e aumenta o risco para sa\u00fade animal e humana. Microcistinas s\u00e3o hepatotoxinas produzidas por v\u00e1rios g\u00eaneros de cianobact\u00e9rias. Essas toxinas s\u00e3o heptapept\u00eddeos c\u00edclicos e constituem a causa mais freq\u00fcente de intoxica\u00e7\u00f5es por cianobact\u00e9rias. Microcistinas s\u00e3o potentes inibidores de prote\u00ednas fosfatase e, nos vertebrados, causam s\u00e9rios danos ao f\u00edgado. At\u00e9 agora 65 estruturas diferentes s\u00e3o conhecidas. Os objetivos desse trabalho foram: obter culturas ax\u00eanicas de cianobact\u00e9rias das lagunas de Grussa\u00ed, Iquipari e das Lagoas de Cima e de Imboassica, RJ ,Brasil; identificar os g\u00eaneros das cianobact\u00e9rias isoladas e verificar a produ\u00e7\u00e3o de microcistinas. Diversas cepas de cianobact\u00e9rias potencialmente t\u00f3xicas foram isoladas de amostras naturais. Culturas ax\u00eanicas foram obtidas por repiques sucessivos em meio s\u00f3lido. As cepas foram cultivadas com o prop\u00f3sito de obter biomassa necess\u00e1ria para as an\u00e1lises de microcistinas. As culturas foram filtradas, a biomassa obtida foi liofilizada e analisada por Matrix \u2013 Assisted Laser Desorption\/Ionization Time of Flight Mass Spectrometry (MALDI-TOF MS). Foi poss\u00edvel identificar as microcistinas produzidas pelas cepas Uenf Mic 1 e Uenf Mic 2. MALDI -TOF MS provou ser uma t\u00e9cnica confi\u00e1vel e r\u00e1pida para detectar e identificar as variantes de microcistinas.<\/span><\/p>\n<p><span style=\"font-family: Arial;font-size: small\">41.<br \/>\n<strong>T\u00edtulo: Padroniza\u00e7\u00e3o de etapas inerentes \u00e0 t\u00e9cnica de &#8216;Northern blot&#8217; visando estudos de express\u00e3o g\u00eanica de plantas de cana-de-a\u00e7\u00facar (<i>Saccharum officinarum<\/i>\u00a0L.).<\/strong><br \/>\nAutora: Marcela Barbosa de Figueiredo<br \/>\n<\/span><span style=\"font-family: Arial;font-size: small\">Orientador: Dr. Gon\u00e7alo Apolin\u00e1rio de Souza Filho<br \/>\n<\/span><span style=\"font-family: Verdana;font-size: small\">Data da defesa: 16\/02\/04<\/span><\/p>\n<p><span style=\"font-family: times, serif\"><span style=\"font-family: times, serif\"><span style=\"font-family: Arial\"><span style=\"font-family: times, serif\">40.<br \/>\n<strong>T\u00edtulo:<\/strong>\u00a0<b>Identifica\u00e7\u00e3o e caracteriza\u00e7\u00e3o de seq\u00fc\u00eancias relacionadas ao gene coa em estafilococos coagulase-negativos<\/b>.<br \/>\n<\/span><span style=\"font-family: times, serif\">Autora: D\u00e9bora Fescina de Almeida<br \/>\nOrientador: Dr. Enrique Medina-Acosta<br \/>\n<span style=\"font-family: Verdana;font-size: small\">Data da defesa:\u00a0<\/span>10\/02\/04<\/span><\/span><\/span><\/span><\/p>\n<p><span style=\"font-family: times, serif\"><span style=\"font-family: times, serif\"><span style=\"font-family: Arial\">39.<br \/>\n<strong>T\u00edtulo: Produ\u00e7\u00e3o de part\u00edculas quim\u00e9ricas do v\u00edrus do feij\u00e3o-de-corda expresando o pep\u00eddeo sinal de transcitose da enterotoxina estafiloc\u00f3cica tipo B<\/strong>.<br \/>\nAutora: Renata dos Santos Moura Rangel<br \/>\nOrientador: Dr. Enrique Medina-Acosta<br \/>\n<span style=\"font-family: Verdana;font-size: small\">Data da defesa:\u00a0<\/span>14\/01\/04<\/span><\/span><\/span><\/p>\n<p>38.<br \/>\n<strong>T\u00edtulo: Otimiza\u00e7\u00e3o das condi\u00e7\u00f5es de clonagem do gene que codifica a prote\u00edna de resist\u00eancia a multidrogas humanas MRPS no vetor s Bluiscriptll KS+.<br \/>\n<\/strong>Autor: Fabr\u00edzio Siqueira Boniolo<br \/>\nOrientadora: Dra. Laura Jane Moreira Santiago<br \/>\nDefesa: 13\/01\/04<\/p>\n<p>37.<br \/>\n<b>T\u00edtulo: Clonagem, express\u00e3o e produ\u00e7\u00e3o de enterotoxina C recombinante de<i>Staphylococcus aureus<\/i>\u00a0de origem bovina: aplica\u00e7\u00f5es imunobiol\u00f3gicas.<\/b><br \/>\nAutora: Marcelle Vianna de Carvalho Uhl<br \/>\nOrientador: Dr. Enrique Medina-Acosta<br \/>\n<span style=\"font-family: Verdana;font-size: small\">Data da defesa:\u00a0<\/span>13\/01\/04<\/p>\n<p>&nbsp;<\/p>\n<p><span style=\"font-family: times, serif\">36.<br \/>\n<b>T\u00edtulo: Estudo da Atividade Mitog\u00eanica da lectina SALT sobre c\u00e9lulas vegetais.<\/b><br \/>\nAutora: Maria C\u00e2ndida Monteiro de Aguiar<br \/>\nOrientador: Dr. Gon\u00e7alo Apolin\u00e1rio de Souza Filho<br \/>\n<span style=\"font-family: Verdana;font-size: small\">Data da defesa:\u00a0<\/span>13\/01\/2003<\/span><\/p>\n<p>35.<br \/>\n<b>T\u00edtulo: Busca por reguladores do metabolismo em cianobact\u00e9rias.<\/b><br \/>\nAutor: Diogo de Abreu Meireles<br \/>\nOrientadora: Dr\u00aa Denise Saraiva Dagnino<br \/>\n<span style=\"font-family: Verdana;font-size: small\">Data da defesa:\u00a0<\/span>10\/01\/2003<br \/>\n<strong>Resumo:<br \/>\n<\/strong>O n\u00famero de casos de intoxica\u00e7\u00f5es por cianobact\u00e9rias vem aumentando nos \u00faltimos anos. O aumento do processo natural de eutrofiza\u00e7\u00e3o, pelas atividades agro-industriais e o lan\u00e7amento descontrolado de esgoto n\u00e3o tratado em corpos d\u2019\u00e1gua (rios, lagos, etc), favorece flora\u00e7\u00f5es de cianobact\u00e9rias potencialmente t\u00f3xicas. O mecanismo usado por algumas bact\u00e9rias para coordenar a express\u00e3o de genes em resposta a flutua\u00e7\u00f5es da densidade populacional \u00e9 denominado de \u00b4quorum sensing\u00b4. Este projeto investiga a exist\u00eancia de um mecanismo de \u00b4quorum sensing\u00b4 em cianobact\u00e9rias. O sistema de \u00b4quorum sensing\u00b4 encontrado geralmente em bact\u00e9rias gram-negativas \u00e9 formado principalmente por mol\u00e9culas do tipo N-acil homoserina lactonas (AHLs), uma classe de fatores transcricionais e uma AHL-sintase. Duas cepas de cianobact\u00e9ria Microcystis foram usadas para o presente estudo: cepa NPLJ4-purificada, isolada da Lagoa de Jacarepagu\u00e1, Rio de Janeiro\/RJ, Brasil e cepa PCC (Pasteur Culture Collection) 7806. Protocolos para detec\u00e7\u00e3o de AHLs foram otimizados a partir da utiliza\u00e7\u00e3o de quatro cepas transformadas de bact\u00e9rias sens\u00edveis a presen\u00e7a de AHLs: Escherichia coli pSB 401, E. coli pSB 1142, Chromobacterium violaceum CV026 e Agrobacterium tumefaciens NT1. Cada cepa indicadora difere na capacidade de detectar v\u00e1rios tipos de AHLs, que variam quanto ao comprimento de cadeia e quanto a diferentes graus de oxida\u00e7\u00e3o na mol\u00e9cula. Os controles positivos utilizados nos bioensaios foram: Rhizobium trifolii RBL 5045, R. leguminosarium bv. viciae 248 e Agrobacterium tumefaciens selvagem, Pseudomononas aeruginosa ATCC 27853 e P. aeruginosa isolada do Laborat\u00f3rio de Sanidade Animal (LSA) CCTA \u2013 UENF. As cepas de Microcystis foram cultivadas em shaker com fotoper\u00edodo de 16 h, at\u00e9 a fase estacion\u00e1ria. Amostras foram retiradas em intervalos de tempos regulares ao longo de seu crescimento. Essas amostras foram centrifugadas e o sobrenadante foi testado para a presen\u00e7a de AHLs. Meios de cultivo concentrados 10 vezes tamb\u00e9m foram analisados. Resultados dos bioensaios mostraram que n\u00e3o foi verificada a presen\u00e7a de AHLs com tamanho da cadeia acil entre 4 e 14 C, com ou sem 3-oxo- substitui\u00e7\u00e3o no C3, no meio de Microcystis. Esses resultados n\u00e3o excluem a possibilidade de haver \u00b4quorum sensing\u00b4 mediado por outros tipos de mol\u00e9culas em Microcystis.<\/p>\n<p>34.<br \/>\n<b>T\u00edtulo: Obten\u00e7\u00e3o de cultura de c\u00e9lulas em suspens\u00e3o de cenoura e fumo transg\u00eanicos.<\/b><br \/>\nAutora: Anna Rosa Barreto Carvalho<br \/>\nOrientadora: Dr\u00aa Ana Beatriz Garcia<br \/>\n<span style=\"font-family: Verdana;font-size: small\">Data da defesa:<\/span>\u00a010\/01\/2003<\/p>\n<p>33.<br \/>\n<b>T\u00edtulo: Isolamento e toxicidade de cianobact\u00e9rias de Lagoas do Estado do Rio de Janeiro.<\/b><br \/>\nAutora: In\u00eas Alves da Costa<br \/>\nOrientadora: Dr\u00aa Denise Saraiva Dagnino<br \/>\n<span style=\"font-family: Verdana;font-size: small\">Data da defesa:<\/span>\u00a010\/01\/2003<\/p>\n<p>32.<br \/>\n<b>T\u00edtulo: Estudo da regi\u00e3o promotora do gene salt de arroz (<em>Oryza sativa\u00a0<\/em>L.)<\/b><br \/>\nAutora: Karlla Salim de Queiroz<br \/>\nOrientador: Dr. Gon\u00e7alo Apolin\u00e1rio de Souza Filho<br \/>\n<span style=\"font-family: Verdana;font-size: small\">Data da defesa:<\/span>\u00a009\/01\/2003<\/p>\n<p>31.<br \/>\n<b>T\u00edtulo: Efeito do estresse salino sobre a efici\u00eancia fotossint\u00e9tica em duas variedades de cana-de-a\u00e7\u00facar\u00a0<em>Saccharum officinarum<\/em>.<\/b><br \/>\nAutora: Janice Maria Ribeiro Dias<br \/>\nOrientador: Dr. Gon\u00e7alo Apolin\u00e1rio de Souza Filho<br \/>\n<span style=\"font-family: Verdana;font-size: small\">Data da defesa:<\/span>\u00a008\/01\/2003<\/p>\n<p>30.<br \/>\n<b>T\u00edtulo: Intera\u00e7\u00e3o entre a matriz peritr\u00f3fica de\u00a0<em>Aedes aegypti\u00a0<\/em>com a hemoglobina e o heme ingeridos na dieta.<\/b><br \/>\nAutora: Fernanda Barbosa Nogueira<br \/>\nOrientador: Dr. Francisco Jos\u00e9 Alves Lemos<br \/>\n<span style=\"font-family: Verdana;font-size: small\">Data da defesa:<\/span>\u00a018\/12\/2002<\/p>\n<p>29.<br \/>\n<b>T\u00edtulo: Express\u00e3o e produ\u00e7\u00e3o da Prote\u00edna Recombinante LCP 23 de\u00a0<em>Leishmania chagasi<\/em>hom\u00f3loga a LDP23 de\u00a0<em>Leishmania donivani<\/em>.<\/b><br \/>\nAutora: Gabriela Gomes Gesualdi Mesquita<br \/>\nOrientador: Dr. Enrique Medina-Acosta<br \/>\n<span style=\"font-family: Verdana;font-size: small\">Data da defesa:<\/span>\u00a018\/12\/2002<\/p>\n<p>28.<br \/>\n<b>T\u00edtulo: An\u00e1lise inicial do efeito da cistatina do tomate no desenvolvimento do inseto praga<em>Callosobruchus maculatus<\/em>.<\/b><br \/>\nAutora: H\u00e9rika Chagas Madureira<br \/>\nOrientadora: Dra. T\u00e2nia Jacinto Freitas da Silva<br \/>\n<span style=\"font-family: Verdana;font-size: small\">Data da defesa:<\/span>\u00a025\/02\/2002<\/p>\n<p>27.<br \/>\n<b>T\u00edtulo: Otimiza\u00e7\u00e3o de regenera\u00e7\u00e3o e transforma\u00e7\u00e3o de plantas de alface utilizando o gene recombinante 35S-HbsAg<\/b><br \/>\nAutor: Joseph Albert Medeiros Evaristo<br \/>\nOrientador: Dr. Ekkehard Ernst Theodor Hansen<br \/>\n<span style=\"font-family: Verdana;font-size: small\">Data da defesa:<\/span>\u00a025\/02\/2002<\/p>\n<p>26.<br \/>\n<b>T\u00edtulo: Express\u00e3o e purifica\u00e7\u00e3o de ant\u00edgeno recombinante LACK de\u00a0<em>Leishmania chagasi<\/em>em\u00a0<em>E.coli\u00a0<\/em>e seu uso na produ\u00e7\u00e3o de anticorpos policlonais.<\/b><br \/>\nAutor: Maxoel Barros Costa<br \/>\nOrientador: Dr. Enrique Medina-Acosta<br \/>\n<span style=\"font-family: Verdana;font-size: small\">Data da defesa:<\/span>\u00a025\/02\/2002<\/p>\n<p>25.<br \/>\n<b>T\u00edtulo: Identifica\u00e7\u00e3o e Caracteriza\u00e7\u00e3o de Prote\u00ednas Diferencialmente expressas em sementes de mutantes dek de milho (<em>Zea mays\u00a0<\/em>L.)<\/b><br \/>\nAutor: Alan Trindade Branco<br \/>\nOrientador: Dr. Gon\u00e7alo Apolin\u00e1rio de Souza Filho<br \/>\n<span style=\"font-family: Verdana;font-size: small\">Data da defesa:<\/span>\u00a022\/02\/2002<\/p>\n<p>24.<br \/>\n<b>T\u00edtulo: Avalia\u00e7\u00e3o da inibi\u00e7\u00e3o de germina\u00e7\u00e3o de esporos f\u00fangicos pela prote\u00edna salt recombinante de arroz (<em>Oryza sativa\u00a0<\/em>L.)<\/b><br \/>\nAutor: Tathiana Fonseca de S\u00e1<br \/>\nOrientador: Dr. Gon\u00e7alo Apolin\u00e1rio de Souza Filho<br \/>\n<span style=\"font-family: Verdana;font-size: small\">Data da defesa:<\/span>\u00a022\/02\/2002<\/p>\n<p>23.<br \/>\n<b>T\u00edtulo: Estudos sobre a constru\u00e7\u00e3o de uma biblioteca gen\u00f4mica de cana-de-a\u00e7\u00facar em bacteri\u00f3fago Lambda.<\/b><br \/>\nAutor: Bruno de Castro Jardim<br \/>\nOrientador: Dr. Ekkehard Ernst Theodor Hansen<br \/>\n<span style=\"font-family: Verdana;font-size: small\">Data da defesa:<\/span>\u00a021\/02\/2002<\/p>\n<p>22.<br \/>\n<b>T\u00edtulo: Caracteriza\u00e7\u00e3o e purifica\u00e7\u00e3o parcial da quitinase intestinal do mosquito\u00a0<em>Aedes Aegypti<\/em>.<\/b><br \/>\nAutor: Jayme Augusto de Souza Neto<br \/>\nOrientador: Dr. Francisco Jos\u00e9 Alves Lemos<br \/>\n<span style=\"font-family: Verdana;font-size: small\">Data da defesa:<\/span>\u00a020\/12\/2001<\/p>\n<p>21.<br \/>\n<b>T\u00edtulo: Identifica\u00e7\u00e3o, isolamento e an\u00e1lise de prote\u00ednas altamente expressas em colmo de cana \u2013de-a\u00e7\u00facar.<\/b><br \/>\nAutora: Fernanda Lattario Ribeiro<br \/>\nOrientador: Dr. Ekkehard Ernst Theodor Hansen<br \/>\n<span style=\"font-family: Verdana;font-size: small\">Data da defesa:<\/span>\u00a019\/12\/2001<\/p>\n<p>20.<br \/>\n<b>T\u00edtulo: \u201cEstabelecimento de cultura de ra\u00edzes transg\u00eanicas de mel\u00e3o (<em>Cucumis melo\u00a0<\/em>L.) Curcubitaceae para seu cultivo com fungos vesiculares arbusculares\u201d.<\/b><br \/>\nAutora: Patr\u00edcia Pinheiro Cardoso<br \/>\nOrientadora: Dr\u00aa Laura Jane Moreira Santiago<br \/>\n<span style=\"font-family: Verdana;font-size: small\">Data da defesa:<\/span>\u00a016\/02\/2001<\/p>\n<p>19.<br \/>\n<b>T\u00edtulo: \u201cClonagem do gene LACK de Leishmanai chagasi em um vetor bin\u00e1rio e transforma\u00e7\u00e3o de plantas de alface (<em>Lactuca sativa\u00a0<\/em>L.)\u201d.<\/b><br \/>\nAutora: Juliana Martins Ribeiro<br \/>\nOrientador: Dr. Ekkehard Ernst Theodor Hansen<br \/>\nDefesa: 07\/12\/2000<\/p>\n<p>18.<br \/>\n<b>T\u00edtulo: \u201cExpress\u00e3o e silenciamento do transgene Wunt-uid A em pantas transg\u00eanicas de tabaco cultivadas in vitro\u201d.<\/b><br \/>\nAutora: M\u00e1rcia Silva Pereira<br \/>\nOrientador: Dr. Ekkehard Ernst Theodor Hansen<br \/>\nDefesa: 06\/12\/2000<\/p>\n<p>17.<br \/>\n<b>T\u00edtulo: \u201cClonagem do gene quim\u00e9rico 35S-LACKER em um vetor bin\u00e1rio e transforma\u00e7\u00e3o de plantas de alface (<em>Lactuca sativa\u00a0<\/em>L)\u201d.<\/b><br \/>\nAutora: Alyne de Oliveira Silva<br \/>\nOrientador: Dr. Ekkehard Ernst Theodor Hansen<br \/>\nDefesa: 05\/12\/2000<\/p>\n<p>16.<br \/>\n<b>T\u00edtulo: \u201cCaracteriza\u00e7\u00e3o parcial da indu\u00e7\u00e3o de hipoxigenases em folhas de maracuj\u00e1 (<em>Passiflora flavicarpa<\/em>) em respostas ao ferimento mec\u00e2nico e tratamento com metil jasmonato\u201d.<\/b><br \/>\nAutora: Mariana Rangel Tavares<br \/>\nOrientadora: Dr\u00aa. T\u00e2nia Jacinto Freitas da Silva<br \/>\nDefesa: 04\/12\/2000<\/p>\n<p>15.<br \/>\n<b>T\u00edtulo: \u201cPercep\u00e7\u00e3o p\u00fablica da Engenharia Gen\u00e9tica\u201d.<\/b><br \/>\nAutora: Laureni Aparecida Nascimento<br \/>\nOrientador: Dr. Ekkehard Ernst Theodor Hansen<br \/>\nDefesa: 18\/02\/2000<\/p>\n<p>14.<br \/>\n<b>T\u00edtulo: \u201cAvalia\u00e7\u00e3o de prote\u00ednas nucleares do endosperma de milho atrav\u00e9s de eletroforese bidimensional\u201d.<\/b><br \/>\nAutora: Beatriz dos Santos Ferreira<br \/>\nOrientador: Dr. Gon\u00e7alo Apolin\u00e1rio de Souza Filho<br \/>\nDefesa: 16\/12\/99<\/p>\n<p>13.<br \/>\n<b>T\u00edtulo: \u201cIndu\u00e7\u00e3o de compostos fen\u00f3licos por eliciadores em ra\u00edzes transformadas de<em>Phyllanthus tenellus\u00a0<\/em>Roxb\u201d.<\/b><br \/>\nAutora: Adriana Dias Moreira Menezes<br \/>\nOrientadora: Dr\u00aa. Laura Jane Moreira Santiago<br \/>\nDefesa: 14\/12\/99<\/p>\n<p>12.<br \/>\n<b>T\u00edtulo: \u201cCaracteriza\u00e7\u00e3o parcial de uma cistatiza induzida por sistemina em folhas de plantas de tomate\u201d.<\/b><br \/>\nAutor: C\u00e9sar Lu\u00eds Siqueira J\u00fanior<br \/>\nOrientadora: Dr\u00aa. T\u00e2nia Jacinto Freitas da Silva<br \/>\nDefesa: 13\/12\/99<\/p>\n<p>11.<br \/>\n<b>T\u00edtulo: \u201cEstudos Fisiol\u00f3gicos e moleculares da matriz peritr\u00f3fica em larvas de\u00a0<em>Aedes aegypti<\/em>\u201d.<\/b><br \/>\nAutora: Desiely Silva Gusm\u00e3o<br \/>\nOrientador: Dr. Francisco Jos\u00e9 Alves Lemos<br \/>\nDefesa: 13\/12\/99<\/p>\n<p>10.<br \/>\n<b>T\u00edtulo: \u201cAn\u00e1lise da atividade de lectina da prote\u00edna Salt de arroz (<em>Oryza sativa\u00a0<\/em>L.)\u201d.<\/b><br \/>\nAutor: Renato Barroso Barnab\u00e9<br \/>\nOrientador: Dr. Gon\u00e7alo Apolin\u00e1rio de Souza Filho<br \/>\nDefesa: 28\/01\/99<\/p>\n<p>9.<br \/>\n<b>T\u00edtulo: \u201cEstudo da ativa\u00e7\u00e3o do promotor do gene Salt de arroz em plantas de fumo transg\u00eanicas\u201d.<\/b><br \/>\nAutor: Leandro Azeredo de Oliveira Silva<br \/>\nOrientadora: Dr\u00aa Ana Beatriz Garcia<br \/>\nDefesa: 28\/01\/99<\/p>\n<p>8.<br \/>\n<b>T\u00edtulo: \u201cIdentifica\u00e7\u00e3o de prote\u00ednas expressadas diferencialmente em quatro tecidos de cana-de-a\u00e7\u00facar atrav\u00e9s de eletroforese bidimensional\u201d.<\/b><br \/>\nAutor: Carlo Donato Sim\u00f5es Caiaffa<br \/>\nOrientador: Dr. Ekkehard Ernst Theodor Hansen<br \/>\nDefesa: 27\/01\/99<\/p>\n<p>7.<br \/>\n<b>T\u00edtulo: \u201cObten\u00e7\u00e3o de plantas transg\u00eanicas de fumo (<em>Nicotiana<\/em>\u00a0<em>tabacum<\/em>) expressando a prote\u00edna SALT de arroz (<em>Oryza sativa\u00a0<\/em>L.)\u201d.<\/b><br \/>\nAutor: Jeferson Vieira da Silva<br \/>\nOrientadora: Dr\u00aa Ana Beatriz Garcia<br \/>\nDefesa: 17\/12\/98<\/p>\n<p>6.<br \/>\n<b>T\u00edtulo: \u201cAmplifica\u00e7\u00e3o da seq\u00fc\u00eancia codificadora do gene LACK da\u00a0<em>Leishmania chagasi<\/em>\u00a0e clonagem em vetores de express\u00e3o em plantas\u201d.<\/b><br \/>\nAutor: Jos\u00e9 Roberto Andriola Pizelli<br \/>\nOrientador: Dr. Ekkehard Ernst Theodor Hansen<br \/>\nDefesa: 16\/12\/98<\/p>\n<p>5.<br \/>\n<b>T\u00edtulo: \u201cCompartimentaliza\u00e7\u00e3o de compostos fen\u00f3licos em plantas selvagens e ra\u00edzes transformadas de\u00a0<em>Phyllanthus tenellus\u00a0<\/em>Roxb\u201d.<\/b><br \/>\nAutora: Ge\u00edsa Fonseca de Gon\u00e7alves<br \/>\nOrientadora: Dr\u00aa Laura Jane Moreira Santiago<br \/>\nDefesa: 15\/12\/98<\/p>\n<p>4.<br \/>\n<b>T\u00edtulo: \u201cIdentifica\u00e7\u00e3o, isolamento e caracteriza\u00e7\u00e3o parcial de inibidores end\u00f3genos de proteinases ciste\u00ednicas no pat\u00f3geno humano\u00a0<em>Leishmania<\/em>\u201d.<\/b><br \/>\nAutora: Carina Haddad de Melo<br \/>\nOrientador: Dr. Enrique Medina-Acosta<br \/>\nDefesa: 15\/12\/98<\/p>\n<p>3.<br \/>\n<b>T\u00edtulo: \u201cBioprodu\u00e7\u00e3o de compostos fen\u00f3licos em ra\u00edzes transformadas e calos de<em>Phyllanthus tenellus\u00a0<\/em>Roxb\u201d.<\/b><br \/>\nAutor: Eduardo Pinheiro Rodrigues<br \/>\nOrientadora: Dr\u00aa Laura Jane Moreira Santiago<br \/>\nDefesa: 14\/12\/98<\/p>\n<p>2.<br \/>\n<b>T\u00edtulo: \u201cAn\u00e1lise e citogen\u00e9tica comparativa entre c\u00e9lulas embrion\u00e1rias de camundongo e suas h\u00edbridas com c\u00e9lulas som\u00e1ticas\u201d.<\/b><br \/>\nAutor: Enrico Jardim Clemente Santos<br \/>\nOrientadora: Dr\u00aa Irina Kerkis<br \/>\nDefesa: 26\/01\/98<\/p>\n<p>1.<br \/>\n<b>T\u00edtulo: \u201cAn\u00e1lise morfol\u00f3gica comparativa de pluripot\u00eancia de c\u00e9lulas embrion\u00e1rias de camundongo e seus h\u00edbridos durante diferencia\u00e7\u00e3o\u00a0<i>in vitro<\/i>\u201d.\u00a0<\/b><br \/>\nAutora: C\u00edntia Goulart Kawashina<br \/>\nOrientador: Dr. Alexander Kerkis<br \/>\nDefesa: 15\/01\/98<\/p>\n","protected":false},"excerpt":{"rendered":"<p>42. T\u00edtulo: Verifica\u00e7\u00e3o da presen\u00e7a de cianobact\u00e9rias produtoras de cianotoxinas em Lagoas do Estado do Rio de Janeiro. Autora: Erika&#8230;<\/p>\n","protected":false},"author":12,"featured_media":0,"parent":0,"menu_order":8,"comment_status":"open","ping_status":"open","template":"","meta":{"footnotes":""},"class_list":["post-50","page","type-page","status-publish","hentry"],"_links":{"self":[{"href":"https:\/\/uenf.br\/cbb\/lbt\/wp-json\/wp\/v2\/pages\/50","targetHints":{"allow":["GET"]}}],"collection":[{"href":"https:\/\/uenf.br\/cbb\/lbt\/wp-json\/wp\/v2\/pages"}],"about":[{"href":"https:\/\/uenf.br\/cbb\/lbt\/wp-json\/wp\/v2\/types\/page"}],"author":[{"embeddable":true,"href":"https:\/\/uenf.br\/cbb\/lbt\/wp-json\/wp\/v2\/users\/12"}],"replies":[{"embeddable":true,"href":"https:\/\/uenf.br\/cbb\/lbt\/wp-json\/wp\/v2\/comments?post=50"}],"version-history":[{"count":0,"href":"https:\/\/uenf.br\/cbb\/lbt\/wp-json\/wp\/v2\/pages\/50\/revisions"}],"wp:attachment":[{"href":"https:\/\/uenf.br\/cbb\/lbt\/wp-json\/wp\/v2\/media?parent=50"}],"curies":[{"name":"wp","href":"https:\/\/api.w.org\/{rel}","templated":true}]}}