{"id":1016,"date":"2019-03-21T16:35:19","date_gmt":"2019-03-21T19:35:19","guid":{"rendered":"http:\/\/uenf.br\/cbb\/lca\/files\/2019\/03\/Equipamento-10.png"},"modified":"2019-04-25T14:39:37","modified_gmt":"2019-04-25T17:39:37","slug":"equipamento-10","status":"inherit","type":"attachment","link":"https:\/\/uenf.br\/cbb\/lca\/apresentacao\/infraestrutura\/central-analitica\/equipamento-10\/","title":{"rendered":"Balan\u00e7a Anal\u00edtica"},"author":18,"featured_media":0,"comment_status":"closed","ping_status":"closed","template":"","meta":[],"class_list":["post-1016","attachment","type-attachment","status-inherit","hentry"],"description":{"rendered":"<p class=\"attachment\"><a href='https:\/\/uenf.br\/cbb\/lca\/files\/2019\/03\/Equipamento-10.png'><img decoding=\"async\" width=\"300\" height=\"260\" src=\"https:\/\/uenf.br\/cbb\/lca\/files\/2019\/03\/Equipamento-10.png\" class=\"attachment-medium size-medium\" alt=\"\" loading=\"lazy\" \/><\/a><\/p>\n<p>As balan\u00e7as anal\u00edticas s\u00e3o utilizadas para pesagens mais rigorosas, tem capacidade de medir a partir de 0,1 miligrama. S\u00e3o ideais para uso em laborat\u00f3rios de farm\u00e1cia de manipula\u00e7\u00e3o e ind\u00fastria farmac\u00eautica, an\u00e1lises clinicas e institutos de pesquisas. Sua utiliza\u00e7\u00e3o \u00e9 minuciosa e exige experi\u00eancia do operador, al\u00e9m de um ambiente adequado.<\/p>\n"},"caption":{"rendered":"<p>Balan\u00e7a Anal\u00edtica<\/p>\n"},"alt_text":"","media_type":"image","mime_type":"image\/png","media_details":{"width":2000,"height":1732,"file":"2019\/03\/Equipamento-10.png","image_meta":{"aperture":"0","credit":"","camera":"","caption":"","created_timestamp":"0","copyright":"","focal_length":"0","iso":"0","shutter_speed":"0","title":"","orientation":"0","keywords":[]},"sizes":{}},"post":149,"source_url":"https:\/\/uenf.br\/cbb\/lca\/files\/2019\/03\/Equipamento-10.png","_links":{"self":[{"href":"https:\/\/uenf.br\/cbb\/lca\/wp-json\/wp\/v2\/media\/1016","targetHints":{"allow":["GET"]}}],"collection":[{"href":"https:\/\/uenf.br\/cbb\/lca\/wp-json\/wp\/v2\/media"}],"about":[{"href":"https:\/\/uenf.br\/cbb\/lca\/wp-json\/wp\/v2\/types\/attachment"}],"author":[{"embeddable":true,"href":"https:\/\/uenf.br\/cbb\/lca\/wp-json\/wp\/v2\/users\/18"}],"replies":[{"embeddable":true,"href":"https:\/\/uenf.br\/cbb\/lca\/wp-json\/wp\/v2\/comments?post=1016"}],"wp:attached-to":[{"embeddable":true,"post_type":"page","id":149,"href":"https:\/\/uenf.br\/cbb\/lca\/wp-json\/wp\/v2\/pages\/149"}],"curies":[{"name":"wp","href":"https:\/\/api.w.org\/{rel}","templated":true}]}}

Balança Analítica

<p class="attachment"><a href='https://uenf.br/cbb/lca/files/2019/03/Equipamento-10.png'><img decoding="async" width="300" height="260" src="https://uenf.br/cbb/lca/files/2019/03/Equipamento-10.png" class="attachment-medium size-medium" alt="" loading="lazy" /></a></p>
<p>As balanças analíticas são utilizadas para pesagens mais rigorosas, tem capacidade de medir a partir de 0,1 miligrama. São ideais para uso em laboratórios de farmácia de manipulação e indústria farmacêutica, análises clinicas e institutos de pesquisas. Sua utilização é minuciosa e exige experiência do operador, além de um ambiente adequado.</p>

<p>Balança Analítica</p>
