{"id":1030,"date":"2019-04-03T16:24:27","date_gmt":"2019-04-03T19:24:27","guid":{"rendered":"http:\/\/uenf.br\/cbb\/lca\/files\/2019\/04\/equipamento-13.png"},"modified":"2019-04-25T14:42:22","modified_gmt":"2019-04-25T17:42:22","slug":"equipamento-13","status":"inherit","type":"attachment","link":"https:\/\/uenf.br\/cbb\/lca\/apresentacao\/infraestrutura\/central-analitica\/equipamento-13\/","title":{"rendered":"Capela de Fluxo"},"author":18,"featured_media":0,"comment_status":"closed","ping_status":"closed","template":"","meta":[],"class_list":["post-1030","attachment","type-attachment","status-inherit","hentry"],"description":{"rendered":"<p class=\"attachment\"><a href='https:\/\/uenf.br\/cbb\/lca\/files\/2019\/04\/equipamento-13.png'><img decoding=\"async\" width=\"300\" height=\"260\" src=\"https:\/\/uenf.br\/cbb\/lca\/files\/2019\/04\/equipamento-13.png\" class=\"attachment-medium size-medium\" alt=\"\" loading=\"lazy\" \/><\/a><\/p>\n<p>A capela de fluxo laminar \u00e9 um equipamento de laborat\u00f3rio projetado para criar \u00e1reas de trabalho est\u00e9reis para a manipula\u00e7\u00e3o de materiais biol\u00f3gicos ou est\u00e9reis que n\u00e3o possam sofrer contamina\u00e7\u00e3o do meio ambiente, garantindo a seguran\u00e7a da manipula\u00e7\u00e3o.<\/p>\n"},"caption":{"rendered":"<p>Capela de Fluxo<\/p>\n"},"alt_text":"","media_type":"image","mime_type":"image\/png","media_details":{"width":2000,"height":1732,"file":"2019\/04\/equipamento-13.png","image_meta":{"aperture":"0","credit":"","camera":"","caption":"","created_timestamp":"0","copyright":"","focal_length":"0","iso":"0","shutter_speed":"0","title":"","orientation":"0","keywords":[]},"sizes":{}},"post":149,"source_url":"https:\/\/uenf.br\/cbb\/lca\/files\/2019\/04\/equipamento-13.png","_links":{"self":[{"href":"https:\/\/uenf.br\/cbb\/lca\/wp-json\/wp\/v2\/media\/1030","targetHints":{"allow":["GET"]}}],"collection":[{"href":"https:\/\/uenf.br\/cbb\/lca\/wp-json\/wp\/v2\/media"}],"about":[{"href":"https:\/\/uenf.br\/cbb\/lca\/wp-json\/wp\/v2\/types\/attachment"}],"author":[{"embeddable":true,"href":"https:\/\/uenf.br\/cbb\/lca\/wp-json\/wp\/v2\/users\/18"}],"replies":[{"embeddable":true,"href":"https:\/\/uenf.br\/cbb\/lca\/wp-json\/wp\/v2\/comments?post=1030"}],"wp:attached-to":[{"embeddable":true,"post_type":"page","id":149,"href":"https:\/\/uenf.br\/cbb\/lca\/wp-json\/wp\/v2\/pages\/149"}],"curies":[{"name":"wp","href":"https:\/\/api.w.org\/{rel}","templated":true}]}}

<p class="attachment"><a href='https://uenf.br/cbb/lca/files/2019/04/equipamento-13.png'><img decoding="async" width="300" height="260" src="https://uenf.br/cbb/lca/files/2019/04/equipamento-13.png" class="attachment-medium size-medium" alt="" loading="lazy" /></a></p>
<p>A capela de fluxo laminar é um equipamento de laboratório projetado para criar áreas de trabalho estéreis para a manipulação de materiais biológicos ou estéreis que não possam sofrer contaminação do meio ambiente, garantindo a segurança da manipulação.</p>
