{"id":960,"date":"2019-03-13T16:31:49","date_gmt":"2019-03-13T19:31:49","guid":{"rendered":"http:\/\/uenf.br\/cbb\/lca\/files\/2019\/03\/Equipamento-3.png"},"modified":"2019-04-24T15:52:05","modified_gmt":"2019-04-24T18:52:05","slug":"equipamento-3","status":"inherit","type":"attachment","link":"https:\/\/uenf.br\/cbb\/lca\/apresentacao\/infraestrutura\/central-analitica\/equipamento-3\/","title":{"rendered":"Espectrofot\u00f4metro UV- VIS"},"author":18,"featured_media":0,"comment_status":"closed","ping_status":"closed","template":"","meta":[],"class_list":["post-960","attachment","type-attachment","status-inherit","hentry"],"description":{"rendered":"<p class=\"attachment\"><a href='https:\/\/uenf.br\/cbb\/lca\/files\/2019\/03\/Equipamento-3.png'><img decoding=\"async\" width=\"300\" height=\"260\" src=\"https:\/\/uenf.br\/cbb\/lca\/files\/2019\/03\/Equipamento-3.png\" class=\"attachment-medium size-medium\" alt=\"\" loading=\"lazy\" \/><\/a><\/p>\n<p>Empregado na an\u00e1lise qualitativa e quantitativa de compostos contendo grupos absorventes ou crom\u00f3foros, que absorvem energia na regi\u00e3o do Ultravioleta ou Vis\u00edvel do espectro eletromagn\u00e9tico, entre 200 e 800 nm.<\/p>\n"},"caption":{"rendered":"<p>Espectrofot\u00f4metro UV- VIS<\/p>\n"},"alt_text":"","media_type":"image","mime_type":"image\/png","media_details":{"width":2000,"height":1732,"file":"2019\/03\/Equipamento-3.png","image_meta":{"aperture":"0","credit":"","camera":"","caption":"","created_timestamp":"0","copyright":"","focal_length":"0","iso":"0","shutter_speed":"0","title":"","orientation":"0","keywords":[]},"sizes":{}},"post":149,"source_url":"https:\/\/uenf.br\/cbb\/lca\/files\/2019\/03\/Equipamento-3.png","_links":{"self":[{"href":"https:\/\/uenf.br\/cbb\/lca\/wp-json\/wp\/v2\/media\/960","targetHints":{"allow":["GET"]}}],"collection":[{"href":"https:\/\/uenf.br\/cbb\/lca\/wp-json\/wp\/v2\/media"}],"about":[{"href":"https:\/\/uenf.br\/cbb\/lca\/wp-json\/wp\/v2\/types\/attachment"}],"author":[{"embeddable":true,"href":"https:\/\/uenf.br\/cbb\/lca\/wp-json\/wp\/v2\/users\/18"}],"replies":[{"embeddable":true,"href":"https:\/\/uenf.br\/cbb\/lca\/wp-json\/wp\/v2\/comments?post=960"}],"wp:attached-to":[{"embeddable":true,"post_type":"page","id":149,"href":"https:\/\/uenf.br\/cbb\/lca\/wp-json\/wp\/v2\/pages\/149"}],"curies":[{"name":"wp","href":"https:\/\/api.w.org\/{rel}","templated":true}]}}

Espectrofotômetro UV- VIS

<p class="attachment"><a href='https://uenf.br/cbb/lca/files/2019/03/Equipamento-3.png'><img decoding="async" width="300" height="260" src="https://uenf.br/cbb/lca/files/2019/03/Equipamento-3.png" class="attachment-medium size-medium" alt="" loading="lazy" /></a></p>
<p>Empregado na análise qualitativa e quantitativa de compostos contendo grupos absorventes ou cromóforos, que absorvem energia na região do Ultravioleta ou Visível do espectro eletromagnético, entre 200 e 800 nm.</p>

<p>Espectrofotômetro UV- VIS</p>
