{"id":201,"date":"2022-07-13T14:45:44","date_gmt":"2022-07-13T14:45:44","guid":{"rendered":"https:\/\/uenf.br\/cbb\/lfbm\/?page_id=201"},"modified":"2026-03-19T12:32:25","modified_gmt":"2026-03-19T12:32:25","slug":"alunos-de-pos-graduacao-do-lfbm","status":"publish","type":"page","link":"https:\/\/uenf.br\/cbb\/lfbm\/alunos-de-pos-graduacao-do-lfbm\/","title":{"rendered":"Alunos de p\u00f3s-gradua\u00e7\u00e3o do LFBM"},"content":{"rendered":"<p><span style=\"color: #0e81c4\"><strong>Alunos Doutorado:<\/strong><\/span><\/p>\n<ul>\n<li>Ana Clara Oliveira Lopes Soares (PGBB)<\/li>\n<li>Arielle Pinheiro Bessiatti Fava Oliveira (PGBV)<\/li>\n<li>Gabriela Martins Pereira<\/li>\n<li>K\u00edssila Soares Ad\u00e3o Pereira (PGBB)<\/li>\n<li>Lorena Mendes dos Santos (PGBB)<\/li>\n<li>Marilucia de Carvalho Ribeiro (PGBB)<\/li>\n<li>Mayara Cristina de Freitas Correia (PGBB)<\/li>\n<li>Pedro Thyago Mozer Rodrigues (PGBB)<\/li>\n<\/ul>\n<p><span style=\"color: #0e81c4\"><strong>Alunos Mestrado:<\/strong><\/span><\/p>\n<ul>\n<li>Allan da Silva Concei\u00e7\u00e3o<\/li>\n<li>Guilherme Crespo Silva<\/li>\n<li>Igor Nascimento de Carvalho (PGBB)<\/li>\n<li>Samuel Salom\u00e3o Silva de Oliveira<\/li>\n<li>Thomas Zacaroni Afonso Guimar\u00e3es<\/li>\n<\/ul>\n<p>&nbsp;<\/p>\n","protected":false},"excerpt":{"rendered":"<p>Alunos Doutorado: Ana Clara Oliveira Lopes Soares (PGBB) Arielle Pinheiro Bessiatti Fava Oliveira (PGBV) Gabriela Martins Pereira K\u00edssila Soares Ad\u00e3o&#8230;<\/p>\n","protected":false},"author":15,"featured_media":0,"parent":0,"menu_order":6,"comment_status":"closed","ping_status":"closed","template":"","meta":{"footnotes":""},"class_list":["post-201","page","type-page","status-publish","hentry"],"_links":{"self":[{"href":"https:\/\/uenf.br\/cbb\/lfbm\/wp-json\/wp\/v2\/pages\/201","targetHints":{"allow":["GET"]}}],"collection":[{"href":"https:\/\/uenf.br\/cbb\/lfbm\/wp-json\/wp\/v2\/pages"}],"about":[{"href":"https:\/\/uenf.br\/cbb\/lfbm\/wp-json\/wp\/v2\/types\/page"}],"author":[{"embeddable":true,"href":"https:\/\/uenf.br\/cbb\/lfbm\/wp-json\/wp\/v2\/users\/15"}],"replies":[{"embeddable":true,"href":"https:\/\/uenf.br\/cbb\/lfbm\/wp-json\/wp\/v2\/comments?post=201"}],"version-history":[{"count":0,"href":"https:\/\/uenf.br\/cbb\/lfbm\/wp-json\/wp\/v2\/pages\/201\/revisions"}],"wp:attachment":[{"href":"https:\/\/uenf.br\/cbb\/lfbm\/wp-json\/wp\/v2\/media?parent=201"}],"curies":[{"name":"wp","href":"https:\/\/api.w.org\/{rel}","templated":true}]}}