{"id":220,"date":"2022-08-26T19:43:34","date_gmt":"2022-08-26T19:43:34","guid":{"rendered":"https:\/\/uenf.br\/cbb\/lfbm\/?page_id=220"},"modified":"2025-05-14T14:33:57","modified_gmt":"2025-05-14T14:33:57","slug":"pos-graduacao","status":"publish","type":"page","link":"https:\/\/uenf.br\/cbb\/lfbm\/disciplinas-oferecidas-pelo-lfbm\/pos-graduacao\/","title":{"rendered":"P\u00d3S-GRADUA\u00c7\u00c3O"},"content":{"rendered":"<p style=\"text-align: left\"><strong>LFM2704 &#8211; <\/strong><strong>Semin\u00e1rio em Fisiologia e Bioqu\u00edmica de Microrganismos<\/strong><\/p>\n<p style=\"text-align: left;padding-left: 40px\">Coordenador(es): Prof. Diogo de Abreu Meireles (2025)\/Profa. \u00c9rica de Oliveira Mello (2026) (sistema de rod\u00edzio anual)<\/p>\n<p style=\"text-align: left\"><strong>LFM2708 &#8211; Pepti\u0301deos Antimicrobianos<\/strong><\/p>\n<p style=\"text-align: left;padding-left: 40px\">Coordenador: Prof. Andr\u00e9 de Oliveira Carvalho<\/p>\n<p style=\"text-align: left\"><strong>LFM2711 &#8211; Bases Moleculares e Celulares de Doen\u00e7as Humanas<\/strong><\/p>\n<p style=\"text-align: left;padding-left: 40px\">Coordenadora: Profa. Anna L. Okorokova Fa\u00e7anha<\/p>\n<p style=\"text-align: left\"><strong>LFM2713 &#8211; Homeostase I\u00f4nica e Transdu\u00e7\u00e3o de Sinal<\/strong><\/p>\n<p style=\"text-align: left;padding-left: 40px\">Coordenadora: Profa.\u00a0Anna L. Okorokova Fa\u00e7anha<\/p>\n<div style=\"text-align: left\">\n<p style=\"text-align: left\"><strong>LFM2714 &#8211; M\u00e9todos Modernos de Clonagem Molecular e Montagem de DNA &#8211; Princ\u00edpios e Aplica\u00e7\u00f5es &#8211; <a href=\"https:\/\/uenf.br\/cbb\/lfbm\/files\/2025\/04\/programa_analitico_de_disciplina-2.pdf\" target=\"_blank\" rel=\"noopener\">clique para ementa<\/a><\/strong><\/p>\n<p style=\"text-align: left;padding-left: 40px\">Coordenador: Prof. Diogo de Abreu Meireles (disciplina condensada) &#8211; <a href=\"https:\/\/uenf.br\/cbb\/lfbm\/files\/2025\/05\/LFM_4772_2025-calendario-v2.pdf\" target=\"_blank\" rel=\"noopener\">Clique para acessar: Calend\u00e1rio aulas LFM2714 &#8211; 2025<\/a><\/p>\n<\/div>\n<div>\n<div>\n<div><\/div>\n<\/div>\n<div><\/div>\n<\/div>\n","protected":false},"excerpt":{"rendered":"<p>LFM2704 &#8211; Semin\u00e1rio em Fisiologia e Bioqu\u00edmica de Microrganismos Coordenador(es): Prof. Diogo de Abreu Meireles (2025)\/Profa. \u00c9rica de Oliveira Mello&#8230;<\/p>\n","protected":false},"author":15,"featured_media":0,"parent":216,"menu_order":0,"comment_status":"closed","ping_status":"closed","template":"","meta":{"footnotes":""},"class_list":["post-220","page","type-page","status-publish","hentry"],"_links":{"self":[{"href":"https:\/\/uenf.br\/cbb\/lfbm\/wp-json\/wp\/v2\/pages\/220","targetHints":{"allow":["GET"]}}],"collection":[{"href":"https:\/\/uenf.br\/cbb\/lfbm\/wp-json\/wp\/v2\/pages"}],"about":[{"href":"https:\/\/uenf.br\/cbb\/lfbm\/wp-json\/wp\/v2\/types\/page"}],"author":[{"embeddable":true,"href":"https:\/\/uenf.br\/cbb\/lfbm\/wp-json\/wp\/v2\/users\/15"}],"replies":[{"embeddable":true,"href":"https:\/\/uenf.br\/cbb\/lfbm\/wp-json\/wp\/v2\/comments?post=220"}],"version-history":[{"count":0,"href":"https:\/\/uenf.br\/cbb\/lfbm\/wp-json\/wp\/v2\/pages\/220\/revisions"}],"up":[{"embeddable":true,"href":"https:\/\/uenf.br\/cbb\/lfbm\/wp-json\/wp\/v2\/pages\/216"}],"wp:attachment":[{"href":"https:\/\/uenf.br\/cbb\/lfbm\/wp-json\/wp\/v2\/media?parent=220"}],"curies":[{"name":"wp","href":"https:\/\/api.w.org\/{rel}","templated":true}]}}