{"id":278,"date":"2023-03-22T13:57:30","date_gmt":"2023-03-22T13:57:30","guid":{"rendered":"https:\/\/uenf.br\/cbb\/lfbm\/?page_id=278"},"modified":"2025-07-22T23:26:40","modified_gmt":"2025-07-22T23:26:40","slug":"seminarios-em-fisiologia-e-bioquimica-de-microrganismos","status":"publish","type":"page","link":"https:\/\/uenf.br\/cbb\/lfbm\/seminarios-em-fisiologia-e-bioquimica-de-microrganismos\/","title":{"rendered":"Semin\u00e1rios em Fisiologia e Bioqu\u00edmica de Microrganismos"},"content":{"rendered":"<p style=\"text-align: center\"><strong><u>Semin\u00e1rios do LFBM &#8211; Todos os semestres<\/u><\/strong><\/p>\n<p style=\"text-align: center\"><strong>(disciplinas<\/strong> <strong>LFM2704 &#8211; p\u00f3s-gradua\u00e7\u00e3o e FBM02303\/02402 &#8211; gradua\u00e7\u00e3o)<\/strong><\/p>\n<p style=\"text-align: center\"><strong>\u00a0<\/strong><strong>Quando? <\/strong>Quartas-feiras de 13 \u00e0s 14 horas;<\/p>\n<p style=\"text-align: center\"><strong>Onde?<\/strong>\u00a0Mini-Audit\u00f3rio do CBB (P2)<\/p>\n","protected":false},"excerpt":{"rendered":"<p>Semin\u00e1rios do LFBM &#8211; Todos os semestres (disciplinas LFM2704 &#8211; p\u00f3s-gradua\u00e7\u00e3o e FBM02303\/02402 &#8211; gradua\u00e7\u00e3o) \u00a0Quando? Quartas-feiras de 13 \u00e0s&#8230;<\/p>\n","protected":false},"author":15,"featured_media":0,"parent":0,"menu_order":6,"comment_status":"closed","ping_status":"closed","template":"","meta":{"footnotes":""},"class_list":["post-278","page","type-page","status-publish","hentry"],"_links":{"self":[{"href":"https:\/\/uenf.br\/cbb\/lfbm\/wp-json\/wp\/v2\/pages\/278","targetHints":{"allow":["GET"]}}],"collection":[{"href":"https:\/\/uenf.br\/cbb\/lfbm\/wp-json\/wp\/v2\/pages"}],"about":[{"href":"https:\/\/uenf.br\/cbb\/lfbm\/wp-json\/wp\/v2\/types\/page"}],"author":[{"embeddable":true,"href":"https:\/\/uenf.br\/cbb\/lfbm\/wp-json\/wp\/v2\/users\/15"}],"replies":[{"embeddable":true,"href":"https:\/\/uenf.br\/cbb\/lfbm\/wp-json\/wp\/v2\/comments?post=278"}],"version-history":[{"count":0,"href":"https:\/\/uenf.br\/cbb\/lfbm\/wp-json\/wp\/v2\/pages\/278\/revisions"}],"wp:attachment":[{"href":"https:\/\/uenf.br\/cbb\/lfbm\/wp-json\/wp\/v2\/media?parent=278"}],"curies":[{"name":"wp","href":"https:\/\/api.w.org\/{rel}","templated":true}]}}