{"id":79,"date":"2021-12-23T02:27:42","date_gmt":"2021-12-23T02:27:42","guid":{"rendered":"https:\/\/uenf.br\/cbb\/lfbm\/?page_id=79"},"modified":"2022-04-27T15:20:27","modified_gmt":"2022-04-27T15:20:27","slug":"erica-de-oliveira-mello","status":"publish","type":"page","link":"https:\/\/uenf.br\/cbb\/lfbm\/professores\/erica-de-oliveira-mello\/","title":{"rendered":"Profa. Dra. \u00c9rica de Oliveira Mello"},"content":{"rendered":"<p style=\"text-align: left\"><a href=\"https:\/\/uenf.br\/cbb\/lfbm\/files\/2022\/02\/WhatsApp-Image-2022-02-13-at-21.40.10.jpeg\"><img loading=\"lazy\" decoding=\"async\" class=\"size-medium wp-image-124 alignleft\" src=\"https:\/\/uenf.br\/cbb\/lfbm\/files\/2022\/02\/WhatsApp-Image-2022-02-13-at-21.40.10-177x300.jpeg\" alt=\"\" width=\"177\" height=\"300\" srcset=\"https:\/\/uenf.br\/cbb\/lfbm\/files\/2022\/02\/WhatsApp-Image-2022-02-13-at-21.40.10-177x300.jpeg 177w, https:\/\/uenf.br\/cbb\/lfbm\/files\/2022\/02\/WhatsApp-Image-2022-02-13-at-21.40.10.jpeg 382w\" sizes=\"auto, (max-width: 177px) 100vw, 177px\" \/><\/a>Licenciada em Biologia pela Universidade Estadual do Norte Fluminense Darcy Ribeiro (UENF), Mestre e Doutora em Bioci\u00eancias e Biotecnologia pela UENF, com experi\u00eancia em bioqu\u00edmica, biologia molecular e microbiologia. Professora Associada da UENF desde 11\/2021. A linha de pesquisa envolve a prospec\u00e7\u00e3o de prote\u00ednas\/pept\u00eddeos naturais com propriedades antimicrobianas visando \u00e0 produ\u00e7\u00e3o de pept\u00eddeos bioinspirados atrav\u00e9s de substitui\u00e7\u00f5es de amino\u00e1cidos por s\u00edntese direta, alterando hidrofobicidade, anfipaticidade e carga, produzindo pept\u00eddeos ainda menores e com caracter\u00edsticas de seletividade e antimicrobianas melhoradas, especialmente contra cepas de microrganismos multirresistentes e biofilmes f\u00fangicos. Atrav\u00e9s de ensaios bioqu\u00edmicos e microbiol\u00f3gicos <em>in vitro<\/em>, busca-se a verifica\u00e7\u00e3o da atividade antimicrobiana por meio de curvas do crescimento de c\u00e9lulas planct\u00f4nicas, inibi\u00e7\u00e3o e erradica\u00e7\u00e3o de biofilmes, cin\u00e9tica de morte celular, viabilidade celular, verifica\u00e7\u00e3o de intera\u00e7\u00e3o com membranas por dicro\u00edsmo circular e microscopia eletr\u00f4nica, an\u00e1lise de estresse oxidativo, verifica\u00e7\u00e3o das vias de morte celular ativadas, an\u00e1lise da citotoxidade celular dos pept\u00eddeos sobre c\u00e9lulas de mam\u00edferos. Outra abordagem \u00e9 a an\u00e1lise <em>in vivo<\/em> da atividade antimicrobiana dos pept\u00eddeos em um modelo experimental alternativo utilizando lagartas de <em>Galleria mellonella<\/em>. O estudo minucioso desta nova gera\u00e7\u00e3o de AMPs bioinspirados, suscita a possibilidade do uso biotecnol\u00f3gico dessas mol\u00e9culas para o desenvolvimento de novas estrat\u00e9gias de controle de doen\u00e7as f\u00fangicas.<\/p>\n<p>&nbsp;<\/p>\n<p>Email para contato: erica@uenf.b<\/p>\n<p><a href=\"http:\/\/lattes.cnpq.br\/5634913240588701\">http:\/\/lattes.cnpq.br\/5634913240588701<\/a><\/p>\n<p><a href=\"https:\/\/orcid.org\/0000-0002-1965-4560\">https:\/\/orcid.org\/0000-0002-1965-4560<\/a><\/p>\n","protected":false},"excerpt":{"rendered":"<p>Licenciada em Biologia pela Universidade Estadual do Norte Fluminense Darcy Ribeiro (UENF), Mestre e Doutora em Bioci\u00eancias e Biotecnologia pela&#8230;<\/p>\n","protected":false},"author":15,"featured_media":0,"parent":61,"menu_order":4,"comment_status":"closed","ping_status":"closed","template":"","meta":{"footnotes":""},"class_list":["post-79","page","type-page","status-publish","hentry"],"_links":{"self":[{"href":"https:\/\/uenf.br\/cbb\/lfbm\/wp-json\/wp\/v2\/pages\/79","targetHints":{"allow":["GET"]}}],"collection":[{"href":"https:\/\/uenf.br\/cbb\/lfbm\/wp-json\/wp\/v2\/pages"}],"about":[{"href":"https:\/\/uenf.br\/cbb\/lfbm\/wp-json\/wp\/v2\/types\/page"}],"author":[{"embeddable":true,"href":"https:\/\/uenf.br\/cbb\/lfbm\/wp-json\/wp\/v2\/users\/15"}],"replies":[{"embeddable":true,"href":"https:\/\/uenf.br\/cbb\/lfbm\/wp-json\/wp\/v2\/comments?post=79"}],"version-history":[{"count":0,"href":"https:\/\/uenf.br\/cbb\/lfbm\/wp-json\/wp\/v2\/pages\/79\/revisions"}],"up":[{"embeddable":true,"href":"https:\/\/uenf.br\/cbb\/lfbm\/wp-json\/wp\/v2\/pages\/61"}],"wp:attachment":[{"href":"https:\/\/uenf.br\/cbb\/lfbm\/wp-json\/wp\/v2\/media?parent=79"}],"curies":[{"name":"wp","href":"https:\/\/api.w.org\/{rel}","templated":true}]}}