{"id":41,"date":"2024-05-22T16:39:07","date_gmt":"2024-05-22T19:39:07","guid":{"rendered":"https:\/\/uenf.br\/cbb\/lqfpp\/?page_id=41"},"modified":"2024-05-23T11:29:26","modified_gmt":"2024-05-23T14:29:26","slug":"disciplinas-oferecidas","status":"publish","type":"page","link":"https:\/\/uenf.br\/cbb\/lqfpp\/disciplinas-oferecidas\/","title":{"rendered":"Disciplinas Oferecidas pelo LQFPP"},"content":{"rendered":"<p>O LQFPP oferece disciplinas para os cursos de Gradua\u00e7\u00e3o e para os programas de P\u00f3s-Gradua\u00e7\u00e3o.<\/p>\n<ul>\n<li><a href=\"https:\/\/uenf.br\/cbb\/lqfpp\/disciplinas-oferecidas\/graduacao\/\">Disciplinas de Gradua\u00e7\u00e3o<\/a><\/li>\n<\/ul>\n<ul>\n<li><a href=\"https:\/\/uenf.br\/cbb\/lqfpp\/disciplinas-oferecidas\/pos-graduacao\/\">Disciplinas de P\u00f3s-Gradua\u00e7\u00e3o<\/a><\/li>\n<\/ul>\n","protected":false},"excerpt":{"rendered":"<p>O LQFPP oferece disciplinas para os cursos de Gradua\u00e7\u00e3o e para os programas de P\u00f3s-Gradua\u00e7\u00e3o. Disciplinas de Gradua\u00e7\u00e3o Disciplinas de&#8230;<\/p>\n","protected":false},"author":31,"featured_media":0,"parent":0,"menu_order":6,"comment_status":"closed","ping_status":"closed","template":"","meta":{"footnotes":""},"class_list":["post-41","page","type-page","status-publish","hentry"],"_links":{"self":[{"href":"https:\/\/uenf.br\/cbb\/lqfpp\/wp-json\/wp\/v2\/pages\/41","targetHints":{"allow":["GET"]}}],"collection":[{"href":"https:\/\/uenf.br\/cbb\/lqfpp\/wp-json\/wp\/v2\/pages"}],"about":[{"href":"https:\/\/uenf.br\/cbb\/lqfpp\/wp-json\/wp\/v2\/types\/page"}],"author":[{"embeddable":true,"href":"https:\/\/uenf.br\/cbb\/lqfpp\/wp-json\/wp\/v2\/users\/31"}],"replies":[{"embeddable":true,"href":"https:\/\/uenf.br\/cbb\/lqfpp\/wp-json\/wp\/v2\/comments?post=41"}],"version-history":[{"count":0,"href":"https:\/\/uenf.br\/cbb\/lqfpp\/wp-json\/wp\/v2\/pages\/41\/revisions"}],"wp:attachment":[{"href":"https:\/\/uenf.br\/cbb\/lqfpp\/wp-json\/wp\/v2\/media?parent=41"}],"curies":[{"name":"wp","href":"https:\/\/api.w.org\/{rel}","templated":true}]}}