{"id":43,"date":"2024-05-22T16:39:37","date_gmt":"2024-05-22T19:39:37","guid":{"rendered":"https:\/\/uenf.br\/cbb\/lqfpp\/?page_id=43"},"modified":"2024-10-30T15:22:32","modified_gmt":"2024-10-30T18:22:32","slug":"pos-graduacao","status":"publish","type":"page","link":"https:\/\/uenf.br\/cbb\/lqfpp\/disciplinas-oferecidas\/pos-graduacao\/","title":{"rendered":"P\u00f3s-Gradua\u00e7\u00e3o"},"content":{"rendered":"<h5><strong><span style=\"color: #333399\">Disciplinas oferecidas no Programa de P\u00f3s-gradua\u00e7\u00e3o em Bioci\u00eancias e Biotecnologia &#8211; PGBB<\/span><\/strong><\/h5>\n<p style=\"padding-left: 40px\"><span style=\"color: #999999\">QFP2611 &#8211; <\/span>Cromatografia de Baixa Press\u00e3o e de Alta Efici\u00eancia (HPLC)<br \/>\n<span style=\"color: #999999\">QFP2617<\/span> <span style=\"color: #999999\">&#8211; <\/span>Sequenciamento de Prote\u00ednas<br \/>\n<span style=\"color: #999999\">QFP2619<\/span> <span style=\"color: #999999\">&#8211; <\/span>Estrutura de Prote\u00ednas<br \/>\n<span style=\"color: #999999\">QFP2620<\/span> <span style=\"color: #999999\">&#8211; <\/span>Bioqu\u00edmica de Sementes<br \/>\n<span style=\"color: #999999\">QFP2623<\/span> <span style=\"color: #999999\">&#8211; <\/span>Semin\u00e1rios em Bioqu\u00edmica<br \/>\n<span style=\"color: #999999\">QFP2702<\/span> <span style=\"color: #999999\">&#8211; <\/span>T\u00f3picos em Enzimologia<br \/>\n<span style=\"color: #999999\">QFP2706<\/span> <span style=\"color: #999999\">&#8211; <\/span>Biologia Computacional de Intera\u00e7\u00e3o Proteica<br \/>\n<span style=\"color: #999999\">QFP2707<\/span> <span style=\"color: #999999\">&#8211; <\/span>T\u00f3picos Atuais em Gen\u00f4mica e Biologia Sist\u00eamica<br \/>\n<span style=\"color: #999999\">QFP2712 &#8211;<\/span> Express\u00e3o, Purifica\u00e7\u00e3o e An\u00e1lise de Prote\u00ednas Recombinante<\/p>\n<p style=\"padding-left: 40px\">\n","protected":false},"excerpt":{"rendered":"<p>Disciplinas oferecidas no Programa de P\u00f3s-gradua\u00e7\u00e3o em Bioci\u00eancias e Biotecnologia &#8211; PGBB QFP2611 &#8211; Cromatografia de Baixa Press\u00e3o e de&#8230;<\/p>\n","protected":false},"author":31,"featured_media":0,"parent":41,"menu_order":2,"comment_status":"closed","ping_status":"closed","template":"","meta":{"footnotes":""},"class_list":["post-43","page","type-page","status-publish","hentry"],"_links":{"self":[{"href":"https:\/\/uenf.br\/cbb\/lqfpp\/wp-json\/wp\/v2\/pages\/43","targetHints":{"allow":["GET"]}}],"collection":[{"href":"https:\/\/uenf.br\/cbb\/lqfpp\/wp-json\/wp\/v2\/pages"}],"about":[{"href":"https:\/\/uenf.br\/cbb\/lqfpp\/wp-json\/wp\/v2\/types\/page"}],"author":[{"embeddable":true,"href":"https:\/\/uenf.br\/cbb\/lqfpp\/wp-json\/wp\/v2\/users\/31"}],"replies":[{"embeddable":true,"href":"https:\/\/uenf.br\/cbb\/lqfpp\/wp-json\/wp\/v2\/comments?post=43"}],"version-history":[{"count":0,"href":"https:\/\/uenf.br\/cbb\/lqfpp\/wp-json\/wp\/v2\/pages\/43\/revisions"}],"up":[{"embeddable":true,"href":"https:\/\/uenf.br\/cbb\/lqfpp\/wp-json\/wp\/v2\/pages\/41"}],"wp:attachment":[{"href":"https:\/\/uenf.br\/cbb\/lqfpp\/wp-json\/wp\/v2\/media?parent=43"}],"curies":[{"name":"wp","href":"https:\/\/api.w.org\/{rel}","templated":true}]}}