{"id":2,"date":"2012-09-25T12:47:21","date_gmt":"2012-09-25T12:47:21","guid":{"rendered":"http:\/\/uenf.br\/cbb\/sercas\/?page_id=2"},"modified":"2018-08-02T00:18:38","modified_gmt":"2018-08-02T00:18:38","slug":"pagina-exemplo","status":"publish","type":"page","link":"https:\/\/uenf.br\/cbb\/sercas\/","title":{"rendered":"Apresenta\u00e7\u00e3o"},"content":{"rendered":"<p style=\"text-align: justify\">________________________________________________________________________<\/p>\n<p style=\"text-align: justify\"><span style=\"color: #000000\">\u00a0 \u00a0 \u00a0 \u00a0 \u00a0\u00a0O <strong>SERCAS<\/strong>\u00a0 \u00e9 o Setor de Etologia aplicada \u00e0 Reintrodu\u00e7\u00e3o e Conserva\u00e7\u00e3o de Animais Silvestres localizado na <a href=\"http:\/\/www.uenf.br\/portal\/index.php\/br\/\">Universidade Estadual do Norte Fluminense Darcy Ribeiro<\/a>.\u00a0 SERCAS combina projetos in situ e ex situ de reintrodu\u00e7\u00e3o ou transloca\u00e7\u00e3o para fins de conserva\u00e7\u00e3o de esp\u00e9cies amea\u00e7adas, conserva\u00e7\u00e3o proativa, recupera\u00e7\u00e3o de \u00e1reas degradadas e refauna\u00e7\u00e3o. No SERCAS, atuamos\u00a0<\/span>em colabora\u00e7\u00e3o com ONGs de conserva\u00e7\u00e3o, CETAS, Secretarias do Meio Ambiente, Zool\u00f3gicos e outras Institui\u00e7\u00f5es de Ensino Superior para desenvolver programas de conserva\u00e7\u00e3o e realizar pesquisas b\u00e1sicas em biologia e veterin\u00e1ria.<\/p>\n<p style=\"text-align: justify\"><strong>As linhas de pesquisa gerais s\u00e3o:<\/strong><\/p>\n<ol style=\"text-align: justify\">\n<li>Desenvolver pesquisas b\u00e1sicas nas \u00e1reas de comportamento animal, biologia reprodutiva e sanidade animal;<\/li>\n<li>\u00a0Desenvolver pesquisas dirigidas \u00e0 elabora\u00e7\u00e3o de m\u00e9todos de manejo e t\u00e9cnicas de reprodu\u00e7\u00e3o, em cativeiro, de esp\u00e9cies de animais silvestres da fauna brasileira;<\/li>\n<li>\u00a0Desenvolver pesquisas dirigidas \u00e0 elabora\u00e7\u00e3o de m\u00e9todos de reintrodu\u00e7\u00e3o \u00e0 natureza de animais silvestres da fauna brasileira; esp\u00e9cies amea\u00e7adas ou aquelas mais representadas em Centros de Triagem (i.e., aquelas alvo do tr\u00e1fico de animais silvestres), e<\/li>\n<li>Desenvolver pesquisas sobre ecologia e comportamento de animais em paisagens fragmentadas.<\/li>\n<\/ol>\n<p style=\"text-align: justify\">\n","protected":false},"excerpt":{"rendered":"<p>________________________________________________________________________ \u00a0 \u00a0 \u00a0 \u00a0 \u00a0\u00a0O SERCAS\u00a0 \u00e9 o Setor de Etologia aplicada \u00e0 Reintrodu\u00e7\u00e3o e Conserva\u00e7\u00e3o de Animais Silvestres&#8230;<\/p>\n","protected":false},"author":5,"featured_media":0,"parent":0,"menu_order":1,"comment_status":"open","ping_status":"open","template":"","meta":{"footnotes":""},"class_list":["post-2","page","type-page","status-publish","hentry"],"_links":{"self":[{"href":"https:\/\/uenf.br\/cbb\/sercas\/wp-json\/wp\/v2\/pages\/2","targetHints":{"allow":["GET"]}}],"collection":[{"href":"https:\/\/uenf.br\/cbb\/sercas\/wp-json\/wp\/v2\/pages"}],"about":[{"href":"https:\/\/uenf.br\/cbb\/sercas\/wp-json\/wp\/v2\/types\/page"}],"author":[{"embeddable":true,"href":"https:\/\/uenf.br\/cbb\/sercas\/wp-json\/wp\/v2\/users\/5"}],"replies":[{"embeddable":true,"href":"https:\/\/uenf.br\/cbb\/sercas\/wp-json\/wp\/v2\/comments?post=2"}],"version-history":[{"count":0,"href":"https:\/\/uenf.br\/cbb\/sercas\/wp-json\/wp\/v2\/pages\/2\/revisions"}],"wp:attachment":[{"href":"https:\/\/uenf.br\/cbb\/sercas\/wp-json\/wp\/v2\/media?parent=2"}],"curies":[{"name":"wp","href":"https:\/\/api.w.org\/{rel}","templated":true}]}}