{"id":101,"date":"2012-07-23T17:55:48","date_gmt":"2012-07-23T20:55:48","guid":{"rendered":"http:\/\/uenf.br\/cch\/biblioteca\/?page_id=101"},"modified":"2026-03-30T17:36:31","modified_gmt":"2026-03-30T20:36:31","slug":"teses-e-dissertacoes-online","status":"publish","type":"page","link":"https:\/\/uenf.br\/cch\/biblioteca\/links\/teses-e-dissertacoes-online\/","title":{"rendered":"Teses e Disserta\u00e7\u00f5es on line"},"content":{"rendered":"<div id=\"materiaPrincipal\">\n<p>&#8211; <strong><a href=\"https:\/\/biblioteca.sophia.com.br\/terminalri\/9688\/\">Reposit\u00f3rio Institucional da UENF<\/a><\/strong>: engloba os TCCs, Teses e Disserta\u00e7\u00f5es, livros, ebooks, artigos de peri\u00f3dicos e cap\u00edtulos de livros desenvolvidos por docentes, discentes, servidores t\u00e9cnicos, pesquisadores e colaboradores com v\u00ednculo institucional, representando a produ\u00e7\u00e3o cient\u00edfica da universidade.<\/p>\n<p><strong>&#8211;<a href=\"https:\/\/catalogodeteses.capes.gov.br\/catalogo-teses\/#!\/\">Cat\u00e1logo de Teses e Disserta\u00e7\u00f5es da Capes<\/a><\/strong><\/p>\n<p>Disponibiliza as teses e disserta\u00e7\u00f5es defendidas no pa\u00eds, de institui\u00e7\u00f5es p\u00fablicas e privadas. Usa a Plataforma Sucupira.<\/p>\n<p>&#8211; <a href=\"https:\/\/oasisbr.ibict.br\/vufind\/\"><strong>Oasisbr<\/strong><\/a>: Portal Brasileiro de Publica\u00e7\u00f5es e Dados Cient\u00edficos em Acesso Aberto. Re\u00fane a produ\u00e7\u00e3o cient\u00edfica e os dados de pesquisa em acesso aberto, publicados em revistas cient\u00edficas, reposit\u00f3rios digitais de publica\u00e7\u00f5es cient\u00edficas, reposit\u00f3rios digitais de dados de pesquisa e bibliotecas digitais de teses e disserta\u00e7\u00f5es. (IBICT)<\/p>\n<p>&#8211;\u00a0<a href=\"http:\/\/bdtd.ibict.br\/\"><strong>Biblioteca Digital de Teses e Disserta\u00e7\u00f5es do IBICT<\/strong><\/a><b> &#8211; BDTD<\/b><\/p>\n<p>A biblioteca Digital de Teses e Disserta\u00e7\u00f5es do IBICT (Instituto Brasileiro de Informa\u00e7\u00e3o em Ci\u00eancia e Tecnologia) disponibiliza textos completos ou resumos de teses e disserta\u00e7\u00f5es defendidas em v\u00e1rias institui\u00e7\u00f5es de ensino superior do Brasil, conta com a colabora\u00e7\u00e3o das institui\u00e7\u00f5es para alimentar a base de dados.<\/p>\n<\/div>\n<p><strong>&#8211; <a href=\"https:\/\/sucupira.capes.gov.br\/sucupira\/public\/consultas\/coleta\/trabalhoConclusao\/listaTrabalhoConclusao.jsf\">Plataforma Sucupira (Capes)<\/a><\/strong><\/p>\n<p>Apresenta os \u00faltimos trabalhos defendidos por institui\u00e7\u00f5es de ensino p\u00fablicas e privadas do pa\u00eds, pois as pr\u00f3prias que alimentam a base de dados.<\/p>\n<div id=\"materiaPrincipal\">\n<p>&#8211;\u00a0<a href=\"https:\/\/ndltd.org\/\"><strong>Networked Digital Library of Theses and Dissertations Union Catalog<\/strong><\/a><\/p>\n<p>\u00c9 um cat\u00e1logo coletivo da rede de bibliotecas digitais de teses e disserta\u00e7\u00f5es defendidas em v\u00e1rias institui\u00e7\u00f5es de ensino em todo o mundo.<\/p>\n<p>&nbsp;<\/p>\n<\/div>\n","protected":false},"excerpt":{"rendered":"<p>&#8211; Reposit\u00f3rio Institucional da UENF: engloba os TCCs, Teses e Disserta\u00e7\u00f5es, livros, ebooks, artigos de peri\u00f3dicos e cap\u00edtulos de livros&#8230;<\/p>\n","protected":false},"author":4,"featured_media":0,"parent":89,"menu_order":20,"comment_status":"closed","ping_status":"closed","template":"","meta":{"footnotes":""},"class_list":["post-101","page","type-page","status-publish","hentry"],"_links":{"self":[{"href":"https:\/\/uenf.br\/cch\/biblioteca\/wp-json\/wp\/v2\/pages\/101","targetHints":{"allow":["GET"]}}],"collection":[{"href":"https:\/\/uenf.br\/cch\/biblioteca\/wp-json\/wp\/v2\/pages"}],"about":[{"href":"https:\/\/uenf.br\/cch\/biblioteca\/wp-json\/wp\/v2\/types\/page"}],"author":[{"embeddable":true,"href":"https:\/\/uenf.br\/cch\/biblioteca\/wp-json\/wp\/v2\/users\/4"}],"replies":[{"embeddable":true,"href":"https:\/\/uenf.br\/cch\/biblioteca\/wp-json\/wp\/v2\/comments?post=101"}],"version-history":[{"count":0,"href":"https:\/\/uenf.br\/cch\/biblioteca\/wp-json\/wp\/v2\/pages\/101\/revisions"}],"up":[{"embeddable":true,"href":"https:\/\/uenf.br\/cch\/biblioteca\/wp-json\/wp\/v2\/pages\/89"}],"wp:attachment":[{"href":"https:\/\/uenf.br\/cch\/biblioteca\/wp-json\/wp\/v2\/media?parent=101"}],"curies":[{"name":"wp","href":"https:\/\/api.w.org\/{rel}","templated":true}]}}