{"id":15,"date":"2012-07-18T15:41:16","date_gmt":"2012-07-18T18:41:16","guid":{"rendered":"http:\/\/uenf.br\/cch\/biblioteca\/?page_id=15"},"modified":"2026-03-30T17:11:40","modified_gmt":"2026-03-30T20:11:40","slug":"acervo","status":"publish","type":"page","link":"https:\/\/uenf.br\/cch\/biblioteca\/acervo\/","title":{"rendered":"Acervo e Espa\u00e7os Dispon\u00edveis"},"content":{"rendered":"<p><strong><a href=\"https:\/\/uenf.br\/cch\/biblioteca\/files\/2022\/04\/image2-5-scaled.jpeg\"><img loading=\"lazy\" decoding=\"async\" class=\"size-medium wp-image-219 alignleft\" src=\"https:\/\/uenf.br\/cch\/biblioteca\/files\/2022\/04\/image2-5-225x300.jpeg\" alt=\"Obras de Refer\u00eancia\" width=\"225\" height=\"300\" srcset=\"https:\/\/uenf.br\/cch\/biblioteca\/files\/2022\/04\/image2-5-225x300.jpeg 225w, https:\/\/uenf.br\/cch\/biblioteca\/files\/2022\/04\/image2-5-768x1024.jpeg 768w, https:\/\/uenf.br\/cch\/biblioteca\/files\/2022\/04\/image2-5-1152x1536.jpeg 1152w, https:\/\/uenf.br\/cch\/biblioteca\/files\/2022\/04\/image2-5-1536x2048.jpeg 1536w, https:\/\/uenf.br\/cch\/biblioteca\/files\/2022\/04\/image2-5-scaled.jpeg 1920w\" sizes=\"auto, (max-width: 225px) 100vw, 225px\" \/><\/a>ACERVO<\/strong><\/p>\n<p>A biblioteca do CCH possui em seu acervo materiais nas \u00e1reas de Ci\u00eancias Humanas, Ci\u00eancias Sociais Aplicadas, Lingu\u00edstica, Letras e Artes, com 25.768 livros, 151 CDs, 600 fitas de v\u00eddeos, 20 DVDs, 110 peri\u00f3dicos correntes, al\u00e9m de dicion\u00e1rios, enciclop\u00e9dias, folhetos, mapas, obras raras, teses, disserta\u00e7\u00f5es e monografias de gradua\u00e7\u00e3o.<br \/>\nO\u00a0<a href=\"https:\/\/biblioteca.sophia.com.br\/terminal\/9688\">cat\u00e1logo on line<\/a> permite a pesquisa do acervo de todas as bibliotecas da UENF, al\u00e9m de poder fazer opera\u00e7\u00f5es de renova\u00e7\u00f5es, reservas e sugest\u00f5es para compra de livros e leitura de ebooks mediante login e senha usada no balc\u00e3o de empr\u00e9stimo da Biblioteca.<\/p>\n<p>&nbsp;<\/p>\n<p>&nbsp;<\/p>\n<p><a style=\"color: #13aff0\" href=\"https:\/\/uenf.br\/cch\/biblioteca\/files\/2022\/04\/image0-scaled.jpeg\"><img loading=\"lazy\" decoding=\"async\" class=\"size-medium wp-image-205 alignleft\" src=\"https:\/\/uenf.br\/cch\/biblioteca\/files\/2022\/04\/image0-225x300.jpeg\" alt=\"Peri\u00f3dicos e Sala de Estudos\" width=\"225\" height=\"300\" srcset=\"https:\/\/uenf.br\/cch\/biblioteca\/files\/2022\/04\/image0-225x300.jpeg 225w, https:\/\/uenf.br\/cch\/biblioteca\/files\/2022\/04\/image0-768x1024.jpeg 768w, https:\/\/uenf.br\/cch\/biblioteca\/files\/2022\/04\/image0-1152x1536.jpeg 1152w, https:\/\/uenf.br\/cch\/biblioteca\/files\/2022\/04\/image0-1536x2048.jpeg 1536w, https:\/\/uenf.br\/cch\/biblioteca\/files\/2022\/04\/image0-scaled.jpeg 1920w\" sizes=\"auto, (max-width: 225px) 100vw, 225px\" \/><\/a><\/p>\n<p><a href=\"https:\/\/uenf.br\/cch\/biblioteca\/files\/2022\/04\/image4-1-2-scaled.jpeg\"><img loading=\"lazy\" decoding=\"async\" class=\"size-medium wp-image-218 alignleft\" src=\"https:\/\/uenf.br\/cch\/biblioteca\/files\/2022\/04\/image4-1-2-225x300.jpeg\" alt=\"\" width=\"225\" height=\"300\" srcset=\"https:\/\/uenf.br\/cch\/biblioteca\/files\/2022\/04\/image4-1-2-225x300.jpeg 225w, https:\/\/uenf.br\/cch\/biblioteca\/files\/2022\/04\/image4-1-2-768x1024.jpeg 768w, https:\/\/uenf.br\/cch\/biblioteca\/files\/2022\/04\/image4-1-2-1152x1536.jpeg 1152w, https:\/\/uenf.br\/cch\/biblioteca\/files\/2022\/04\/image4-1-2-1536x2048.jpeg 1536w, https:\/\/uenf.br\/cch\/biblioteca\/files\/2022\/04\/image4-1-2-scaled.jpeg 1920w\" sizes=\"auto, (max-width: 225px) 100vw, 225px\" \/><\/a><\/p>\n<p>&nbsp;<\/p>\n<p>&nbsp;<\/p>\n<p>&nbsp;<\/p>\n<p>&nbsp;<\/p>\n<p>&nbsp;<\/p>\n<p>&nbsp;<\/p>\n<p>&nbsp;<\/p>\n<p><strong>Espa\u00e7os Dispon\u00edveis<\/strong><\/p>\n<p>A Biblioteca do CCH disp\u00f5e dos seguintes espa\u00e7os:<\/p>\n<ul>\n<li>Banheiros e bebedouro<\/li>\n<li>Espa\u00e7o entre as estantes para locomo\u00e7\u00e3o de cadeirantes.<\/li>\n<li>Sala de Estudos em Grupo<\/li>\n<\/ul>\n<p><a href=\"https:\/\/uenf.br\/cch\/biblioteca\/files\/2022\/04\/image6-1-scaled.jpeg\"><img loading=\"lazy\" decoding=\"async\" class=\"size-medium wp-image-209 alignleft\" src=\"https:\/\/uenf.br\/cch\/biblioteca\/files\/2022\/04\/image6-1-225x300.jpeg\" alt=\"Sala de Estudos em Grupo\" width=\"225\" height=\"300\" srcset=\"https:\/\/uenf.br\/cch\/biblioteca\/files\/2022\/04\/image6-1-225x300.jpeg 225w, https:\/\/uenf.br\/cch\/biblioteca\/files\/2022\/04\/image6-1-768x1024.jpeg 768w, https:\/\/uenf.br\/cch\/biblioteca\/files\/2022\/04\/image6-1-1152x1536.jpeg 1152w, https:\/\/uenf.br\/cch\/biblioteca\/files\/2022\/04\/image6-1-1536x2048.jpeg 1536w, https:\/\/uenf.br\/cch\/biblioteca\/files\/2022\/04\/image6-1-scaled.jpeg 1920w\" sizes=\"auto, (max-width: 225px) 100vw, 225px\" \/><\/a><a href=\"https:\/\/uenf.br\/cch\/biblioteca\/files\/2022\/04\/image3-1-1-scaled.jpeg\"><img loading=\"lazy\" decoding=\"async\" class=\"alignnone size-medium wp-image-208\" src=\"https:\/\/uenf.br\/cch\/biblioteca\/files\/2022\/04\/image3-1-1-225x300.jpeg\" alt=\"Espa\u00e7os\" width=\"225\" height=\"300\" srcset=\"https:\/\/uenf.br\/cch\/biblioteca\/files\/2022\/04\/image3-1-1-225x300.jpeg 225w, https:\/\/uenf.br\/cch\/biblioteca\/files\/2022\/04\/image3-1-1-768x1024.jpeg 768w, https:\/\/uenf.br\/cch\/biblioteca\/files\/2022\/04\/image3-1-1-1152x1536.jpeg 1152w, https:\/\/uenf.br\/cch\/biblioteca\/files\/2022\/04\/image3-1-1-1536x2048.jpeg 1536w, https:\/\/uenf.br\/cch\/biblioteca\/files\/2022\/04\/image3-1-1-scaled.jpeg 1920w\" sizes=\"auto, (max-width: 225px) 100vw, 225px\" \/><\/a><\/p>\n<p>&nbsp;<\/p>\n<ul>\n<li>Mesas e bancadas para estudos individuais<\/li>\n<\/ul>\n<p><a href=\"https:\/\/uenf.br\/cch\/biblioteca\/files\/2022\/04\/image1-2-scaled.jpeg\"><img loading=\"lazy\" decoding=\"async\" class=\"alignnone wp-image-207 size-medium\" src=\"https:\/\/uenf.br\/cch\/biblioteca\/files\/2022\/04\/image1-2-scaled-e1649358870142-300x277.jpeg\" alt=\"Estudos individuais\" width=\"300\" height=\"277\" srcset=\"https:\/\/uenf.br\/cch\/biblioteca\/files\/2022\/04\/image1-2-scaled-e1649358870142-300x277.jpeg 300w, https:\/\/uenf.br\/cch\/biblioteca\/files\/2022\/04\/image1-2-scaled-e1649358870142-1024x945.jpeg 1024w, https:\/\/uenf.br\/cch\/biblioteca\/files\/2022\/04\/image1-2-scaled-e1649358870142-768x709.jpeg 768w, https:\/\/uenf.br\/cch\/biblioteca\/files\/2022\/04\/image1-2-scaled-e1649358870142-1536x1418.jpeg 1536w, https:\/\/uenf.br\/cch\/biblioteca\/files\/2022\/04\/image1-2-scaled-e1649358870142.jpeg 1920w\" sizes=\"auto, (max-width: 300px) 100vw, 300px\" \/><\/a><\/p>\n<ul>\n<li>Espa\u00e7o para exposi\u00e7\u00e3o.<\/li>\n<li>Guarda-volume para o usu\u00e1rio guardar seus pertences enquanto estiver no interior da Biblioteca.<\/li>\n<\/ul>\n<p><a href=\"https:\/\/uenf.br\/cch\/biblioteca\/files\/2022\/04\/image0-1-scaled.jpeg\"><img loading=\"lazy\" decoding=\"async\" class=\"alignnone size-medium wp-image-210\" src=\"https:\/\/uenf.br\/cch\/biblioteca\/files\/2022\/04\/image0-1-225x300.jpeg\" alt=\"Exposi\u00e7\u00e3o e Arm\u00e1rios\" width=\"225\" height=\"300\" srcset=\"https:\/\/uenf.br\/cch\/biblioteca\/files\/2022\/04\/image0-1-225x300.jpeg 225w, https:\/\/uenf.br\/cch\/biblioteca\/files\/2022\/04\/image0-1-768x1024.jpeg 768w, https:\/\/uenf.br\/cch\/biblioteca\/files\/2022\/04\/image0-1-1152x1536.jpeg 1152w, https:\/\/uenf.br\/cch\/biblioteca\/files\/2022\/04\/image0-1-1536x2048.jpeg 1536w, https:\/\/uenf.br\/cch\/biblioteca\/files\/2022\/04\/image0-1-scaled.jpeg 1920w\" sizes=\"auto, (max-width: 225px) 100vw, 225px\" \/><\/a><\/p>\n<ul>\n<li>Bancada de Computadores com acesso \u00e0 Internet<\/li>\n<li>Computadores reservados para pessoas com necessidades especiais, com scanner e Dosvox instalado.<\/li>\n<\/ul>\n<p><a style=\"color: #13aff0\" href=\"https:\/\/uenf.br\/cch\/biblioteca\/files\/2022\/04\/image3-2-scaled.jpeg\"><img loading=\"lazy\" decoding=\"async\" class=\"size-medium wp-image-206 alignleft\" src=\"https:\/\/uenf.br\/cch\/biblioteca\/files\/2022\/04\/image3-2-225x300.jpeg\" alt=\"\" width=\"225\" height=\"300\" srcset=\"https:\/\/uenf.br\/cch\/biblioteca\/files\/2022\/04\/image3-2-225x300.jpeg 225w, https:\/\/uenf.br\/cch\/biblioteca\/files\/2022\/04\/image3-2-768x1024.jpeg 768w, https:\/\/uenf.br\/cch\/biblioteca\/files\/2022\/04\/image3-2-1152x1536.jpeg 1152w, https:\/\/uenf.br\/cch\/biblioteca\/files\/2022\/04\/image3-2-1536x2048.jpeg 1536w, https:\/\/uenf.br\/cch\/biblioteca\/files\/2022\/04\/image3-2-scaled.jpeg 1920w\" sizes=\"auto, (max-width: 225px) 100vw, 225px\" \/><\/a><\/p>\n<p>&nbsp;<\/p>\n<p>&nbsp;<\/p>\n<p>&nbsp;<\/p>\n<p>&nbsp;<\/p>\n<p>&nbsp;<\/p>\n<p>&nbsp;<\/p>\n<p>&nbsp;<\/p>\n","protected":false},"excerpt":{"rendered":"<p>ACERVO A biblioteca do CCH possui em seu acervo materiais nas \u00e1reas de Ci\u00eancias Humanas, Ci\u00eancias Sociais Aplicadas, Lingu\u00edstica, Letras&#8230;<\/p>\n","protected":false},"author":4,"featured_media":0,"parent":0,"menu_order":5,"comment_status":"closed","ping_status":"closed","template":"","meta":{"footnotes":""},"class_list":["post-15","page","type-page","status-publish","hentry"],"_links":{"self":[{"href":"https:\/\/uenf.br\/cch\/biblioteca\/wp-json\/wp\/v2\/pages\/15","targetHints":{"allow":["GET"]}}],"collection":[{"href":"https:\/\/uenf.br\/cch\/biblioteca\/wp-json\/wp\/v2\/pages"}],"about":[{"href":"https:\/\/uenf.br\/cch\/biblioteca\/wp-json\/wp\/v2\/types\/page"}],"author":[{"embeddable":true,"href":"https:\/\/uenf.br\/cch\/biblioteca\/wp-json\/wp\/v2\/users\/4"}],"replies":[{"embeddable":true,"href":"https:\/\/uenf.br\/cch\/biblioteca\/wp-json\/wp\/v2\/comments?post=15"}],"version-history":[{"count":0,"href":"https:\/\/uenf.br\/cch\/biblioteca\/wp-json\/wp\/v2\/pages\/15\/revisions"}],"wp:attachment":[{"href":"https:\/\/uenf.br\/cch\/biblioteca\/wp-json\/wp\/v2\/media?parent=15"}],"curies":[{"name":"wp","href":"https:\/\/api.w.org\/{rel}","templated":true}]}}