{"id":2,"date":"2010-09-14T15:13:01","date_gmt":"2010-09-14T15:13:01","guid":{"rendered":"http:\/\/uenf.br\/cch\/biblioteca\/?page_id=2"},"modified":"2026-04-09T18:27:06","modified_gmt":"2026-04-09T21:27:06","slug":"sobre","status":"publish","type":"page","link":"https:\/\/uenf.br\/cch\/biblioteca\/","title":{"rendered":"Apresenta\u00e7\u00e3o"},"content":{"rendered":"<p style=\"text-align: left\"><a href=\"https:\/\/uenf.br\/cch\/biblioteca\/files\/2026\/04\/IMG_20260409_154327325-1-scaled-e1775763096220.jpg\"><img loading=\"lazy\" decoding=\"async\" class=\"alignnone size-medium wp-image-338\" src=\"https:\/\/uenf.br\/cch\/biblioteca\/files\/2026\/04\/IMG_20260409_154327325-1-scaled-e1775763096220-225x300.jpg\" alt=\"\" width=\"225\" height=\"300\" srcset=\"https:\/\/uenf.br\/cch\/biblioteca\/files\/2026\/04\/IMG_20260409_154327325-1-scaled-e1775763096220-225x300.jpg 225w, https:\/\/uenf.br\/cch\/biblioteca\/files\/2026\/04\/IMG_20260409_154327325-1-scaled-e1775763096220-768x1024.jpg 768w, https:\/\/uenf.br\/cch\/biblioteca\/files\/2026\/04\/IMG_20260409_154327325-1-scaled-e1775763096220-1152x1536.jpg 1152w, https:\/\/uenf.br\/cch\/biblioteca\/files\/2026\/04\/IMG_20260409_154327325-1-scaled-e1775763096220-1536x2048.jpg 1536w, https:\/\/uenf.br\/cch\/biblioteca\/files\/2026\/04\/IMG_20260409_154327325-1-scaled-e1775763096220-1200x1600.jpg 1200w, https:\/\/uenf.br\/cch\/biblioteca\/files\/2026\/04\/IMG_20260409_154327325-1-scaled-e1775763096220-320x427.jpg 320w, https:\/\/uenf.br\/cch\/biblioteca\/files\/2026\/04\/IMG_20260409_154327325-1-scaled-e1775763096220.jpg 1920w\" sizes=\"auto, (max-width: 225px) 100vw, 225px\" \/><\/a><\/p>\n<p style=\"text-align: left\">A Biblioteca do CCH \u00e9 a maior biblioteca da universidade em termos de espa\u00e7o e acervo, ocupa uma \u00e1rea de 700m<sup>2<\/sup> onde se distribui: a\u00a0 Sala de Estudos em Grupo, Sala da Coordena\u00e7\u00e3o, Sala de Computadores, Recep\u00e7\u00e3o, Sala do Processamento T\u00e9cnico\/ Materiais Especiais, Setor de Livros, Hemeroteca\/Mapoteca, Literatura, Espa\u00e7o para Estudo Individual e o Setor de Obras de Refer\u00eancia (Enciclop\u00e9dias, dicion\u00e1rios, cat\u00e1logos, bibliografias).\u00a0 O objetivo principal da biblioteca \u00e9 viabilizar o acervo e as informa\u00e7\u00f5es t\u00e9cnicas-cient\u00edficas para a pesquisa, o ensino e a extens\u00e3o universit\u00e1ria. O acervo engloba as \u00e1reas de Ci\u00eancias Humanas, Ci\u00eancias Sociais Aplicadas, Lingu\u00edstica, Letras e Artes.<\/p>\n<p>&nbsp;<\/p>\n<ul>\n<li style=\"text-align: left\">Acesse <strong>Ebooks<\/strong>, <strong>Consulte nosso Acervo de livros impressos e outros materiais, fa\u00e7a renova\u00e7\u00f5es, sugest\u00f5es de compra de livros e mais<\/strong> no nosso <a href=\"https:\/\/biblioteca.sophia.com.br\/terminal\/9688\"><strong>Cat\u00e1logo Online<\/strong><\/a>.(Terminal de Consulta do Acervo das Bibliotecas: <a href=\"https:\/\/biblioteca.sophia.com.br\/terminal\/9688\" target=\"_blank\" rel=\"noopener noreferrer\" data-saferedirecturl=\"https:\/\/www.google.com\/url?q=https:\/\/biblioteca.sophia.com.br\/terminal\/9688&amp;source=gmail&amp;ust=1693604505410000&amp;usg=AOvVaw30ehdc9je1JrYaHhSIqZVq\">Terminal \u2013 SophiA Biblioteca Web <\/a>e Terminal de Consulta do Reposit\u00f3rio Institucional (produ\u00e7\u00e3o cient\u00edfica da UENF): <a href=\"https:\/\/biblioteca.sophia.com.br\/terminalRI\/9688\" target=\"_blank\" rel=\"noopener noreferrer\" data-saferedirecturl=\"https:\/\/www.google.com\/url?q=https:\/\/biblioteca.sophia.com.br\/terminalRI\/9688&amp;source=gmail&amp;ust=1693604505410000&amp;usg=AOvVaw1ANZrJX35j_zLnnuc6c9qZ\">Terminal RI \u2013 SophiA Biblioteca Web)<\/a><\/li>\n<li style=\"text-align: left\">Acesse o <a href=\"https:\/\/www.facebook.com\/people\/Biblioteca-Do-Cch\/100009549974205\/\"><strong>Facebook da Biblioteca do CCH<\/strong><\/a>.<\/li>\n<\/ul>\n<p style=\"text-align: left\">Treinamento do Portal de Peri\u00f3dicos da Capes: Fa\u00e7a sua inscri\u00e7\u00e3o e aprenda mais como navegar e fazer pesquisa no Portal: <a href=\"http:\/\/www-periodicos-capes-gov-br.ez81.periodicos.capes.gov.br\/index.php\/treinamentos\/calend%C3%A1rio.html\"><img loading=\"lazy\" decoding=\"async\" class=\"\" src=\"https:\/\/uenf.br\/cch\/biblioteca\/files\/2022\/04\/logo_periodicos-simples2.jpg\" alt=\"Portal de Peri\u00f3dicos da Capes\" width=\"167\" height=\"21\" \/><\/a><\/p>\n<p><strong>Teses e Disserta\u00e7\u00f5es de todas as universidades do Brasil<\/strong>: <a href=\"https:\/\/sucupira.capes.gov.br\/sucupira\/public\/consultas\/coleta\/trabalhoConclusao\/listaTrabalhoConclusao.jsf\">Plataforma Sucupira<\/a> (Capes) e\u00a0<a href=\"https:\/\/oasisbr.ibict.br\/vufind\/\"><strong>Oasisbr<\/strong><\/a>: Portal Brasileiro de Publica\u00e7\u00f5es e Dados Cient\u00edficos em Acesso Aberto. Re\u00fane a produ\u00e7\u00e3o cient\u00edfica e os dados de pesquisa em acesso aberto, publicados em revistas cient\u00edficas, reposit\u00f3rios digitais de publica\u00e7\u00f5es cient\u00edficas, reposit\u00f3rios digitais de dados de pesquisa e bibliotecas digitais de teses e disserta\u00e7\u00f5es. (IBICT)<\/p>\n<p><strong>Hor\u00e1rio de funcionamento: segunda \u00e0 sexta das 8 \u00e0s 20h.<\/strong><\/p>\n<p>&nbsp;<\/p>\n","protected":false},"excerpt":{"rendered":"<p>A Biblioteca do CCH \u00e9 a maior biblioteca da universidade em termos de espa\u00e7o e acervo, ocupa uma \u00e1rea de&#8230;<\/p>\n","protected":false},"author":4,"featured_media":0,"parent":0,"menu_order":0,"comment_status":"open","ping_status":"open","template":"","meta":{"footnotes":""},"class_list":["post-2","page","type-page","status-publish","hentry"],"_links":{"self":[{"href":"https:\/\/uenf.br\/cch\/biblioteca\/wp-json\/wp\/v2\/pages\/2","targetHints":{"allow":["GET"]}}],"collection":[{"href":"https:\/\/uenf.br\/cch\/biblioteca\/wp-json\/wp\/v2\/pages"}],"about":[{"href":"https:\/\/uenf.br\/cch\/biblioteca\/wp-json\/wp\/v2\/types\/page"}],"author":[{"embeddable":true,"href":"https:\/\/uenf.br\/cch\/biblioteca\/wp-json\/wp\/v2\/users\/4"}],"replies":[{"embeddable":true,"href":"https:\/\/uenf.br\/cch\/biblioteca\/wp-json\/wp\/v2\/comments?post=2"}],"version-history":[{"count":0,"href":"https:\/\/uenf.br\/cch\/biblioteca\/wp-json\/wp\/v2\/pages\/2\/revisions"}],"wp:attachment":[{"href":"https:\/\/uenf.br\/cch\/biblioteca\/wp-json\/wp\/v2\/media?parent=2"}],"curies":[{"name":"wp","href":"https:\/\/api.w.org\/{rel}","templated":true}]}}