{"id":25,"date":"2012-07-18T15:50:42","date_gmt":"2012-07-18T18:50:42","guid":{"rendered":"http:\/\/uenf.br\/cch\/biblioteca\/?page_id=25"},"modified":"2026-04-09T20:00:56","modified_gmt":"2026-04-09T23:00:56","slug":"historico","status":"publish","type":"page","link":"https:\/\/uenf.br\/cch\/biblioteca\/historico\/","title":{"rendered":"Hist\u00f3rico"},"content":{"rendered":"<p><a href=\"https:\/\/uenf.br\/cch\/biblioteca\/files\/2022\/04\/image4-1-scaled.jpeg\"><img loading=\"lazy\" decoding=\"async\" class=\"alignleft size-medium wp-image-196\" src=\"https:\/\/uenf.br\/cch\/biblioteca\/files\/2022\/04\/image4-1-225x300.jpeg\" alt=\"Acervo Geral\" width=\"225\" height=\"300\" srcset=\"https:\/\/uenf.br\/cch\/biblioteca\/files\/2022\/04\/image4-1-225x300.jpeg 225w, https:\/\/uenf.br\/cch\/biblioteca\/files\/2022\/04\/image4-1-768x1024.jpeg 768w, https:\/\/uenf.br\/cch\/biblioteca\/files\/2022\/04\/image4-1-1152x1536.jpeg 1152w, https:\/\/uenf.br\/cch\/biblioteca\/files\/2022\/04\/image4-1-1536x2048.jpeg 1536w, https:\/\/uenf.br\/cch\/biblioteca\/files\/2022\/04\/image4-1-scaled.jpeg 1920w\" sizes=\"auto, (max-width: 225px) 100vw, 225px\" \/><\/a>A Biblioteca do Centro de Ci\u00eancias do Homem (CCH) da Universidade Estadual do Norte Fluminense Darcy Ribeiro (UENF), foi criada em outubro de 1995. Ocupava uma sala de aula com 87,17m2 e possu\u00eda em torno de 1.000 volumes conseguidos pelo antigo LACEC (Laborat\u00f3rio de Ci\u00eancias da Educa\u00e7\u00e3o e da Comunica\u00e7\u00e3o) e por doa\u00e7\u00e3o de institui\u00e7\u00f5es como UFRJ, PUC, FGV e de professores.<br \/>\nO acervo foi automatizado com o programa Micro-Isis, da UNESCO, distribu\u00eddo pelo IBICT, para registro e controle de material bibliogr\u00e1fico. Em abril de 1996, a Biblioteca come\u00e7ou suas atividades e apresentou a elabora\u00e7\u00e3o do projeto para as novas instala\u00e7\u00f5es e sua implanta\u00e7\u00e3o, possibilitando assim, mais conforto e mobilidade para seus usu\u00e1rios.<br \/>\nEm 2002, a UENF adquiriu um novo programa para gerenciar o acervo e os servi\u00e7os das bibliotecas da universidade, permitindo um maior compartilhamento e controle de circula\u00e7\u00e3o e aquisi\u00e7\u00e3o do acervo.\u00a0Em junho de 2007 foi disponibilizado acesso ao cat\u00e1logo online de todas as bibliotecas da UENF, com servi\u00e7os de consulta ao acervo, reservas e renova\u00e7\u00f5es online e sugest\u00f5es para compra de livros.<\/p>\n<p>Em 2008, atrav\u00e9s do projeto coordenado pelo prof. M\u00e1rio Galv\u00e3o, os servi\u00e7os da Biblioteca tornaram-se mais acess\u00edvel para portadores de necessidades especiais, pois foi adquirido programas de computador, scanners, computadores e bebedouro mais baixo. Adquirimos tamb\u00e9m os primeiros aparelhos de ar condicionado, instalados nos setores administrativos e da bancada de computadores. Tamb\u00e9m nesse mesmo ano, foi implantada a Biblioteca Digital de Teses e Disserta\u00e7\u00f5es da UENF, com equipamento,<br \/>\nprograma e treinamento do IBICT (Instituto Brasileiro de Informa\u00e7\u00e3o em Ci\u00eancia e Tecnologia), por iniciativa da Biblioteca, por\u00e9m, por problemas t\u00e9cnicos, n\u00e3o foi poss\u00edvel prosseguir com esse trabalho.<\/p>\n<p>Em 2010 a Biblioteca do CCH foi finalmente toda climatizada, dando assim, mais conforto aos nossos usu\u00e1rios.<\/p>\n<p>O acervo cresceu tanto com doa\u00e7\u00f5es de livros novos (de v\u00e1rias institui\u00e7\u00f5es) e livros usados, quanto com compras que foram feitas com verbas das gradua\u00e7\u00f5es do centro at\u00e9 2013. Nos anos de 2013 a 2017 o governo do estado lan\u00e7ou editais da Faperj exclusivamente para aquisi\u00e7\u00e3o de livros para as bibliotecas, com isso a Biblioteca do CCH adquiriu nesses projetos 535 t\u00edtulos. Al\u00e9m disso, passamos a receber doa\u00e7\u00f5es de livros editados com a colabora\u00e7\u00e3o da Faperj, totalizando 458 t\u00edtulos no total at\u00e9 ent\u00e3o, com a m\u00e9dia de 5 exemplares para cada t\u00edtulo.<br \/>\nEm 2017 a UENF estava em greve e com atraso em pagamento e nesse mesmo per\u00edodo foram perdidos mais de 5 mil de dados do Sistema, devido \u00e0 falta de backup pelo GRC, com isso em 2018 e 2019 tivemos que digitar novamente todos os dados perdidos no sistema, ocasionando atraso na cataloga\u00e7\u00e3o rotineira, ao mesmo tempo recebemos diversas doa\u00e7\u00f5es, entre elas a doa\u00e7\u00e3o da fam\u00edlia de Carlos A.A. S\u00e1 de Carvalho, onde mantinha uma biblioteca particular aberta ao p\u00fablica na cidade de S\u00e3o Jo\u00e3o da Barra, RJ, cerca de quase 3 mil livros. Em 2018, por iniciativa da Biblioteca do CCH, com o fornecimento do c\u00f3digo fonte fornecido pelo ICMC\/USP, a pedido, e com ajuda da GINFO (Ger\u00eancia de Informa\u00e7\u00e3o) para adaptar \u00e0 universidade, os formandos dos cursos de p\u00f3s-gradua\u00e7\u00e3o da UENF puderam elaborar sua pr\u00f3pria ficha catalogr\u00e1fica atrav\u00e9s do Sistema Acad\u00eamico.<\/p>\n<p>Em 2021, durante a pandemia, recebemos tamb\u00e9m a doa\u00e7\u00e3o da biblioteca de Arno Vogel, Wagner Brand\u00e3o e em 2022, de Arlete Sendra. Diante todos os problemas relatados houve muitos atrasos na cataloga\u00e7\u00e3o de livros, principalmente porque tamb\u00e9m tivemos outras doa\u00e7\u00f5es. Na mesma \u00e9poca, ap\u00f3s relato de problema no Informa, antigo sistema usado na \u00e9poca, foi feita uma reuni\u00e3o com os representantes das bibliotecas da UENF com apresenta\u00e7\u00e3o de bases de dados Pergamum e Sophia, onde foi escolhida a base Sophia. Ap\u00f3s procura de ajuda entre os docentes para a compra da base de dados, sem sucesso, o problema foi relatado com o Andr\u00e9 da Ginfo, onde o mesmo confirmou o problema e se dispos a fazer o pedido de compra junto a reitoria e assim pudemos adquirir o novo sistema, onde, em 2023 foi feita a migra\u00e7\u00e3o dos dados. Ainda em 2022 a UENF fez a assinatura da Plataforma de Ebooks da &#8220;Minha Biblioteca&#8221;, mas com restri\u00e7\u00e3o somente para quem tinha acesso ao Sistema Acad\u00eamico. Em 2024, por iniciativa da Biblioteca do CCH, conseguimos, junto \u00e0 Ginfo, a disponibilizar os ebooks da &#8220;Minha Biblioteca&#8221; no nosso cat\u00e1logo online (Terminal Sophia Biblioteca Web) e assim todos os t\u00e9cnicos puderam acessar os ebooks, assim como os estudantes puderam ter acesso pelo cat\u00e1logo com busca mais f\u00e1cil no nosso terminal de consulta.<\/p>\n<p>O acervo atual contabiliza 22.196 t\u00edtulos e 30.579 exemplares de livros e 872 t\u00edtulos de revistas impressas, obtidas com doa\u00e7\u00f5es.<\/p>\n<p>A Biblioteca do CCH \u00e9 muito apreciada por toda comunidade, atraindo estudantes de v\u00e1rios centros. Com isso, aumentamos o n\u00famero de mesas e assentos individuais e criamos uma sala de estudos em grupo, que \u00e9 muito utilizada.<\/p>\n","protected":false},"excerpt":{"rendered":"<p>A Biblioteca do Centro de Ci\u00eancias do Homem (CCH) da Universidade Estadual do Norte Fluminense Darcy Ribeiro (UENF), foi criada&#8230;<\/p>\n","protected":false},"author":4,"featured_media":0,"parent":0,"menu_order":3,"comment_status":"closed","ping_status":"open","template":"","meta":{"footnotes":""},"class_list":["post-25","page","type-page","status-publish","hentry"],"_links":{"self":[{"href":"https:\/\/uenf.br\/cch\/biblioteca\/wp-json\/wp\/v2\/pages\/25","targetHints":{"allow":["GET"]}}],"collection":[{"href":"https:\/\/uenf.br\/cch\/biblioteca\/wp-json\/wp\/v2\/pages"}],"about":[{"href":"https:\/\/uenf.br\/cch\/biblioteca\/wp-json\/wp\/v2\/types\/page"}],"author":[{"embeddable":true,"href":"https:\/\/uenf.br\/cch\/biblioteca\/wp-json\/wp\/v2\/users\/4"}],"replies":[{"embeddable":true,"href":"https:\/\/uenf.br\/cch\/biblioteca\/wp-json\/wp\/v2\/comments?post=25"}],"version-history":[{"count":0,"href":"https:\/\/uenf.br\/cch\/biblioteca\/wp-json\/wp\/v2\/pages\/25\/revisions"}],"wp:attachment":[{"href":"https:\/\/uenf.br\/cch\/biblioteca\/wp-json\/wp\/v2\/media?parent=25"}],"curies":[{"name":"wp","href":"https:\/\/api.w.org\/{rel}","templated":true}]}}