{"id":46,"date":"2012-07-18T16:19:14","date_gmt":"2012-07-18T19:19:14","guid":{"rendered":"http:\/\/uenf.br\/cch\/biblioteca\/?page_id=46"},"modified":"2022-04-07T16:55:24","modified_gmt":"2022-04-07T19:55:24","slug":"midiateca","status":"publish","type":"page","link":"https:\/\/uenf.br\/cch\/biblioteca\/servicos\/midiateca\/","title":{"rendered":"Sala de Estudo e de Computadores"},"content":{"rendered":"<h1 style=\"text-align: center\"><a href=\"https:\/\/uenf.br\/cch\/biblioteca\/files\/2022\/04\/image6-scaled.jpeg\"><img loading=\"lazy\" decoding=\"async\" class=\"size-medium wp-image-204 alignleft\" src=\"https:\/\/uenf.br\/cch\/biblioteca\/files\/2022\/04\/image6-225x300.jpeg\" alt=\"Sala de Estudos em Grupo\" width=\"225\" height=\"300\" srcset=\"https:\/\/uenf.br\/cch\/biblioteca\/files\/2022\/04\/image6-225x300.jpeg 225w, https:\/\/uenf.br\/cch\/biblioteca\/files\/2022\/04\/image6-768x1024.jpeg 768w, https:\/\/uenf.br\/cch\/biblioteca\/files\/2022\/04\/image6-1152x1536.jpeg 1152w, https:\/\/uenf.br\/cch\/biblioteca\/files\/2022\/04\/image6-1536x2048.jpeg 1536w, https:\/\/uenf.br\/cch\/biblioteca\/files\/2022\/04\/image6-scaled.jpeg 1920w\" sizes=\"auto, (max-width: 225px) 100vw, 225px\" \/><\/a>SALA DE ESTUDOS EM GRUPO<\/h1>\n<p>Espa\u00e7o disponibilizado com 8 mesas para estudo em grupo e 3 mesas para estudo individual, com capacidade para 40 pessoas, onde os usu\u00e1rios podem se agrupar em 3 ou 6 pessoas.<\/p>\n<p>&nbsp;<\/p>\n<p>&nbsp;<\/p>\n<p>&nbsp;<\/p>\n<p>&nbsp;<\/p>\n<p style=\"text-align: center\"><a href=\"https:\/\/uenf.br\/cch\/biblioteca\/files\/2022\/04\/image3-scaled.jpeg\"><img loading=\"lazy\" decoding=\"async\" class=\"size-medium wp-image-202 alignleft\" src=\"https:\/\/uenf.br\/cch\/biblioteca\/files\/2022\/04\/image3-225x300.jpeg\" alt=\"Sala de Computadores\" width=\"225\" height=\"300\" srcset=\"https:\/\/uenf.br\/cch\/biblioteca\/files\/2022\/04\/image3-225x300.jpeg 225w, https:\/\/uenf.br\/cch\/biblioteca\/files\/2022\/04\/image3-768x1024.jpeg 768w, https:\/\/uenf.br\/cch\/biblioteca\/files\/2022\/04\/image3-1152x1536.jpeg 1152w, https:\/\/uenf.br\/cch\/biblioteca\/files\/2022\/04\/image3-1536x2048.jpeg 1536w, https:\/\/uenf.br\/cch\/biblioteca\/files\/2022\/04\/image3-scaled.jpeg 1920w\" sizes=\"auto, (max-width: 225px) 100vw, 225px\" \/><\/a><\/p>\n<h1 style=\"text-align: center\">SALA DE COMPUTADORES<\/h1>\n<p>A biblioteca possui uma bancada de computadores para os alunos do CCH. O tempo m\u00e1ximo \u00e9 de uma hora podendo ser prorrogado, caso n\u00e3o haja outro interessado. Alunos de outros centros tamb\u00e9m poder\u00e3o fazer uso do espa\u00e7o, mas cedendo lugar para o aluno do CCH, caso todos os computadores estejam ocupados, a prioridade \u00e9 sempre do aluno do CCH. H\u00e1 2 computadores reservados para uso de pessoas com necessidades especiais, com scanner.<\/p>\n","protected":false},"excerpt":{"rendered":"<p>SALA DE ESTUDOS EM GRUPO Espa\u00e7o disponibilizado com 8 mesas para estudo em grupo e 3 mesas para estudo individual,&#8230;<\/p>\n","protected":false},"author":4,"featured_media":0,"parent":32,"menu_order":14,"comment_status":"closed","ping_status":"open","template":"","meta":{"footnotes":""},"class_list":["post-46","page","type-page","status-publish","hentry"],"_links":{"self":[{"href":"https:\/\/uenf.br\/cch\/biblioteca\/wp-json\/wp\/v2\/pages\/46","targetHints":{"allow":["GET"]}}],"collection":[{"href":"https:\/\/uenf.br\/cch\/biblioteca\/wp-json\/wp\/v2\/pages"}],"about":[{"href":"https:\/\/uenf.br\/cch\/biblioteca\/wp-json\/wp\/v2\/types\/page"}],"author":[{"embeddable":true,"href":"https:\/\/uenf.br\/cch\/biblioteca\/wp-json\/wp\/v2\/users\/4"}],"replies":[{"embeddable":true,"href":"https:\/\/uenf.br\/cch\/biblioteca\/wp-json\/wp\/v2\/comments?post=46"}],"version-history":[{"count":0,"href":"https:\/\/uenf.br\/cch\/biblioteca\/wp-json\/wp\/v2\/pages\/46\/revisions"}],"up":[{"embeddable":true,"href":"https:\/\/uenf.br\/cch\/biblioteca\/wp-json\/wp\/v2\/pages\/32"}],"wp:attachment":[{"href":"https:\/\/uenf.br\/cch\/biblioteca\/wp-json\/wp\/v2\/media?parent=46"}],"curies":[{"name":"wp","href":"https:\/\/api.w.org\/{rel}","templated":true}]}}