{"id":95,"date":"2012-07-23T17:51:46","date_gmt":"2012-07-23T20:51:46","guid":{"rendered":"http:\/\/uenf.br\/cch\/biblioteca\/?page_id=95"},"modified":"2026-04-09T19:14:28","modified_gmt":"2026-04-09T22:14:28","slug":"95-2","status":"publish","type":"page","link":"https:\/\/uenf.br\/cch\/biblioteca\/links\/95-2\/","title":{"rendered":"Livros on line"},"content":{"rendered":"<p>A UENF faz assinatura da <strong>Plataforma de Ebook<\/strong>s que podem ser acessados pelo nosso <a href=\"https:\/\/biblioteca.sophia.com.br\/terminal\/9688\"><strong>Cat\u00e1logo online<\/strong> ( Terminal Sophia Biblioteca Web)<\/a>, ap\u00f3s login e senha.<\/p>\n<p>H\u00e1 dispon\u00edveis tamb\u00e9m <strong>Ebooks<\/strong> produzidos pela universidade, consulte nosso <a href=\"https:\/\/biblioteca.sophia.com.br\/terminal\/9688\"><strong>Cat\u00e1logo online<\/strong> ( Terminal Sophia Biblioteca Web)<\/a>. ou Terminal de Consulta do <strong>Reposit\u00f3rio Institucional<\/strong>: <strong><a href=\"https:\/\/biblioteca.sophia.com.br\/terminalRI\/9688\" target=\"_blank\" rel=\"noopener noreferrer\" data-saferedirecturl=\"https:\/\/www.google.com\/url?q=https:\/\/biblioteca.sophia.com.br\/terminalRI\/9688&amp;source=gmail&amp;ust=1693604505410000&amp;usg=AOvVaw1ANZrJX35j_zLnnuc6c9qZ\">Terminal RI \u2013 SophiA Biblioteca Web<\/a><\/strong><\/p>\n<p><a href=\"http:\/\/www.dominiopublico.gov.br\/pesquisa\/PesquisaObraForm.jsp\"><img loading=\"lazy\" decoding=\"async\" class=\"alignnone size-full wp-image-252\" src=\"https:\/\/uenf.br\/cch\/biblioteca\/files\/2022\/04\/dominio-publico.gif\" alt=\"dominio publico\" width=\"273\" height=\"60\" \/><\/a><\/p>\n<div id=\"materiaPrincipal\">\n<p>Cont\u00e9m livros, m\u00fasicas, v\u00eddeos sob dom\u00ednio p\u00fablico, onde j\u00e1 n\u00e3o h\u00e1 restri\u00e7\u00e3o quanto ao direito autoral.<\/p>\n<p>&#8211;\u00a0<a href=\"http:\/\/www.gutenberg.org\/\" target=\"_blank\" rel=\"noopener\">Projeto Gutemberg<\/a> &#8211; Disponibiliza livros on line de v\u00e1rias l\u00ednguas, al\u00e9m de m\u00fasicas e v\u00eddeos. Pode-se encontrar desde literatura cl\u00e1ssica at\u00e9 livros de autores desconhecidos e amadores. Possui vers\u00e3o em\u00a0<a href=\"http:\/\/www.gutenberg.org\/wiki\/PT_Principal\" target=\"_blank\" rel=\"noopener\">portugu\u00eas<\/a>.<\/p>\n<p>&#8211; <a href=\"http:\/\/books.google.com.br\/\" target=\"_blank\" rel=\"noopener\">Google Books<\/a> &#8211; Prop\u00f5e a busca de livros digitalizados e sua visualiza\u00e7\u00e3o integral ou em parte, respeitando os direitos autorais. Bibliotecas p\u00fablicas, nacionais e universit\u00e1rias como a da Universidade de Harvard e algumas bibliotecas da Europa e at\u00e9 do Jap\u00e3o, aceitaram o projeto Google Books para digitaliza\u00e7\u00e3o de todos os seus acervos, em concord\u00e2ncia com editoras, tornando v\u00e1rios cat\u00e1logos das bibliotecas em um s\u00f3 cat\u00e1logo. No Brasil, \u00a0o SENAC participa desse projeto.<\/p>\n<p>&#8211; <a href=\"https:\/\/openlibrary.org\/\">Open Library<\/a> &#8211; Biblioteca Digital, projetada pelo <a href=\"http:\/\/www.archive.org\/\" rel=\"nofollow\">Internet Archive,<\/a> sem fins lucrativos e foi financiado em parte por uma doa\u00e7\u00e3o da <a href=\"http:\/\/www.library.ca.gov\/\" rel=\"nofollow\">California State Library<\/a> e da Kahle\/Austin Foundation. Re\u00fane mais de 20 milh\u00f5es de registros, \u00e9 um projeto aberto, o software \u00e9 aberto e os dados s\u00e3o abertos, dispon\u00edveis para qualquer usu\u00e1rio. \u00c9 poss\u00edvel encontrar livros raros da l\u00edngua portuguesa, de autores brasileiros e sobre o Brasil, al\u00e9m de audiobooks.<\/p>\n<\/div>\n","protected":false},"excerpt":{"rendered":"<p>A UENF faz assinatura da Plataforma de Ebooks que podem ser acessados pelo nosso Cat\u00e1logo online ( Terminal Sophia Biblioteca&#8230;<\/p>\n","protected":false},"author":4,"featured_media":0,"parent":89,"menu_order":10,"comment_status":"closed","ping_status":"closed","template":"","meta":{"footnotes":""},"class_list":["post-95","page","type-page","status-publish","hentry"],"_links":{"self":[{"href":"https:\/\/uenf.br\/cch\/biblioteca\/wp-json\/wp\/v2\/pages\/95","targetHints":{"allow":["GET"]}}],"collection":[{"href":"https:\/\/uenf.br\/cch\/biblioteca\/wp-json\/wp\/v2\/pages"}],"about":[{"href":"https:\/\/uenf.br\/cch\/biblioteca\/wp-json\/wp\/v2\/types\/page"}],"author":[{"embeddable":true,"href":"https:\/\/uenf.br\/cch\/biblioteca\/wp-json\/wp\/v2\/users\/4"}],"replies":[{"embeddable":true,"href":"https:\/\/uenf.br\/cch\/biblioteca\/wp-json\/wp\/v2\/comments?post=95"}],"version-history":[{"count":0,"href":"https:\/\/uenf.br\/cch\/biblioteca\/wp-json\/wp\/v2\/pages\/95\/revisions"}],"up":[{"embeddable":true,"href":"https:\/\/uenf.br\/cch\/biblioteca\/wp-json\/wp\/v2\/pages\/89"}],"wp:attachment":[{"href":"https:\/\/uenf.br\/cch\/biblioteca\/wp-json\/wp\/v2\/media?parent=95"}],"curies":[{"name":"wp","href":"https:\/\/api.w.org\/{rel}","templated":true}]}}