{"id":2,"date":"2010-09-23T11:53:22","date_gmt":"2010-09-23T14:53:22","guid":{"rendered":"http:\/\/uenf.br\/cch\/lcl\/?page_id=2"},"modified":"2025-02-25T10:13:23","modified_gmt":"2025-02-25T13:13:23","slug":"sobre","status":"publish","type":"page","link":"https:\/\/uenf.br\/cch\/lcl\/","title":{"rendered":"Apresenta\u00e7\u00e3o"},"content":{"rendered":"<p>O <em>Laborat\u00f3rio de Cogni\u00e7\u00e3o e Linguagem<\/em> (LCL) foi criado em 1996. \u00c9 um dos primeiros laborat\u00f3rios implantados no Centro de Ci\u00eancias do Homem (CCH) da Universidade Estadual do Norte Fluminense Darcy Ribeiro (UENF).<\/p>\n<p>O LCL \u00e9 composto por professores com s\u00f3lida forma\u00e7\u00e3o acad\u00eamica nas \u00e1reas de filosofia, psicologia e letras, al\u00e9m de t\u00e9cnicos especializados.<\/p>\n<p>O <em>Laborat\u00f3rio<\/em> \u00e9 um espa\u00e7o interdisciplinar com pesquisas sobre a natureza do conhecimento, da mente, linguagem e a\u00e7\u00e3o em suas bases biol\u00f3gicas, cognitivas e culturais.<\/p>\n<p>Al\u00e9m disso, investiga-se o nexo entre a filosofia e as ci\u00eancias em geral, assim como quest\u00f5es de natureza \u00e9tica e moral.<\/p>\n<p>O LCL oferece disciplinas para diversos cursos de gradua\u00e7\u00e3o e p\u00f3s-gradua\u00e7\u00e3o da UENF, al\u00e9m de desenvolver projetos de extens\u00e3o dos mais diversos matizes.<\/p>\n<p>Linhas de pesquisas:<\/p>\n<p><strong>Epistemologia, L\u00f3gica e Metaf\u00edsica<\/strong><\/p>\n<p><strong>\u00c9tica e Filosofia Pol\u00edtica<\/strong><\/p>\n<p><strong>Filosofia da Mente e Neuroci\u00eancias<\/strong><\/p>\n<p><strong>Hist\u00f3ria da Filosofia e das Ci\u00eancias<\/strong><\/p>\n<p><strong>Psicologia Cognitiva, Psicologia Social e Neuropsicologia<\/strong><\/p>\n<p><strong>Lingu\u00edstica Cognitiva, Neurolingu\u00edstica e Semi\u00f3tica<\/strong><\/p>\n","protected":false},"excerpt":{"rendered":"<p>O Laborat\u00f3rio de Cogni\u00e7\u00e3o e Linguagem (LCL) foi criado em 1996. \u00c9 um dos primeiros laborat\u00f3rios implantados no Centro de&#8230;<\/p>\n","protected":false},"author":5,"featured_media":0,"parent":0,"menu_order":0,"comment_status":"closed","ping_status":"closed","template":"","meta":{"footnotes":""},"class_list":["post-2","page","type-page","status-publish","hentry"],"_links":{"self":[{"href":"https:\/\/uenf.br\/cch\/lcl\/wp-json\/wp\/v2\/pages\/2","targetHints":{"allow":["GET"]}}],"collection":[{"href":"https:\/\/uenf.br\/cch\/lcl\/wp-json\/wp\/v2\/pages"}],"about":[{"href":"https:\/\/uenf.br\/cch\/lcl\/wp-json\/wp\/v2\/types\/page"}],"author":[{"embeddable":true,"href":"https:\/\/uenf.br\/cch\/lcl\/wp-json\/wp\/v2\/users\/5"}],"replies":[{"embeddable":true,"href":"https:\/\/uenf.br\/cch\/lcl\/wp-json\/wp\/v2\/comments?post=2"}],"version-history":[{"count":0,"href":"https:\/\/uenf.br\/cch\/lcl\/wp-json\/wp\/v2\/pages\/2\/revisions"}],"wp:attachment":[{"href":"https:\/\/uenf.br\/cch\/lcl\/wp-json\/wp\/v2\/media?parent=2"}],"curies":[{"name":"wp","href":"https:\/\/api.w.org\/{rel}","templated":true}]}}