{"id":28,"date":"2012-07-05T14:25:43","date_gmt":"2012-07-05T17:25:43","guid":{"rendered":"http:\/\/uenf.br\/cch\/leea\/?page_id=28"},"modified":"2023-09-01T16:31:29","modified_gmt":"2023-09-01T19:31:29","slug":"tecnicos-administrativos","status":"publish","type":"page","link":"https:\/\/uenf.br\/cch\/leea\/tecnicos-administrativos\/","title":{"rendered":"Corpo T\u00e9cnico"},"content":{"rendered":"<p><!-- TABELA COM DADOS AQUI --><\/p>\n<h3><span style=\"color: #a82a68\"><span style=\"color: #000000\">T\u00e9cnicos Especializados<br \/>\n<\/span><\/span><\/h3>\n<p>Nome: Fellipe Luna da Silveira<br \/>\nCargo: T\u00e9cnico de N\u00edvel M\u00e9dio em Inform\u00e1tica<br \/>\nE-mail: fellipe@uenf.br<\/p>\n<p>Nome: Nicole Manh\u00e3es Pires Trindade<br \/>\nCargo: T\u00e9cnico de N\u00edvel M\u00e9dio em Inform\u00e1tica<br \/>\nE-mail: nicole@uenf.br<\/p>\n<h3>T\u00e9cnicos de N\u00edvel Superior<\/h3>\n<p>Nome: Wagner Nobrega Torres<br \/>\nCargo: T\u00e9cnico de N\u00edvel Superior em Hist\u00f3ria<br \/>\nE-mail: wagnertorres@uenf.br<\/p>\n<h3><span style=\"color: #a82a68\"><span style=\"color: #000000\">T\u00e9cnicos Administrativos<\/span><\/span><\/h3>\n<p>Nome: Daliane da Mata Almeida<br \/>\nCargo: Profissional de N\u00edvel M\u00e9dio &#8211; Adminitrativo<br \/>\nE-mail: dalyalmeida@uenf.br<\/p>\n","protected":false},"excerpt":{"rendered":"<p>T\u00e9cnicos Especializados Nome: Fellipe Luna da Silveira Cargo: T\u00e9cnico de N\u00edvel M\u00e9dio em Inform\u00e1tica E-mail: fellipe@uenf.br Nome: Nicole Manh\u00e3es Pires&#8230;<\/p>\n","protected":false},"author":9,"featured_media":0,"parent":0,"menu_order":4,"comment_status":"open","ping_status":"closed","template":"","meta":{"footnotes":""},"class_list":["post-28","page","type-page","status-publish","hentry"],"_links":{"self":[{"href":"https:\/\/uenf.br\/cch\/leea\/wp-json\/wp\/v2\/pages\/28","targetHints":{"allow":["GET"]}}],"collection":[{"href":"https:\/\/uenf.br\/cch\/leea\/wp-json\/wp\/v2\/pages"}],"about":[{"href":"https:\/\/uenf.br\/cch\/leea\/wp-json\/wp\/v2\/types\/page"}],"author":[{"embeddable":true,"href":"https:\/\/uenf.br\/cch\/leea\/wp-json\/wp\/v2\/users\/9"}],"replies":[{"embeddable":true,"href":"https:\/\/uenf.br\/cch\/leea\/wp-json\/wp\/v2\/comments?post=28"}],"version-history":[{"count":0,"href":"https:\/\/uenf.br\/cch\/leea\/wp-json\/wp\/v2\/pages\/28\/revisions"}],"wp:attachment":[{"href":"https:\/\/uenf.br\/cch\/leea\/wp-json\/wp\/v2\/media?parent=28"}],"curies":[{"name":"wp","href":"https:\/\/api.w.org\/{rel}","templated":true}]}}