{"id":501,"date":"2024-08-20T15:57:22","date_gmt":"2024-08-20T18:57:22","guid":{"rendered":"https:\/\/uenf.br\/cch\/leea\/?page_id=501"},"modified":"2024-08-21T15:42:46","modified_gmt":"2024-08-21T18:42:46","slug":"producoes","status":"publish","type":"page","link":"https:\/\/uenf.br\/cch\/leea\/uesi\/producoes\/","title":{"rendered":"Produ\u00e7\u00f5es"},"content":{"rendered":"<h2>DOCUMENT\u00c1RIOS<\/h2>\n<div class=\"video-container\"><iframe loading=\"lazy\" title=\"VIVERES NOINHA\" width=\"500\" height=\"281\" src=\"https:\/\/www.youtube.com\/embed\/HmNop8Jv0Zs?feature=oembed\" frameborder=\"0\" allow=\"accelerometer; autoplay; clipboard-write; encrypted-media; gyroscope; picture-in-picture; web-share\" referrerpolicy=\"strict-origin-when-cross-origin\" allowfullscreen><\/iframe><\/div>\n<div class=\"video-container\"><iframe loading=\"lazy\" title=\"Teaser - Arquivo P\u00fablico Waldir Pinto de Carvalho\" width=\"500\" height=\"281\" src=\"https:\/\/www.youtube.com\/embed\/jGFHiLszCRw?feature=oembed\" frameborder=\"0\" allow=\"accelerometer; autoplay; clipboard-write; encrypted-media; gyroscope; picture-in-picture; web-share\" referrerpolicy=\"strict-origin-when-cross-origin\" allowfullscreen><\/iframe><\/div>\n<div class=\"video-container\"><iframe loading=\"lazy\" title=\"A VER NAVIOS -  Narrativas da Praia do Siqueira\" width=\"500\" height=\"281\" src=\"https:\/\/www.youtube.com\/embed\/zD7iwUxDoiQ?feature=oembed\" frameborder=\"0\" allow=\"accelerometer; autoplay; clipboard-write; encrypted-media; gyroscope; picture-in-picture; web-share\" referrerpolicy=\"strict-origin-when-cross-origin\" allowfullscreen><\/iframe><\/div>\n<p>&nbsp;<\/p>\n<h2>WEBN\u00c1RIOS E OFICINAS<\/h2>\n<div class=\"video-container\"><iframe loading=\"lazy\" title=\"Experimentando com os sujeitos das pesquisas\" width=\"500\" height=\"281\" src=\"https:\/\/www.youtube.com\/embed\/DDliPH7LYVs?feature=oembed\" frameborder=\"0\" allow=\"accelerometer; autoplay; clipboard-write; encrypted-media; gyroscope; picture-in-picture; web-share\" referrerpolicy=\"strict-origin-when-cross-origin\" allowfullscreen><\/iframe><\/div>\n<div class=\"video-container\"><iframe loading=\"lazy\" title=\"Oficina de Podcast   UESI   NEABI   UENF 2021\" width=\"500\" height=\"281\" src=\"https:\/\/www.youtube.com\/embed\/vF5CkvmDSZA?feature=oembed\" frameborder=\"0\" allow=\"accelerometer; autoplay; clipboard-write; encrypted-media; gyroscope; picture-in-picture; web-share\" referrerpolicy=\"strict-origin-when-cross-origin\" allowfullscreen><\/iframe><\/div>\n<div class=\"video-container\"><iframe loading=\"lazy\" title=\"PODCAST VIVERES: Ep.01 - Vamos falar sobre racismo? Entrevista com Profa. Dra. Maria Clareth G. Reis\" width=\"500\" height=\"281\" src=\"https:\/\/www.youtube.com\/embed\/67yEEtmezcc?feature=oembed\" frameborder=\"0\" allow=\"accelerometer; autoplay; clipboard-write; encrypted-media; gyroscope; picture-in-picture; web-share\" referrerpolicy=\"strict-origin-when-cross-origin\" allowfullscreen><\/iframe><\/div>\n<p><a href=\"https:\/\/uenf.academia.edu\/LilianSagioCezar\">Conhe\u00e7a nossas outras publica\u00e7\u00f5es<\/a><\/p>\n","protected":false},"excerpt":{"rendered":"<p>DOCUMENT\u00c1RIOS &nbsp; WEBN\u00c1RIOS E OFICINAS Conhe\u00e7a nossas outras publica\u00e7\u00f5es<\/p>\n","protected":false},"author":19,"featured_media":0,"parent":62,"menu_order":1,"comment_status":"closed","ping_status":"closed","template":"","meta":{"footnotes":""},"class_list":["post-501","page","type-page","status-publish","hentry"],"_links":{"self":[{"href":"https:\/\/uenf.br\/cch\/leea\/wp-json\/wp\/v2\/pages\/501","targetHints":{"allow":["GET"]}}],"collection":[{"href":"https:\/\/uenf.br\/cch\/leea\/wp-json\/wp\/v2\/pages"}],"about":[{"href":"https:\/\/uenf.br\/cch\/leea\/wp-json\/wp\/v2\/types\/page"}],"author":[{"embeddable":true,"href":"https:\/\/uenf.br\/cch\/leea\/wp-json\/wp\/v2\/users\/19"}],"replies":[{"embeddable":true,"href":"https:\/\/uenf.br\/cch\/leea\/wp-json\/wp\/v2\/comments?post=501"}],"version-history":[{"count":0,"href":"https:\/\/uenf.br\/cch\/leea\/wp-json\/wp\/v2\/pages\/501\/revisions"}],"up":[{"embeddable":true,"href":"https:\/\/uenf.br\/cch\/leea\/wp-json\/wp\/v2\/pages\/62"}],"wp:attachment":[{"href":"https:\/\/uenf.br\/cch\/leea\/wp-json\/wp\/v2\/media?parent=501"}],"curies":[{"name":"wp","href":"https:\/\/api.w.org\/{rel}","templated":true}]}}