{"id":68,"date":"2012-07-05T15:28:18","date_gmt":"2012-07-05T18:28:18","guid":{"rendered":"http:\/\/uenf.br\/cch\/leea\/?page_id=68"},"modified":"2021-04-09T10:42:43","modified_gmt":"2021-04-09T13:42:43","slug":"sesma","status":"publish","type":"page","link":"https:\/\/uenf.br\/cch\/leea\/grupos-de-pesquisa\/sesma\/","title":{"rendered":"SESMA"},"content":{"rendered":"<p><strong>SETOR DE ESTUDOS SOBRE A SOCIEDADE E MEIO AMBIENTE<\/strong><\/p>\n<p>Prof: <em>Marcos Antonio Pedlowski<\/em><br \/>\npedlowma@uenf.br<\/p>\n<p>*Setor de Estudos Sobre Sociedade e Meio Ambiente* tem desenvolvido<br \/>\ntrabalhos em duas frentes. Na frente local, o Setor tem se dedicado<br \/>\nprincipalmente ao estudo dos impactos da atua\u00e7\u00e3o pol\u00edtica do Movimento dos<br \/>\nTrabalhadores Sem Terra (MST), com \u00eanfase dada \u00e0s transforma\u00e7\u00f5es do espa\u00e7o<br \/>\nagr\u00e1rio na regi\u00e3o Norte Fluminense. Al\u00e9m disso, os participantes deste setor<br \/>\ntamb\u00e9m t\u00eam desenvolvido pesquisas em \u00e1reas urbanas relacionadas ao estudo de<br \/>\npadr\u00f5es de segrega\u00e7\u00e3o socioambiental e espacial e seus impactos sobre a<br \/>\npopula\u00e7\u00e3o que vive em distintas partes das cidades.<\/p>\n<p><!-- \/ layout --><\/p>\n<p><!-- \/ layout --><\/p>\n<p><!-- \/ container --><\/p>\n<p><!-- \/ wrapper --><\/p>\n<div id=\"container_assinatura\">\n<div class=\"assinatura_texto\">\n<div class=\"content_assinatura\"><\/div>\n<\/div>\n<\/div>\n","protected":false},"excerpt":{"rendered":"<p>SETOR DE ESTUDOS SOBRE A SOCIEDADE E MEIO AMBIENTE Prof: Marcos Antonio Pedlowski pedlowma@uenf.br *Setor de Estudos Sobre Sociedade e&#8230;<\/p>\n","protected":false},"author":9,"featured_media":0,"parent":66,"menu_order":10,"comment_status":"closed","ping_status":"open","template":"","meta":{"footnotes":""},"class_list":["post-68","page","type-page","status-publish","hentry"],"_links":{"self":[{"href":"https:\/\/uenf.br\/cch\/leea\/wp-json\/wp\/v2\/pages\/68","targetHints":{"allow":["GET"]}}],"collection":[{"href":"https:\/\/uenf.br\/cch\/leea\/wp-json\/wp\/v2\/pages"}],"about":[{"href":"https:\/\/uenf.br\/cch\/leea\/wp-json\/wp\/v2\/types\/page"}],"author":[{"embeddable":true,"href":"https:\/\/uenf.br\/cch\/leea\/wp-json\/wp\/v2\/users\/9"}],"replies":[{"embeddable":true,"href":"https:\/\/uenf.br\/cch\/leea\/wp-json\/wp\/v2\/comments?post=68"}],"version-history":[{"count":0,"href":"https:\/\/uenf.br\/cch\/leea\/wp-json\/wp\/v2\/pages\/68\/revisions"}],"up":[{"embeddable":true,"href":"https:\/\/uenf.br\/cch\/leea\/wp-json\/wp\/v2\/pages\/66"}],"wp:attachment":[{"href":"https:\/\/uenf.br\/cch\/leea\/wp-json\/wp\/v2\/media?parent=68"}],"curies":[{"name":"wp","href":"https:\/\/api.w.org\/{rel}","templated":true}]}}

<p><strong>SETOR DE ESTUDOS SOBRE A SOCIEDADE E MEIO AMBIENTE</strong></p>
<p>Prof: <em>Marcos Antonio Pedlowski</em><br />
pedlowma@uenf.br</p>
<p>*Setor de Estudos Sobre Sociedade e Meio Ambiente* tem desenvolvido<br />
trabalhos em duas frentes. Na frente local, o Setor tem se dedicado<br />
principalmente ao estudo dos impactos da atuação política do Movimento dos<br />
Trabalhadores Sem Terra (MST), com ênfase dada às transformações do espaço<br />
agrário na região Norte Fluminense. Além disso, os participantes deste setor<br />
também têm desenvolvido pesquisas em áreas urbanas relacionadas ao estudo de<br />
padrões de segregação socioambiental e espacial e seus impactos sobre a<br />
população que vive em distintas partes das cidades.</p>
<p><!-- / layout --></p>
<p><!-- / layout --></p>
<p><!-- / container --></p>
<p><!-- / wrapper --></p>
<div id="container_assinatura">
<div class="assinatura_texto">
<div class="content_assinatura"></div>
</div>
</div>
