{"id":102,"date":"2013-02-27T23:49:58","date_gmt":"2013-02-27T23:49:58","guid":{"rendered":"http:\/\/uenf.br\/cch\/leel\/?page_id=102"},"modified":"2014-07-11T20:58:09","modified_gmt":"2014-07-11T20:58:09","slug":"profa-maria-clareth-goncalves-reis","status":"publish","type":"page","link":"https:\/\/uenf.br\/cch\/leel\/docentes-efetivos\/profa-maria-clareth-goncalves-reis\/","title":{"rendered":"Prof\u00aa Maria Clareth Gon\u00e7alves Reis"},"content":{"rendered":"<p><a href=\"https:\/\/uenf.br\/cch\/leel\/files\/2013\/02\/M\u00aa-Clareth-Reis.jpg\"><img loading=\"lazy\" decoding=\"async\" class=\"alignnone size-thumbnail wp-image-300\" alt=\"M\u00aa Clareth Reis\" src=\"https:\/\/uenf.br\/cch\/leel\/files\/2013\/02\/M\u00aa-Clareth-Reis-150x150.jpg\" width=\"150\" height=\"150\" srcset=\"https:\/\/uenf.br\/cch\/leel\/files\/2013\/02\/M\u00aa-Clareth-Reis-150x150.jpg 150w, https:\/\/uenf.br\/cch\/leel\/files\/2013\/02\/M\u00aa-Clareth-Reis-300x300.jpg 300w, https:\/\/uenf.br\/cch\/leel\/files\/2013\/02\/M\u00aa-Clareth-Reis-1024x1024.jpg 1024w, https:\/\/uenf.br\/cch\/leel\/files\/2013\/02\/M\u00aa-Clareth-Reis-400x400.jpg 400w, https:\/\/uenf.br\/cch\/leel\/files\/2013\/02\/M\u00aa-Clareth-Reis.jpg 1134w\" sizes=\"auto, (max-width: 150px) 100vw, 150px\" \/><\/a>Prof\u00aa Associada IV<\/p>\n<p>Doutora em Educa\u00e7\u00e3o- Universidade Federal Fluminense- UFF (2008)<\/p>\n<p><a href=\"http:\/\/buscatextual.cnpq.br\/buscatextual\/visualizacv.do?id=K4709643D5\">CV Lattes<\/a><\/p>\n<p>E-mail: clareth13@gmail.com; clarethmontesclaros@yahoo.com.br<\/p>\n<p><strong>\u00c1reas de interesse<\/strong>: Educa\u00e7\u00e3o Infantil e Anos Iniciais do Ensino Fundamental; Educa\u00e7\u00e3o Quilombola articulada \u00e0 luta pela terra; Rela\u00e7\u00f5es \u00e9tnicorraciais e educa\u00e7\u00e3o; Express\u00e3o corporal e dan\u00e7a afro-brasileira; Cultura popular.<\/p>\n<p><strong>Projetos<\/strong>: (em constru\u00e7\u00e3o)<\/p>\n<p><strong>Disciplinas ministradas<\/strong>:<br \/>\nGradua\u00e7\u00e3o em Pedagogia:<br \/>\n. A crian\u00e7a, o brinquedo e a Educa\u00e7\u00e3o;<br \/>\n. Conte\u00fado e Metodologia do Ensino na Educa\u00e7\u00e3o Infantil II;<br \/>\n. Fundamentos da Alfabetiza\u00e7\u00e3o.<\/p>\n<p><strong>Sala <\/strong>203<\/p>\n<p><strong>Tel de contato<\/strong>: 22 27397276<\/p>\n","protected":false},"excerpt":{"rendered":"<p>Prof\u00aa Associada IV Doutora em Educa\u00e7\u00e3o- Universidade Federal Fluminense- UFF (2008) CV Lattes E-mail: clareth13@gmail.com; clarethmontesclaros@yahoo.com.br \u00c1reas de interesse: Educa\u00e7\u00e3o&#8230;<\/p>\n","protected":false},"author":13,"featured_media":0,"parent":53,"menu_order":7,"comment_status":"closed","ping_status":"open","template":"","meta":{"footnotes":""},"class_list":["post-102","page","type-page","status-publish","hentry"],"_links":{"self":[{"href":"https:\/\/uenf.br\/cch\/leel\/wp-json\/wp\/v2\/pages\/102","targetHints":{"allow":["GET"]}}],"collection":[{"href":"https:\/\/uenf.br\/cch\/leel\/wp-json\/wp\/v2\/pages"}],"about":[{"href":"https:\/\/uenf.br\/cch\/leel\/wp-json\/wp\/v2\/types\/page"}],"author":[{"embeddable":true,"href":"https:\/\/uenf.br\/cch\/leel\/wp-json\/wp\/v2\/users\/13"}],"replies":[{"embeddable":true,"href":"https:\/\/uenf.br\/cch\/leel\/wp-json\/wp\/v2\/comments?post=102"}],"version-history":[{"count":0,"href":"https:\/\/uenf.br\/cch\/leel\/wp-json\/wp\/v2\/pages\/102\/revisions"}],"up":[{"embeddable":true,"href":"https:\/\/uenf.br\/cch\/leel\/wp-json\/wp\/v2\/pages\/53"}],"wp:attachment":[{"href":"https:\/\/uenf.br\/cch\/leel\/wp-json\/wp\/v2\/media?parent=102"}],"curies":[{"name":"wp","href":"https:\/\/api.w.org\/{rel}","templated":true}]}}