{"id":1052,"date":"2018-08-29T15:16:35","date_gmt":"2018-08-29T15:16:35","guid":{"rendered":"http:\/\/uenf.br\/cch\/lesce\/?page_id=1052"},"modified":"2018-08-29T15:23:00","modified_gmt":"2018-08-29T15:23:00","slug":"centro-de-memoria-da-uenf","status":"publish","type":"page","link":"https:\/\/uenf.br\/cch\/lesce\/centro-de-memoria-da-uenf\/","title":{"rendered":"Centro de Mem\u00f3ria da UENF"},"content":{"rendered":"<p><a href=\"https:\/\/uenf.br\/cch\/lesce\/files\/2018\/08\/logotipo-cem-para-link.png\"><img loading=\"lazy\" decoding=\"async\" class=\"alignnone wp-image-1047\" src=\"https:\/\/uenf.br\/cch\/lesce\/files\/2018\/08\/logotipo-cem-para-link.png\" alt=\"\" width=\"287\" height=\"55\" \/><\/a><\/p>\n<p>Entendemos que o Centro Mem\u00f3ria- UENF e como desdobramento a implanta\u00e7\u00e3o do Centro Documental se apresentam como fundamentais na preserva\u00e7\u00e3o da mem\u00f3ria, enquanto espa\u00e7o, \u201clugar de mem\u00f3ria\u201d, a Sala 116 E1(Pr\u00e9dio da Reitoria), espa\u00e7o de informa\u00e7\u00f5es, ideias que presidiram a forma\u00e7\u00e3o e processos de implementa\u00e7\u00e3o da institui\u00e7\u00e3o. Existem documentos, tais como of\u00edcios, relat\u00f3rios, projetos, peri\u00f3dicos, recortes de jornas, cartografias, fotografias, material \u00e1udio visual, marcas de mem\u00f3ria, carregadas de sentido e que se configura num esfor\u00e7o para que n\u00e3o se percam.<\/p>\n<p>A proposta \u00e9 dar continuidade a toda uma preocupa\u00e7\u00e3o com a preserva\u00e7\u00e3o e identifica\u00e7\u00e3o da documenta\u00e7\u00e3o do Centro Mem\u00f3ria UENF- CEM\/UENF, bem como, a manuten\u00e7\u00e3o do recolhimento e tratamento da documenta\u00e7\u00e3o existente nas v\u00e1rias unidades que comp\u00f5em o Campus. O acervo, vem sendo tratado dentro de normas arquiv\u00edsticas emanadas do Conselho Estadual de Arquivo\u00a0 \u2013 CONEARQ, Conselho Nacional de Arquivo\u00a0 \u2013 CONARQ \u00e9 pe\u00e7a fundamental na compreens\u00e3o das lutas pela implanta\u00e7\u00e3o e consolida\u00e7\u00e3o da universidade como polo de excel\u00eancia tecnol\u00f3gica e social dentro de Campos e regi\u00e3o Norte Fluminense.<\/p>\n","protected":false},"excerpt":{"rendered":"<p>Entendemos que o Centro Mem\u00f3ria- UENF e como desdobramento a implanta\u00e7\u00e3o do Centro Documental se apresentam como fundamentais na preserva\u00e7\u00e3o&#8230;<\/p>\n","protected":false},"author":17,"featured_media":0,"parent":0,"menu_order":18,"comment_status":"closed","ping_status":"closed","template":"","meta":{"footnotes":""},"class_list":["post-1052","page","type-page","status-publish","hentry"],"_links":{"self":[{"href":"https:\/\/uenf.br\/cch\/lesce\/wp-json\/wp\/v2\/pages\/1052","targetHints":{"allow":["GET"]}}],"collection":[{"href":"https:\/\/uenf.br\/cch\/lesce\/wp-json\/wp\/v2\/pages"}],"about":[{"href":"https:\/\/uenf.br\/cch\/lesce\/wp-json\/wp\/v2\/types\/page"}],"author":[{"embeddable":true,"href":"https:\/\/uenf.br\/cch\/lesce\/wp-json\/wp\/v2\/users\/17"}],"replies":[{"embeddable":true,"href":"https:\/\/uenf.br\/cch\/lesce\/wp-json\/wp\/v2\/comments?post=1052"}],"version-history":[{"count":0,"href":"https:\/\/uenf.br\/cch\/lesce\/wp-json\/wp\/v2\/pages\/1052\/revisions"}],"wp:attachment":[{"href":"https:\/\/uenf.br\/cch\/lesce\/wp-json\/wp\/v2\/media?parent=1052"}],"curies":[{"name":"wp","href":"https:\/\/api.w.org\/{rel}","templated":true}]}}