{"id":15,"date":"2013-03-22T19:07:33","date_gmt":"2013-03-22T19:07:33","guid":{"rendered":"http:\/\/uenf.br\/cch\/lesce\/?page_id=15"},"modified":"2025-06-12T16:38:35","modified_gmt":"2025-06-12T16:38:35","slug":"corpo-docente","status":"publish","type":"page","link":"https:\/\/uenf.br\/cch\/lesce\/corpo-docente\/","title":{"rendered":"Corpo Docente"},"content":{"rendered":"<p style=\"text-align: center\"><span style=\"color: #0000ff\"><em><strong><span style=\"text-decoration: underline\">EFETIVOS<\/span><\/strong><\/em><\/span><\/p>\n<p>===================================================================<\/p>\n<ul>\n<li><a title=\"Curr\u00edculo Lattes\" href=\"http:\/\/lattes.cnpq.br\/5776672366675812\" target=\"_blank\" rel=\"noopener\">Prof. Hamilton Garcia de Lima<\/a> \u00a0 &#8211; \u00a0 \u00a0 \u00a0<em>hamilton@uenf.br<\/em><\/li>\n<\/ul>\n<p><span style=\"font-family: Arial, serif;color: #000000;font-size: small\">Professor Associado<\/span><br \/>\n<span style=\"font-family: Arial, serif;color: #000000;font-size: small\">Doutorado em Hist\u00f3ria Mderna e Contempor\u00e2nea \/ UFF<\/span><\/p>\n<p><span style=\"color: #000000\"><span style=\"font-family: Arial, serif\"><span style=\"text-decoration: underline\">\u00c1reas de interesse<\/span><\/span><\/span><span style=\"color: #000000\"><span style=\"font-family: Arial, serif\">: Partidos pol\u00edticos e elites; an\u00e1lise de conjuntura (coaliz\u00f5es, governos, crises e novos projetos pol\u00edtico-sociais); sistemas sociais de governo na perspectiva das forma\u00e7\u00f5es hist\u00f3rico-nacionais e sua din\u00e2mica de classes.<\/span><\/span><\/p>\n<p align=\"LEFT\">===================================================================<\/p>\n<ul>\n<li><strong><a title=\"Curr\u00edculo Lattes\" href=\"http:\/\/lattes.cnpq.br\/3420231631423925\" target=\"_blank\" rel=\"noopener\">Prof. Hugo Alberto Borsani Cardozo<\/a><\/strong> \u00a0&#8211; \u00a0 \u00a0<em>hugobor@uenf.br \u00a0\u00a0<\/em><\/li>\n<\/ul>\n<p><span style=\"font-family: Arial, serif;color: #000000;font-size: small\">Professor Associado<\/span><br \/>\n<span style=\"font-family: Arial, serif;color: #000000;font-size: small\">Doutorado em Ci\u00eancia Pol\u00edtica \/ IUPERJ<\/span><span style=\"font-family: Arial, serif;color: #000000;font-size: small\"><br \/>\n<\/span><\/p>\n<p align=\"LEFT\"><span style=\"font-size: small\"><span style=\"color: #000000\"><span style=\"font-family: Arial, serif\"><span style=\"text-decoration: underline\">\u00c1reas de interesse<\/span><\/span><\/span><span style=\"color: #000000\"><span style=\"font-family: Arial, serif\">:<\/span><\/span><span style=\"color: #000000\"><span style=\"font-family: Arial, serif\">institui\u00e7\u00f5es pol\u00edticas; democracia e desempenho econ\u00f4mico;\u00a0<\/span><\/span><\/span><span style=\"font-family: Arial, serif;font-size: small;color: #000000\">sistemas partid\u00e1rios e comportamento eleitoral; Teoria de Escolha\u00a0<\/span><span style=\"font-family: Arial, serif;font-size: small;color: #000000\">Racional; pol\u00edtica local, pol\u00edtica latino americana; pol\u00edtica comparada,\u00a0<\/span><span style=\"font-family: Arial, serif;font-size: small;color: #000000\">rela\u00e7\u00f5es internacionais.<\/span><\/p>\n<p align=\"LEFT\">===================================================================<\/p>\n<ul>\n<li><strong><a title=\"Curr\u00edculo Lattes\" href=\"http:\/\/lattes.cnpq.br\/7314560006490742\" target=\"_blank\" rel=\"noopener\">Prof. Lacir Jorge Soares<\/a> \u00a0<\/strong> <em>\u00a0<\/em> &#8211; \u00a0 \u00a0<em>lacir@uenf.br<\/em><\/li>\n<\/ul>\n<p><span style=\"color: #000000;font-size: small;font-family: Georgia, serif\">Professor Associado<\/span><br \/>\n<span style=\"color: #000000;font-size: small;font-family: Georgia, serif\">Doutorado em Engenharia El\u00e9trica \/ PUC-RJ<\/span><\/p>\n<p>\u00c1reas de interesse:\u00a0Metodologias quantitativas; an\u00e1lise de s\u00e9ries temporais; modelagem estat\u00edstica; inova\u00e7\u00f5es tecnol\u00f3gicas; pesquisa operacional; t\u00e9cnicas de pesquisa.<\/p>\n<p align=\"LEFT\">===================================================================<\/p>\n<ul>\n<li><strong><a title=\"Curr\u00edculo Lattes\" href=\"http:\/\/lattes.cnpq.br\/6216116041761426\" target=\"_blank\" rel=\"noopener\">Prof\u00aa. Luciane Soares da Silva<\/a><\/strong>\u00a0 \u00a0\u00a0 \u00a0&#8211; \u00a0 \u00a0 <em>lucianesoares@uenf<\/em><\/li>\n<\/ul>\n<p><span style=\"font-family: Arial, serif;color: #000000;font-size: small\">Professor Associado<\/span><br \/>\n<span style=\"color: #000000\"><span style=\"font-family: Arial, serif\">Doutorado em\u00a0<\/span><\/span><span style=\"color: #000000\"><span style=\"font-family: Arial, serif\">Sociologia e Antropologia<\/span><\/span><span style=\"color: #000000\"><span style=\"font-family: Arial, serif\"> \/ <\/span><\/span><span style=\"color: #000000\"><span style=\"font-family: Arial, serif\">UFRJ<\/span><\/span><span style=\"font-family: Arial, serif;color: #000000;font-size: small\"><br \/>\n<\/span><\/p>\n<p align=\"LEFT\"><span style=\"font-size: small\"><span style=\"color: #000000\"><span style=\"font-family: Arial, serif\"><span style=\"text-decoration: underline\">\u00c1reas de interesse<\/span><\/span><\/span><span style=\"color: #000000\"><span style=\"font-family: Arial, serif\">: R<\/span><\/span><span style=\"color: #000000\">acismo, pensamento social brasileiro e cultura urbana\u00a0<\/span><\/span><span style=\"font-size: small;color: #000000\">contempor\u00e2nea.<\/span><\/p>\n<p align=\"LEFT\">===================================================================<\/p>\n<ul>\n<li><strong><a title=\"Curr\u00edculo Lattes\" href=\"http:\/\/lattes.cnpq.br\/4676437210734787\" target=\"_blank\" rel=\"noopener\">Prof. Vitor de Moraes Peixoto<\/a><\/strong><strong> \u00a0\u00a0<\/strong>\u00a0 &#8211;\u00a0 \u00a0 <em>vpeixoto@uenf.br<\/em><\/li>\n<\/ul>\n<p><span style=\"font-family: Arial, serif;color: #000000;font-size: small\">Professor Associado<\/span><br \/>\n<span style=\"color: #000000\"><span style=\"font-family: Arial, serif\">Doutorado em Ci\u00eancia Pol\u00edtica <\/span><\/span><span style=\"color: #000000\"><span style=\"font-family: Arial, serif\"> \/ IUPERJ<\/span><\/span><\/p>\n<p align=\"LEFT\"><span style=\"font-size: small\"><span style=\"color: #000000\"><span style=\"font-family: Arial, serif\"><span style=\"text-decoration: underline\">\u00c1reas de interesse<\/span><\/span><\/span><span style=\"color: #000000\"><span style=\"font-family: Arial, serif\">: Elei\u00e7\u00f5es; sistema pol\u00edtico; financiamentos de campanhas;\u00a0accountability, representa\u00e7\u00e3o e estudos legislativos.<\/span><\/span><\/span><\/p>\n<p align=\"LEFT\">===================================================================<\/p>\n<ul>\n<li><strong><a title=\"Curr\u00edculo Lattes\" href=\"http:\/\/lattes.cnpq.br\/6902089274071054\" target=\"_blank\" rel=\"noopener\">Prof\u00aa. Wania Am\u00e9lia Belchior Mesquita<\/a><\/strong><strong>\u00a0<\/strong><strong> \u00a0<\/strong>\u00a0 \u00a0&#8211; \u00a0 \u00a0 <em>mesquita@uenf.br<\/em><a title=\"wamesquita@yahoo.com.br\" href=\"wamesquita@yahoo.com.br\" target=\"_blank\" rel=\"noopener\"><br \/>\n<\/a><\/li>\n<\/ul>\n<p><span style=\"font-family: Arial, serif;color: #000000;font-size: small\">Professor Associado<\/span><br \/>\n<span style=\"color: #000000\"><span style=\"font-family: Arial, serif\">Doutorado em Sociologia <\/span><\/span><span style=\"color: #000000\"><span style=\"font-family: Arial, serif\"> \/ IUPERJ<\/span><\/span><\/p>\n<p align=\"LEFT\"><span style=\"font-size: small\"><span style=\"color: #000000\"><span style=\"font-family: Arial, serif\"><span style=\"text-decoration: underline\">\u00c1reas de interesse<\/span><\/span><\/span><span style=\"color: #000000\"><span style=\"font-family: Arial, serif\">: Institui\u00e7\u00f5es e pr\u00e1ticas religiosas; pobreza e inser\u00e7\u00e3o urbana<\/span><\/span><\/span><span style=\"font-family: Arial, serif;font-size: small;color: #000000\">, sociabilidade.<\/span><\/p>\n<p align=\"LEFT\">===================================================================<\/p>\n","protected":false},"excerpt":{"rendered":"<p>EFETIVOS =================================================================== Prof. Hamilton Garcia de Lima \u00a0 &#8211; \u00a0 \u00a0 \u00a0hamilton@uenf.br Professor Associado Doutorado em Hist\u00f3ria Mderna e Contempor\u00e2nea&#8230;<\/p>\n","protected":false},"author":17,"featured_media":0,"parent":0,"menu_order":0,"comment_status":"open","ping_status":"open","template":"","meta":{"footnotes":""},"class_list":["post-15","page","type-page","status-publish","hentry"],"_links":{"self":[{"href":"https:\/\/uenf.br\/cch\/lesce\/wp-json\/wp\/v2\/pages\/15","targetHints":{"allow":["GET"]}}],"collection":[{"href":"https:\/\/uenf.br\/cch\/lesce\/wp-json\/wp\/v2\/pages"}],"about":[{"href":"https:\/\/uenf.br\/cch\/lesce\/wp-json\/wp\/v2\/types\/page"}],"author":[{"embeddable":true,"href":"https:\/\/uenf.br\/cch\/lesce\/wp-json\/wp\/v2\/users\/17"}],"replies":[{"embeddable":true,"href":"https:\/\/uenf.br\/cch\/lesce\/wp-json\/wp\/v2\/comments?post=15"}],"version-history":[{"count":0,"href":"https:\/\/uenf.br\/cch\/lesce\/wp-json\/wp\/v2\/pages\/15\/revisions"}],"wp:attachment":[{"href":"https:\/\/uenf.br\/cch\/lesce\/wp-json\/wp\/v2\/media?parent=15"}],"curies":[{"name":"wp","href":"https:\/\/api.w.org\/{rel}","templated":true}]}}