{"id":18,"date":"2013-03-22T19:12:24","date_gmt":"2013-03-22T19:12:24","guid":{"rendered":"http:\/\/uenf.br\/cch\/lesce\/?page_id=18"},"modified":"2025-06-12T16:39:04","modified_gmt":"2025-06-12T16:39:04","slug":"corpo-tecnico","status":"publish","type":"page","link":"https:\/\/uenf.br\/cch\/lesce\/corpo-tecnico\/","title":{"rendered":"Corpo T\u00e9cnico"},"content":{"rendered":"<p>&nbsp;<\/p>\n<ul>\n<li><a href=\"http:\/\/buscatextual.cnpq.br\/buscatextual\/visualizacv.do?id=K4364069P6&amp;tokenCaptchar=03AOLTBLRRbsQew-Ng_ScLkLN01HN0TkccFBpzfNGzB1Rrh-ngw99_ZYl2F1RDe7DK4PI21e-1zoXwK9p1w99_wKExHGhkT4f4C0PWC2sCIKfw2Veu7q3t-SICNMMhP5UaR2aJVwqj8cA0DTvVwrCFTfWbi9xVXJyxDPvTQ74_Gm6yLiANEz8Rkqv2yjOTAm5RIQbRT5L8wgUrbjIPZpoURBp7u0C2PUUxXwuum64ZZri4k-XuFdgt2BS696c-1ustAif8fR6GsNVEoI19pB3Tr8Y4VwxRD3tCLmYeq68UNblSQfgnBJ34_XTUEkiytFlBI7nr0jmJoc2KL9ECiDRXIeTw_V-PZmQS7mQGJ4JUtJzEklofCGvsIig8EYAtnZiprouEXzfXHgts5htND1v2RZKqLo4JjAZ-DrYefsPEQZlcDQhv7clE6c1iWPjOYnFZlbuCH52lIDiy2N-EBM6Uof8NVQyZLQ5j5XLKVzQL6OF8kMDUdR9KHIiDotXXnSgRyWnJG_WIDBA5\"><strong>Paulo S\u00e9rgio Belchior Mesquita<\/strong><\/a> \u00a0\u00a0&#8211; \u00a0 <i>pames@uenf.br<\/i><\/li>\n<\/ul>\n<p><span style=\"color: #000000;font-family: Arial, serif;font-size: small\">T\u00e9cnico de N\u00edvel Superior em Estat\u00edstica e Pesquisa Operacional<br \/>\nMestrado em Engenharia de Produ\u00e7\u00e3o \/ UENF<br \/>\n<em id=\"__mceDel\"><em id=\"__mceDel\">Gradua\u00e7\u00e3o em Estat\u00edstica \/ UERJ<\/em><\/em><\/span><\/p>\n<p>\u00c1reas de Interesse: Indicadores Socioecon\u00f4micos; Estat\u00edstica Multivariada.<\/p>\n<p>&nbsp;<\/p>\n","protected":false},"excerpt":{"rendered":"<p>&nbsp; Paulo S\u00e9rgio Belchior Mesquita \u00a0\u00a0&#8211; \u00a0 pames@uenf.br T\u00e9cnico de N\u00edvel Superior em Estat\u00edstica e Pesquisa Operacional Mestrado em Engenharia&#8230;<\/p>\n","protected":false},"author":17,"featured_media":0,"parent":0,"menu_order":3,"comment_status":"open","ping_status":"open","template":"","meta":{"footnotes":""},"class_list":["post-18","page","type-page","status-publish","hentry"],"_links":{"self":[{"href":"https:\/\/uenf.br\/cch\/lesce\/wp-json\/wp\/v2\/pages\/18","targetHints":{"allow":["GET"]}}],"collection":[{"href":"https:\/\/uenf.br\/cch\/lesce\/wp-json\/wp\/v2\/pages"}],"about":[{"href":"https:\/\/uenf.br\/cch\/lesce\/wp-json\/wp\/v2\/types\/page"}],"author":[{"embeddable":true,"href":"https:\/\/uenf.br\/cch\/lesce\/wp-json\/wp\/v2\/users\/17"}],"replies":[{"embeddable":true,"href":"https:\/\/uenf.br\/cch\/lesce\/wp-json\/wp\/v2\/comments?post=18"}],"version-history":[{"count":0,"href":"https:\/\/uenf.br\/cch\/lesce\/wp-json\/wp\/v2\/pages\/18\/revisions"}],"wp:attachment":[{"href":"https:\/\/uenf.br\/cch\/lesce\/wp-json\/wp\/v2\/media?parent=18"}],"curies":[{"name":"wp","href":"https:\/\/api.w.org\/{rel}","templated":true}]}}