{"id":302,"date":"2013-06-03T15:28:20","date_gmt":"2013-06-03T15:28:20","guid":{"rendered":"http:\/\/uenf.br\/cch\/lesce\/?page_id=302"},"modified":"2024-03-26T11:56:07","modified_gmt":"2024-03-26T11:56:07","slug":"anuario-estatistico-do-estado-do-rio-de-janeiro","status":"publish","type":"page","link":"https:\/\/uenf.br\/cch\/lesce\/indicadores-sociais\/anuario-estatistico-do-estado-do-rio-de-janeiro\/","title":{"rendered":"Anu\u00e1rios Estat\u00edsticos"},"content":{"rendered":"<p><a href=\"http:\/\/www.dadosefatos.turismo.gov.br\/estat%C3%ADsticas-e-indicadores.html\">Acidentes de Trabalho<\/a><\/p>\n<p><a href=\"https:\/\/biblioteca.ibge.gov.br\/biblioteca-catalogo?id=720&amp;view=detalhes\">Anu\u00e1rio Estat\u00edstico do Brasil<\/a><\/p>\n<p><a href=\"https:\/\/www.epe.gov.br\/pt\/publicacoes-dados-abertos\/publicacoes\/atlas-de-eficiencia-energetica-brasil-2023\">Energia El\u00e9trica<\/a><\/p>\n<p><a href=\"http:\/\/www.dadosefatos.turismo.gov.br\/estat%C3%ADsticas-e-indicadores.html\">Turismo<\/a><\/p>\n","protected":false},"excerpt":{"rendered":"<p>Acidentes de Trabalho Anu\u00e1rio Estat\u00edstico do Brasil Energia El\u00e9trica Turismo<\/p>\n","protected":false},"author":17,"featured_media":0,"parent":268,"menu_order":9,"comment_status":"open","ping_status":"open","template":"","meta":{"footnotes":""},"class_list":["post-302","page","type-page","status-publish","hentry"],"_links":{"self":[{"href":"https:\/\/uenf.br\/cch\/lesce\/wp-json\/wp\/v2\/pages\/302","targetHints":{"allow":["GET"]}}],"collection":[{"href":"https:\/\/uenf.br\/cch\/lesce\/wp-json\/wp\/v2\/pages"}],"about":[{"href":"https:\/\/uenf.br\/cch\/lesce\/wp-json\/wp\/v2\/types\/page"}],"author":[{"embeddable":true,"href":"https:\/\/uenf.br\/cch\/lesce\/wp-json\/wp\/v2\/users\/17"}],"replies":[{"embeddable":true,"href":"https:\/\/uenf.br\/cch\/lesce\/wp-json\/wp\/v2\/comments?post=302"}],"version-history":[{"count":0,"href":"https:\/\/uenf.br\/cch\/lesce\/wp-json\/wp\/v2\/pages\/302\/revisions"}],"up":[{"embeddable":true,"href":"https:\/\/uenf.br\/cch\/lesce\/wp-json\/wp\/v2\/pages\/268"}],"wp:attachment":[{"href":"https:\/\/uenf.br\/cch\/lesce\/wp-json\/wp\/v2\/media?parent=302"}],"curies":[{"name":"wp","href":"https:\/\/api.w.org\/{rel}","templated":true}]}}