{"id":186,"date":"2023-04-14T14:47:16","date_gmt":"2023-04-14T14:47:16","guid":{"rendered":"https:\/\/uenf.br\/cch\/lgpp\/?page_id=186"},"modified":"2023-04-14T14:47:25","modified_gmt":"2023-04-14T14:47:25","slug":"criacao-do-lgpp","status":"publish","type":"page","link":"https:\/\/uenf.br\/cch\/lgpp\/apresentacao\/criacao-do-lgpp\/","title":{"rendered":"Cria\u00e7\u00e3o do LGPP"},"content":{"rendered":"<p><a href=\"https:\/\/uenf.br\/cch\/lgpp\/files\/2023\/04\/Capitulo_LGPP.CCH_Livro_Uenf_30_anos-1.pdf\"> O papel do Laborat\u00f3rio de Gest\u00e3o e Pol\u00edticas P\u00fablicas\u00a0nos desafios do desenvolvimento regional e da gest\u00e3o p\u00fablica<\/a><\/p>\n","protected":false},"excerpt":{"rendered":"<p>O papel do Laborat\u00f3rio de Gest\u00e3o e Pol\u00edticas P\u00fablicas\u00a0nos desafios do desenvolvimento regional e da gest\u00e3o p\u00fablica<\/p>\n","protected":false},"author":16,"featured_media":0,"parent":2,"menu_order":0,"comment_status":"closed","ping_status":"closed","template":"","meta":{"footnotes":""},"class_list":["post-186","page","type-page","status-publish","hentry"],"_links":{"self":[{"href":"https:\/\/uenf.br\/cch\/lgpp\/wp-json\/wp\/v2\/pages\/186","targetHints":{"allow":["GET"]}}],"collection":[{"href":"https:\/\/uenf.br\/cch\/lgpp\/wp-json\/wp\/v2\/pages"}],"about":[{"href":"https:\/\/uenf.br\/cch\/lgpp\/wp-json\/wp\/v2\/types\/page"}],"author":[{"embeddable":true,"href":"https:\/\/uenf.br\/cch\/lgpp\/wp-json\/wp\/v2\/users\/16"}],"replies":[{"embeddable":true,"href":"https:\/\/uenf.br\/cch\/lgpp\/wp-json\/wp\/v2\/comments?post=186"}],"version-history":[{"count":0,"href":"https:\/\/uenf.br\/cch\/lgpp\/wp-json\/wp\/v2\/pages\/186\/revisions"}],"up":[{"embeddable":true,"href":"https:\/\/uenf.br\/cch\/lgpp\/wp-json\/wp\/v2\/pages\/2"}],"wp:attachment":[{"href":"https:\/\/uenf.br\/cch\/lgpp\/wp-json\/wp\/v2\/media?parent=186"}],"curies":[{"name":"wp","href":"https:\/\/api.w.org\/{rel}","templated":true}]}}