{"id":46,"date":"2015-05-20T12:34:34","date_gmt":"2015-05-20T12:34:34","guid":{"rendered":"http:\/\/uenf.br\/cch\/officinacultural\/?page_id=46"},"modified":"2015-05-20T14:48:51","modified_gmt":"2015-05-20T14:48:51","slug":"etno-historia-e-etno-arqueologia-dos-povos-indigenas-na-bacia-inferior-do-rio-paraiba-do-sul","status":"publish","type":"page","link":"https:\/\/uenf.br\/cch\/officinacultural\/linhas-de-pesquisa\/etno-historia-e-etno-arqueologia-dos-povos-indigenas-na-bacia-inferior-do-rio-paraiba-do-sul\/","title":{"rendered":"Etno-hist\u00f3ria e etno-arqueologia dos povos ind\u00edgenas na bacia inferior do rio Para\u00edba do Sul"},"content":{"rendered":"<p><strong>Objetivo:<\/strong> Buscar compreender, com base nos dados provenientes da pesquisa hist\u00f3rica e da arqueologia,a presen\u00e7a e mobilidade dos povos ind\u00edgenas na bacia inferior do Rio Para\u00edba do Sul. Aprofundar nosso conhecimento sobre a tradi\u00e7\u00e3o Una e Tupiguarani na regi\u00e3o. Examinar as transforma\u00e7\u00f5es espaciais e ambientais \u00e0 partir do processo de coloniza\u00e7\u00e3o nesta regi\u00e3o, tendo em conta os preceitos de Paisagem Cultural. Colaborar nos estudos e an\u00e1lises f\u00edsico-qu\u00edmica do material cer\u00e2mico da regi\u00e3o.<\/p>\n","protected":false},"excerpt":{"rendered":"<p>Objetivo: Buscar compreender, com base nos dados provenientes da pesquisa hist\u00f3rica e da arqueologia,a presen\u00e7a e mobilidade dos povos ind\u00edgenas&#8230;<\/p>\n","protected":false},"author":19,"featured_media":0,"parent":32,"menu_order":0,"comment_status":"closed","ping_status":"closed","template":"","meta":{"footnotes":""},"class_list":["post-46","page","type-page","status-publish","hentry"],"_links":{"self":[{"href":"https:\/\/uenf.br\/cch\/officinacultural\/wp-json\/wp\/v2\/pages\/46","targetHints":{"allow":["GET"]}}],"collection":[{"href":"https:\/\/uenf.br\/cch\/officinacultural\/wp-json\/wp\/v2\/pages"}],"about":[{"href":"https:\/\/uenf.br\/cch\/officinacultural\/wp-json\/wp\/v2\/types\/page"}],"author":[{"embeddable":true,"href":"https:\/\/uenf.br\/cch\/officinacultural\/wp-json\/wp\/v2\/users\/19"}],"replies":[{"embeddable":true,"href":"https:\/\/uenf.br\/cch\/officinacultural\/wp-json\/wp\/v2\/comments?post=46"}],"version-history":[{"count":0,"href":"https:\/\/uenf.br\/cch\/officinacultural\/wp-json\/wp\/v2\/pages\/46\/revisions"}],"up":[{"embeddable":true,"href":"https:\/\/uenf.br\/cch\/officinacultural\/wp-json\/wp\/v2\/pages\/32"}],"wp:attachment":[{"href":"https:\/\/uenf.br\/cch\/officinacultural\/wp-json\/wp\/v2\/media?parent=46"}],"curies":[{"name":"wp","href":"https:\/\/api.w.org\/{rel}","templated":true}]}}