{"id":18,"date":"2019-10-08T13:38:01","date_gmt":"2019-10-08T13:38:01","guid":{"rendered":"http:\/\/uenf.br\/cct\/lamav\/?page_id=18"},"modified":"2025-11-19T14:38:08","modified_gmt":"2025-11-19T14:38:08","slug":"pos-graduacao","status":"publish","type":"page","link":"https:\/\/uenf.br\/cct\/lamav\/cursos\/pos-graduacao\/","title":{"rendered":"P\u00f3s-Gradua\u00e7\u00e3o"},"content":{"rendered":"<p><strong>Mestrado e Doutorado em Engenharia e Ci\u00eancia dos Materiais<\/strong><\/p>\n<p>&nbsp;<\/p>\n<p>INFORMA\u00c7\u00d5ES GERAIS<\/p>\n<p>Coordenador: Prof. Carlos Mauricio Fontes Vieira<\/p>\n<p>telefone: (22) 2739.7244<\/p>\n<p>Secret\u00e1rio: TNM Lucas (22) 2739.7822.<\/p>\n<p>Maiores informa\u00e7\u00f5es, acessar o site do curso na p\u00e1gina da\u00a0UENF.<\/p>\n<p>ou<\/p>\n<p>Link para Curso de P\u00f3s<a href=\"https:\/\/uenf.br\/posgraduacao\/engenharia-de-materiais\/\">https:\/\/uenf.br\/posgraduacao\/engenharia-de-materiais\/<\/a><\/p>\n","protected":false},"excerpt":{"rendered":"<p>Mestrado e Doutorado em Engenharia e Ci\u00eancia dos Materiais &nbsp; INFORMA\u00c7\u00d5ES GERAIS Coordenador: Prof. Carlos Mauricio Fontes Vieira telefone: (22)&#8230;<\/p>\n","protected":false},"author":26,"featured_media":0,"parent":14,"menu_order":2,"comment_status":"closed","ping_status":"closed","template":"","meta":{"footnotes":""},"class_list":["post-18","page","type-page","status-publish","hentry"],"_links":{"self":[{"href":"https:\/\/uenf.br\/cct\/lamav\/wp-json\/wp\/v2\/pages\/18","targetHints":{"allow":["GET"]}}],"collection":[{"href":"https:\/\/uenf.br\/cct\/lamav\/wp-json\/wp\/v2\/pages"}],"about":[{"href":"https:\/\/uenf.br\/cct\/lamav\/wp-json\/wp\/v2\/types\/page"}],"author":[{"embeddable":true,"href":"https:\/\/uenf.br\/cct\/lamav\/wp-json\/wp\/v2\/users\/26"}],"replies":[{"embeddable":true,"href":"https:\/\/uenf.br\/cct\/lamav\/wp-json\/wp\/v2\/comments?post=18"}],"version-history":[{"count":0,"href":"https:\/\/uenf.br\/cct\/lamav\/wp-json\/wp\/v2\/pages\/18\/revisions"}],"up":[{"embeddable":true,"href":"https:\/\/uenf.br\/cct\/lamav\/wp-json\/wp\/v2\/pages\/14"}],"wp:attachment":[{"href":"https:\/\/uenf.br\/cct\/lamav\/wp-json\/wp\/v2\/media?parent=18"}],"curies":[{"name":"wp","href":"https:\/\/api.w.org\/{rel}","templated":true}]}}