{"id":225,"date":"2020-03-05T18:22:57","date_gmt":"2020-03-05T18:22:57","guid":{"rendered":"http:\/\/uenf.br\/cct\/lamav\/?page_id=225"},"modified":"2020-03-05T18:30:04","modified_gmt":"2020-03-05T18:30:04","slug":"formularios","status":"publish","type":"page","link":"https:\/\/uenf.br\/cct\/lamav\/formularios\/","title":{"rendered":"Formul\u00e1rios"},"content":{"rendered":"<p><a href=\"http:\/\/uenf.br\/cct\/lamav\/files\/2020\/03\/Requisi\u00e7\u00e3o-de-Chave-Geral-do-LAMAV.doc\">Requisi\u00e7\u00e3o de Chave &#8211; Geral do LAMAV<\/a><\/p>\n<p><a href=\"http:\/\/uenf.br\/cct\/lamav\/files\/2020\/03\/Requisi\u00e7\u00e3o-de-chave-Porta-Principal-do-lamav.doc\">Requisi\u00e7\u00e3o de chave &#8211; Porta Principal do lamav<\/a><\/p>\n<p><a href=\"http:\/\/uenf.br\/cct\/lamav\/files\/2020\/03\/Guia-de-Remessa-Modelo.doc\">Guia de Remessa &#8211; Modelo<\/a><\/p>\n","protected":false},"excerpt":{"rendered":"<p>Requisi\u00e7\u00e3o de Chave &#8211; Geral do LAMAV Requisi\u00e7\u00e3o de chave &#8211; Porta Principal do lamav Guia de Remessa &#8211; Modelo<\/p>\n","protected":false},"author":26,"featured_media":0,"parent":0,"menu_order":5,"comment_status":"closed","ping_status":"closed","template":"","meta":{"footnotes":""},"class_list":["post-225","page","type-page","status-publish","hentry"],"_links":{"self":[{"href":"https:\/\/uenf.br\/cct\/lamav\/wp-json\/wp\/v2\/pages\/225","targetHints":{"allow":["GET"]}}],"collection":[{"href":"https:\/\/uenf.br\/cct\/lamav\/wp-json\/wp\/v2\/pages"}],"about":[{"href":"https:\/\/uenf.br\/cct\/lamav\/wp-json\/wp\/v2\/types\/page"}],"author":[{"embeddable":true,"href":"https:\/\/uenf.br\/cct\/lamav\/wp-json\/wp\/v2\/users\/26"}],"replies":[{"embeddable":true,"href":"https:\/\/uenf.br\/cct\/lamav\/wp-json\/wp\/v2\/comments?post=225"}],"version-history":[{"count":0,"href":"https:\/\/uenf.br\/cct\/lamav\/wp-json\/wp\/v2\/pages\/225\/revisions"}],"wp:attachment":[{"href":"https:\/\/uenf.br\/cct\/lamav\/wp-json\/wp\/v2\/media?parent=225"}],"curies":[{"name":"wp","href":"https:\/\/api.w.org\/{rel}","templated":true}]}}