{"id":2,"date":"2019-02-25T11:10:59","date_gmt":"2019-02-25T14:10:59","guid":{"rendered":"http:\/\/uenf.br\/cct\/lcmat\/?page_id=2"},"modified":"2023-10-29T15:18:15","modified_gmt":"2023-10-29T18:18:15","slug":"apresentacao","status":"publish","type":"page","link":"https:\/\/uenf.br\/cct\/lcmat\/","title":{"rendered":"Apresenta\u00e7\u00e3o"},"content":{"rendered":"<p style=\"margin: 0cm;margin-bottom: .0001pt;text-align: justify;background: white\"><span style=\"font-size: 10.0pt;font-family: 'Verdana',sans-serif;color: black;background: white\">O Laborat\u00f3rio de Ci\u00eancias Matem\u00e1ticas (LCMAT) \u00e9 a unidade administrativa do Centro de Ci\u00eancia e Tecnologia (CCT) respons\u00e1vel pelas atividades de pesquisa, ensino e extens\u00e3o em Matem\u00e1tica e Computa\u00e7\u00e3o na Universidade Estadual do Norte Fluminense Darcy Ribeiro.<\/span><\/p>\n<p style=\"margin: 0cm;margin-bottom: .0001pt;text-align: justify;background: white\"><span style=\"font-size: 10.0pt;font-family: 'Verdana',sans-serif;color: black;background: white\">As disciplinas ofertadas pelo LCMAT integram os curr\u00edculos da maioria dos cursos de gradua\u00e7\u00e3o da UENF.\u00a0<\/span><span style=\"font-size: 10.0pt;font-family: 'Verdana',sans-serif;color: black;background: white\">Al\u00e9m disso, o LCMAT mant\u00e9m dois cursos de gradua\u00e7\u00e3o e um programa de p\u00f3s-gradua\u00e7\u00e3o stricto sensu. S\u00e3o eles:<\/span><\/p>\n<ol>\n<li style=\"text-align: justify;background: white\"><span style=\"font-size: 10.0pt;font-family: 'Verdana',sans-serif;color: black;background: white\"> <em><a href=\"https:\/\/uenf.br\/posgraduacao\/licenciatura-matematica\/\" target=\"_blank\" rel=\"noopener\">Licenciatura em Matem\u00e1tica<\/a>.<\/em><\/span><\/li>\n<li style=\"text-align: justify;background: white\"><span style=\"font-size: 10.0pt;font-family: 'Verdana',sans-serif;color: black;background: white\"><em><a href=\"https:\/\/cc.uenf.br\/\">Bacharelado em Ci\u00eancia da Computa\u00e7\u00e3o<\/a>;<\/em><\/span><\/li>\n<li style=\"text-align: justify;background: white\"><span style=\"font-size: 10.0pt;font-family: 'Verdana',sans-serif;color: black;background: white\"><a href=\"https:\/\/uenf.br\/posgraduacao\/matematica\/apresentacao\/\" target=\"_blank\" rel=\"noopener\">Mestrado Profissional em Matem\u00e1tica<\/a> \u2013 <a href=\"https:\/\/uenf.br\/posgraduacao\/programas\/pos-graduacao-stricto-sensu\/\">PROFMAT<\/a> \/ <a href=\"https:\/\/www.profmat-sbm.org.br\/\">SBM<\/a><\/span><\/li>\n<\/ol>\n<p>&nbsp;<\/p>\n","protected":false},"excerpt":{"rendered":"<p>O Laborat\u00f3rio de Ci\u00eancias Matem\u00e1ticas (LCMAT) \u00e9 a unidade administrativa do Centro de Ci\u00eancia e Tecnologia (CCT) respons\u00e1vel pelas atividades&#8230;<\/p>\n","protected":false},"author":23,"featured_media":0,"parent":0,"menu_order":0,"comment_status":"closed","ping_status":"closed","template":"","meta":{"footnotes":""},"class_list":["post-2","page","type-page","status-publish","hentry"],"_links":{"self":[{"href":"https:\/\/uenf.br\/cct\/lcmat\/wp-json\/wp\/v2\/pages\/2","targetHints":{"allow":["GET"]}}],"collection":[{"href":"https:\/\/uenf.br\/cct\/lcmat\/wp-json\/wp\/v2\/pages"}],"about":[{"href":"https:\/\/uenf.br\/cct\/lcmat\/wp-json\/wp\/v2\/types\/page"}],"author":[{"embeddable":true,"href":"https:\/\/uenf.br\/cct\/lcmat\/wp-json\/wp\/v2\/users\/23"}],"replies":[{"embeddable":true,"href":"https:\/\/uenf.br\/cct\/lcmat\/wp-json\/wp\/v2\/comments?post=2"}],"version-history":[{"count":0,"href":"https:\/\/uenf.br\/cct\/lcmat\/wp-json\/wp\/v2\/pages\/2\/revisions"}],"wp:attachment":[{"href":"https:\/\/uenf.br\/cct\/lcmat\/wp-json\/wp\/v2\/media?parent=2"}],"curies":[{"name":"wp","href":"https:\/\/api.w.org\/{rel}","templated":true}]}}